000
CXUS55 KBOU 031643
CF6DEN
PRELIMINARY LOCAL CLIMATOLOGICAL DATA (WS FORM: F-6)
STATION: DENVER CO
MONTH: MARCH
YEAR: 2023
LATITUDE: 39 52 N
LONGITUDE: 104 40 W
TEMPERATURE IN F: :PCPN: SNOW: WIND :SUNSHINE: SKY :PK WND
================================================================================
1 2 3 4 5 6A 6B 7 8 9 10 11 12 13 14 15 16 17 18
12Z AVG MX 2MIN
DY MAX MIN AVG DEP HDD CDD WTR SNW DPTH SPD SPD DIR MIN PSBL S-S WX SPD DR
================================================================================
1 39 20 30 -6 35 0 0.01 T 0 11.2 25 120 M M 7 1 35 120
2 44 20 32 -5 33 0 0.00 0.0 0 7.5 16 110 M M 4 1 21 100
3 47 25 36 -1 29 0 T T 0 7.7 17 80 M M 7 12 24 320
4 46 18 32 -6 33 0 0.00 0.0 0 12.7 26 190 M M 6 12 33 140
5 54 23 39 1 26 0 0.00 0.0 0 9.7 31 10 M M 3 40 10
6 40 20 30 -8 35 0 0.00 0.0 0 11.3 25 80 M M 5 33 70
7 35 24 30 -9 35 0 0.00 0.0 0 7.2 15 50 M M 9 1 19 140
8 37 26 32 -7 33 0 0.00 0.0 0 11.1 21 50 M M 10 26 50
9 53 26 40 0 25 0 0.00 0.0 0 12.9 25 330 M M 5 1 30 100
10 62 25 44 4 21 0 T T 0 10.1 24 200 M M 7 12 34 200
11 55 31 43 3 22 0 0.00 0.0 0 12.7 26 10 M M 6 36 10
12 42 20 31 -10 34 0 0.00 0.0 0 9.7 17 70 M M 6 25 50
13 55 20 38 -3 27 0 0.00 0.0 0 9.2 18 210 M M 3 24 90
14 63 32 48 7 17 0 0.00 0.0 0 9.9 17 220 M M 5 22 230
15 71 34 53 11 12 0 0.16 T M 10.7 32 20 M M 7 1 41 30
16 38 25 32 -10 33 0 0.09 1.5 2 15.4 25 30 M M 9 1 33 20
17 43 20 32 -10 33 0 0.00 0.0 0 8.6 25 10 M M 4 31 360
18 45 13 29 -14 36 0 0.00 0.0 0 8.3 17 30 M M 1 27 30
19 57 20 39 -4 26 0 0.00 0.0 0 10.7 23 300 M M 4 29 290
20 55 28 42 -1 23 0 T 0.0 0 10.9 25 170 M M 8 31 180
21 58 26 42 -2 23 0 0.00 0.0 0 9.3 36 80 M M 6 43 80
22 47 24 36 -8 29 0 T T 0 8.1 23 310 M M 7 1 29 330
23 53 22 38 -6 27 0 0.02 T 0 9.8 22 310 M M 6 128 29 330
24 52 25 39 -5 26 0 0.00 0.0 0 6.1 22 80 M M 6 1 29 80
25 37 18 28 -16 37 0 0.15 2.2 2 10.2 25 310 M M 6 12 32 300
26 40 20 30 -15 35 0 T T 0 9.9 22 120 M M 5 1 28 70
27 32 14 23 -22 42 0 0.06 1.4 1 13.7 31 320 M M 8 128 40 320
28 55 13 34 -11 31 0 0.00 0.0 T 11.4 21 100 M M 3 26 110
29 46 21 34 -11 31 0 0.00 0.0 0 7.4 20 50 M M 4 12 25 40
30 69 20 45 0 20 0 0.00 0.0 0 14.0 39 210 M M 6 128 54 220
31 52 31 42 -4 23 0 0.00 0.0 0 16.8 36 280 M M 5 7 51 290
================================================================================
SM 1522 704 892 0 0.49 5.1 324.2 M 178
================================================================================
AV 49.1 22.7 10.5 FASTST M M 6 MAX(MPH)
MISC ----> 39 210 54 220
================================================================================
NOTES:
# LAST OF SEVERAL OCCURRENCES
COLUMN 17 PEAK WIND IN M.P.H.
PRELIMINARY LOCAL CLIMATOLOGICAL DATA (WS FORM: F-6) , PAGE 2
STATION: DENVER CO
MONTH: MARCH
YEAR: 2023
LATITUDE: 39 52 N
LONGITUDE: 104 40 W
[TEMPERATURE DATA] [PRECIPITATION DATA] SYMBOLS USED IN COLUMN 16
AVERAGE MONTHLY: 35.9 TOTAL FOR MONTH: 0.49 1 = FOG OR MIST
DPTR FM NORMAL: -5.7 DPTR FM NORMAL: -0.37 2 = FOG REDUCING VISIBILITY
HIGHEST: 71 ON 15 GRTST 24HR 0.25 ON 15-16 TO 1/4 MILE OR LESS
LOWEST: 13 ON 28,18 3 = THUNDER
SNOW, ICE PELLETS, HAIL 4 = ICE PELLETS
TOTAL MONTH: 5.1 INCHES 5 = HAIL
GRTST 24HR 2.2 ON 25-25 6 = FREEZING RAIN OR DRIZZLE
GRTST DEPTH: 2 ON 25,16 7 = DUSTSTORM OR SANDSTORM:
VSBY 1/2 MILE OR LESS
8 = SMOKE OR HAZE
[NO. OF DAYS WITH] [WEATHER - DAYS WITH] 9 = BLOWING SNOW
X = TORNADO
MAX 32 OR BELOW: 1 0.01 INCH OR MORE: 6
MAX 90 OR ABOVE: 0 0.10 INCH OR MORE: 2
MIN 32 OR BELOW: 30 0.50 INCH OR MORE: 0
MIN 0 OR BELOW: 0 1.00 INCH OR MORE: 0
[HDD (BASE 65) ]
TOTAL THIS MO. 892 CLEAR (SCALE 0-3) 4
DPTR FM NORMAL 166 PTCLDY (SCALE 4-7) 22
TOTAL FM JUL 1 5432 CLOUDY (SCALE 8-10) 5
DPTR FM NORMAL 397
[CDD (BASE 65) ]
TOTAL THIS MO. 0
DPTR FM NORMAL 0 [PRESSURE DATA]
TOTAL FM JAN 1 0 HIGHEST SLP M ON M
DPTR FM NORMAL 0 LOWEST SLP 29.28 ON 30
[REMARKS]
#FINAL-03-23#