000
CXUS56 KOTX 010910
CF6DEW
PRELIMINARY LOCAL CLIMATOLOGICAL DATA (WS FORM: F-6)
STATION: DEER_PARK WA AIRPORT
MONTH: APRIL
YEAR: 2021
LATITUDE: 47 58 N
LONGITUDE: 117 25 W
TEMPERATURE IN F: :PCPN: SNOW: WIND :SUNSHINE: SKY :PK WND
================================================================================
1 2 3 4 5 6A 6B 7 8 9 10 11 12 13 14 15 16 17 18
12Z AVG MX 2MIN
DY MAX MIN AVG DEP HDD CDD WTR SNW DPTH SPD SPD DIR MIN PSBL S-S WX SPD DR
================================================================================
1 64 30 47 5 18 0 0.00 M M 5.7 22 210 M M 0 8 27 210
2 63 29 46 4 19 0 0.00 M M 7.1 21 200 M M 0 25 210
3 62 29 46 3 19 0 0.00 M M 4.0 14 200 M M 0 17 220
4 51 29 40 -3 25 0 0.02 M M 6.7 17 230 M M 8 22 160
5 57 25 41 -2 24 0 0.00 M M 4.3 14 220 M M 1 18 250
6 60 22 41 -2 24 0 0.00 M M 4.9 15 180 M M 0 8 20 190
7 57 25 41 -2 24 0 T M M 8.5 23 230 M M 4 30 220
8 52 25 39 -5 26 0 0.01 M M 8.5 22 240 M M 6 35 240
9 55 23 39 -5 26 0 0.00 M M 9.2 24 210 M M 4 29 200
10 49 20 35 -9 30 0 T M M 11.4 29 320 M M 4 38 320
11 50 15 33 -11 32 0 0.00 M M 2.6 10 160 M M 0 16 200
12 54 16 35 -9 30 0 0.00 M M 8.8 22 40 M M 3 26 30
13 56 36 46 2 19 0 0.00 M M 14.8 25 40 M M 0 35 50
14 67 29 48 4 17 0 0.00 M M 14.1 28 40 M M 0 40 30
15 69 34 52 7 13 0 0.00 M M 7.3 20 30 M M 0 27 40
16 71 28 50 5 15 0 0.00 M M 5.0 18 60 M M 0 23 60
17 74 26 50 5 15 0 0.00 M M 4.4 14 230 M M 0 19 220
18 76 33 55 10 10 0 T M M 10.2 38 50 M M 2 3 49 50
19 57 28 43 -2 22 0 0.00 M M 9.8 26 40 M M 0 34 50
20 62 25 44 -2 21 0 0.00 M M 5.1 17 40 M M 0 25 50
21 68 23 46 0 19 0 0.00 M M 5.8 15 230 M M 1 20 220
22 66 40 53 7 12 0 T M M 7.7 28 270 M M 5 35 270
23 62 38 50 4 15 0 0.00 M M 5.8 14 240 M M 2 8 22 260
24 52 39 46 0 19 0 0.23 M M 5.8 16 190 M M 9 1 19 180
25 57 33 45 -2 20 0 T M M 8.0 20 190 M M 8 28 210
26 60 27 44 -3 21 0 0.00 M M 4.2 17 250 M M 3 1 21 250
27 64 28 46 -1 19 0 0.00 M M 8.6 21 230 M M 1 27 250
28 69 31 50 3 15 0 0.00 M M 6.5 17 220 M M 2 8 22 210
29 77 44 61 13 4 0 0.00 M M 4.7 20 200 M M 1 30 200
30 72 42 57 9 8 0 0.00 M M 9.4 24 210 M M 3 30 210
================================================================================
SM 1853 872 581 0 0.26 M 218.9 M 67
================================================================================
AV 61.8 29.1 7.3 FASTST M M 2 MAX(MPH)
MISC ----> 38 50 49 50
================================================================================
NOTES:
# LAST OF SEVERAL OCCURRENCES
COLUMN 17 PEAK WIND IN M.P.H.
PRELIMINARY LOCAL CLIMATOLOGICAL DATA (WS FORM: F-6) , PAGE 2
STATION: DEER_PARK WA AIRPORT
MONTH: APRIL
YEAR: 2021
LATITUDE: 47 58 N
LONGITUDE: 117 25 W
[TEMPERATURE DATA] [PRECIPITATION DATA] SYMBOLS USED IN COLUMN 16
AVERAGE MONTHLY: 45.4 TOTAL FOR MONTH: 0.26 1 = FOG OR MIST
DPTR FM NORMAL: 0.5 DPTR FM NORMAL: -1.32 2 = FOG REDUCING VISIBILITY
HIGHEST: 77 ON 29 GRTST 24HR 0.23 ON 24-24 TO 1/4 MILE OR LESS
LOWEST: 15 ON 11 3 = THUNDER
SNOW, ICE PELLETS, HAIL 4 = ICE PELLETS
TOTAL MONTH: M 5 = HAIL
GRTST 24HR M ON M 6 = FREEZING RAIN OR DRIZZLE
GRTST DEPTH: M ON M 7 = DUSTSTORM OR SANDSTORM:
VSBY 1/2 MILE OR LESS
8 = SMOKE OR HAZE
[NO. OF DAYS WITH] [WEATHER - DAYS WITH] 9 = BLOWING SNOW
X = TORNADO
MAX 32 OR BELOW: 0 0.01 INCH OR MORE: 3
MAX 90 OR ABOVE: 0 0.10 INCH OR MORE: 1
MIN 32 OR BELOW: 21 0.50 INCH OR MORE: 0
MIN 0 OR BELOW: 0 1.00 INCH OR MORE: 0
[HDD (BASE 65) ]
TOTAL THIS MO. 581 CLEAR (SCALE 0-3) 21
DPTR FM NORMAL -23 PTCLDY (SCALE 4-7) 7
TOTAL FM JUL 1 6309 CLOUDY (SCALE 8-10) 2
DPTR FM NORMAL -503
[CDD (BASE 65) ]
TOTAL THIS MO. 0
DPTR FM NORMAL 0 [PRESSURE DATA]
TOTAL FM JAN 1 0 HIGHEST SLP M ON M
DPTR FM NORMAL 0 LOWEST SLP 29.63 ON 25
[REMARKS]
#FINAL-04-21#