000
CXUS54 KFWD 010730
CF6DFW
PRELIMINARY LOCAL CLIMATOLOGICAL DATA (WS FORM: F-6)
STATION: DALLAS/FORT WORTH
MONTH: OCTOBER
YEAR: 2021
LATITUDE: 32 54 N
LONGITUDE: 97 2 W
TEMPERATURE IN F: :PCPN: SNOW: WIND :SUNSHINE: SKY :PK WND
================================================================================
1 2 3 4 5 6A 6B 7 8 9 10 11 12 13 14 15 16 17 18
12Z AVG MX 2MIN
DY MAX MIN AVG DEP HDD CDD WTR SNW DPTH SPD SPD DIR MIN PSBL S-S WX SPD DR
================================================================================
1 78 67 73 0 0 8 0.50 0.0 0 4.5 17 140 M M 8 1 22 150
2 86 69 78 5 0 13 0.08 0.0 0 6.1 16 200 M M 6 1 21 200
3 87 64 76 3 0 11 0.00 0.0 0 5.7 17 330 M M 3 8 24 330
4 88 61 75 3 0 10 0.00 0.0 0 7.8 21 20 M M 1 27 20
5 87 61 74 2 0 9 0.00 0.0 0 8.0 14 360 M M 1 19 10
6 88 61 75 3 0 10 0.00 0.0 0 3.2 9 30 M M 1 15 10
7 92 62 77 6 0 12 0.00 0.0 0 7.7 17 200 M M 2 8 24 180
8 93 69 81 10 0 16 0.00 0.0 0 14.4 24 190 M M 4 30 180
9 92 68 80 10 0 15 0.00 0.0 0 14.5 23 200 M M 4 29 190
10 92 63 78 8 0 13 0.77 0.0 0 19.0 47 270 M M 6 123 70 260
11 83 62 73 3 0 8 0.00 0.0 0 6.3 20 280 M M 1 30 250
12 84 62 73 4 0 8 T 0.0 0 12.6 25 170 M M 8 34 180
13 88 65 77 8 0 12 0.85 0.0 0 14.3 29 180 M M 10 13 41 170
14 83 67 75 6 0 10 0.01 0.0 0 6.6 23 120 M M 7 1 30 110
15 76 57 67 -1 0 2 0.00 0.0 0 13.1 26 340 M M 3 34 350
16 74 51 63 -5 2 0 0.00 0.0 0 7.7 16 20 M M 1 23 30
17 74 47 61 -6 4 0 0.00 0.0 0 3.9 10 170 M M 5 8 15 120
18 76 51 64 -3 1 0 0.00 0.0 0 6.9 18 150 M M 4 25 200
19 81 59 70 3 0 5 0.00 0.0 0 11.6 22 160 M M 5 28 140
20 83 67 75 9 0 10 0.00 0.0 0 9.5 20 180 M M 7 26 190
21 84 64 74 8 0 9 0.00 0.0 0 7.4 14 30 M M 3 19 30
22 85 58 72 7 0 7 0.00 0.0 0 7.0 14 160 M M 2 19 170
23 86 67 77 12 0 12 0.00 0.0 0 15.0 25 170 M M 3 34 170
24 86 68 77 12 0 12 0.00 0.0 0 15.1 26 200 M M 6 3 34 170
25 87 62 75 11 0 10 0.00 0.0 0 5.9 13 120 M M 1 19 100
26 87 67 77 13 0 12 0.00 0.0 0 14.8 30 170 M M 6 1 43 170
27 78 60 69 5 0 4 0.75 0.0 0 13.8 33 290 M M 6 13 46 290
28 73 59 66 3 0 1 0.00 0.0 0 24.2 43 320 M M 1 60 310
29 72 52 62 -1 3 0 0.00 0.0 0 19.9 35 330 M M 0 46 320
30 75 45 60 -2 5 0 0.00 0.0 0 4.3 10 310 M M 0 14 320
31 80 50 65 3 0 0 0.00 0.0 0 6.6 14 110 M M 0 21 90
================================================================================
SM 2578 1885 15 239 2.96 0.0 317.4 M 115
================================================================================
AV 83.2 60.8 10.2 FASTST M M 4 MAX(MPH)
MISC ----> 47 270 70 260
================================================================================
NOTES:
# LAST OF SEVERAL OCCURRENCES
COLUMN 17 PEAK WIND IN M.P.H.
PRELIMINARY LOCAL CLIMATOLOGICAL DATA (WS FORM: F-6) , PAGE 2
STATION: DALLAS/FORT WORTH
MONTH: OCTOBER
YEAR: 2021
LATITUDE: 32 54 N
LONGITUDE: 97 2 W
[TEMPERATURE DATA] [PRECIPITATION DATA] SYMBOLS USED IN COLUMN 16
AVERAGE MONTHLY: 72.0 TOTAL FOR MONTH: 2.96 1 = FOG OR MIST
DPTR FM NORMAL: 4.3 DPTR FM NORMAL: -1.41 2 = FOG REDUCING VISIBILITY
HIGHEST: 93 ON 8 GRTST 24HR 0.86 ON 13-14 TO 1/4 MILE OR LESS
LOWEST: 45 ON 30 3 = THUNDER
SNOW, ICE PELLETS, HAIL 4 = ICE PELLETS
TOTAL MONTH: 0.0 INCH 5 = HAIL
GRTST 24HR 0.0 6 = FREEZING RAIN OR DRIZZLE
GRTST DEPTH: 0 7 = DUSTSTORM OR SANDSTORM:
VSBY 1/2 MILE OR LESS
8 = SMOKE OR HAZE
[NO. OF DAYS WITH] [WEATHER - DAYS WITH] 9 = BLOWING SNOW
X = TORNADO
MAX 32 OR BELOW: 0 0.01 INCH OR MORE: 6
MAX 90 OR ABOVE: 4 0.10 INCH OR MORE: 4
MIN 32 OR BELOW: 0 0.50 INCH OR MORE: 4
MIN 0 OR BELOW: 0 1.00 INCH OR MORE: 0
[HDD (BASE 65) ]
TOTAL THIS MO. 15 CLEAR (SCALE 0-3) 16
DPTR FM NORMAL -54 PTCLDY (SCALE 4-7) 12
TOTAL FM JUL 1 15 CLOUDY (SCALE 8-10) 3
DPTR FM NORMAL -57
[CDD (BASE 65) ]
TOTAL THIS MO. 239
DPTR FM NORMAL 85 [PRESSURE DATA]
TOTAL FM JAN 1 2844 HIGHEST SLP M ON M
DPTR FM NORMAL 52 LOWEST SLP 29.48 ON 10
[REMARKS]
#FINAL-10-21#