000
CXUS55 KCYS 011051
CF6DGW
PRELIMINARY LOCAL CLIMATOLOGICAL DATA (WS FORM: F-6) ...CORRECTED...
STATION: CONVERSE CO (DOUGLAS) WY ARPT
MONTH: OCTOBER
YEAR: 2020
LATITUDE: 42 46 N
LONGITUDE: 105 22 W
TEMPERATURE IN F: :PCPN: SNOW: WIND :SUNSHINE: SKY :PK WND
================================================================================
1 2 3 4 5 6A 6B 7 8 9 10 11 12 13 14 15 16 17 18
12Z AVG MX 2MIN
DY MAX MIN AVG DEP HDD CDD WTR SNW DPTH SPD SPD DIR MIN PSBL S-S WX SPD DR
================================================================================
1 67 31 49 -2 16 0 0.00 M M 5.3 17 280 M M 1 24 280
2 75 33 54 3 11 0 0.00 M M 10.0 30 10 M M 1 40 10
3 68 36 52 2 13 0 0.00 M M 6.1 18 300 M M 3 26 310
4 80 31 56 6 9 0 0.00 M M 3.5 23 280 M M 0 31 270
5 74 37 56 6 9 0 0.00 M M 7.8 22 350 M M 0 28 330
6 84 31 58 9 7 0 0.00 M M 6.9 21 290 M M 0 28 300
7 82 39 61 12 4 0 M M M 8.6 22 150 M M 0 28 150
8 85 36 61 13 4 0 0.00 M M 7.9 28 280 M M 0 37 290
9 79 39 59 11 6 0 M M M M M M M M 0 M M
10 85 40 63 15 2 0 M M M M M M M M 0 M M
11 66 30 48 1 17 0 0.10 M M M M M M M 0 M M
12 67 28 48 1 17 0 M M M M M M M M 0 M M
13 74 27 51 4 14 0 M M M M M M M M 0 M M
14 67 33 50 4 15 0 0.39 M M M 47 270 M M 0 M M
15 45 30 38 -8 27 0 0.03 M M 8.3 28 310 M M 10 1 41 320
16 65 23 44 -2 21 0 0.00 M M 12.0 35 270 M M 3 45 260
17 54 27 41 -4 24 0 0.01 M M 9.0 29 20 M M 10 1 36 360
18 37 25 31 -14 34 0 0.02 M M 12.1 23 140 M M 10 1 29 130
19 56 32 44 -1 21 0 0.02 M M 9.2 21 160 M M 7 27 170
20 50 34 42 -2 23 0 0.00 M M 10.9 22 150 M M 7 31 350
21 62 29 46 2 19 0 0.00 M M 9.7 28 40 M M 4 1 37 40
22 35 13 24 -20 41 0 0.02 M M 15.0 25 330 M M 10 12 33 340
23 28 0 14 -29 51 0 T M M 8.4 20 140 M M 2 25 150
24 32 13 23 -20 42 0 T M M 11.7 25 340 M M 9 1 32 340
25 13 -10 2 -41 63 0 T M M 9.1 20 10 M M 9 18 25 20
26 14 -15 0 -42 65 0 0.00 M M 2.8 10 180 M M 0 1 12 180
27 40 -6 17 -25 48 0 0.00 M M 2.9 8 340 M M 0 10 300
28 50 16 33 -9 32 0 0.00 M M 3.0 12 340 M M 0 14 340
29 62 21 42 1 23 0 0.00 M M 4.8 22 280 M M 0 29 280
30 67 23 45 4 20 0 0.00 M M 9.0 29 270 M M 0 42 280
31 53 25 39 -1 26 0 0.00 M M 10.6 24 330 M M 1 32 350
================================================================================
SM 1816 751 724 0 0.59 M 204.6 M 87
================================================================================
AV 58.6 24.2 8.2 FASTST M M 3 MAX(MPH)
MISC ----> # 47 270 # 45 260
================================================================================
NOTES:
# LAST OF SEVERAL OCCURRENCES
COLUMN 17 PEAK WIND IN M.P.H.
PRELIMINARY LOCAL CLIMATOLOGICAL DATA (WS FORM: F-6) , PAGE 2
STATION: CONVERSE CO (DOUGLAS) WY ARPT
MONTH: OCTOBER
YEAR: 2020
LATITUDE: 42 46 N
LONGITUDE: 105 22 W
[TEMPERATURE DATA] [PRECIPITATION DATA] SYMBOLS USED IN COLUMN 16
AVERAGE MONTHLY: 41.4 TOTAL FOR MONTH: 0.59 1 = FOG OR MIST
DPTR FM NORMAL: -4.3 DPTR FM NORMAL: -0.47 2 = FOG REDUCING VISIBILITY
HIGHEST: 85 ON 10, 8 GRTST 24HR 0.39 ON 14-14 TO 1/4 MILE OR LESS
LOWEST: -15 ON 26 3 = THUNDER
SNOW, ICE PELLETS, HAIL 4 = ICE PELLETS
TOTAL MONTH: M 5 = HAIL
GRTST 24HR M ON M 6 = FREEZING RAIN OR DRIZZLE
GRTST DEPTH: M ON M 7 = DUSTSTORM OR SANDSTORM:
VSBY 1/2 MILE OR LESS
8 = SMOKE OR HAZE
[NO. OF DAYS WITH] [WEATHER - DAYS WITH] 9 = BLOWING SNOW
X = TORNADO
MAX 32 OR BELOW: 4 0.01 INCH OR MORE: 7
MAX 90 OR ABOVE: 0 0.10 INCH OR MORE: 2
MIN 32 OR BELOW: 22 0.50 INCH OR MORE: 0
MIN 0 OR BELOW: 4 1.00 INCH OR MORE: 0
[HDD (BASE 65) ]
TOTAL THIS MO. 724 CLEAR (SCALE 0-3) 21
DPTR FM NORMAL 126 PTCLDY (SCALE 4-7) 4
TOTAL FM JUL 1 945 CLOUDY (SCALE 8-10) 6
DPTR FM NORMAL 78
[CDD (BASE 65) ]
TOTAL THIS MO. 0
DPTR FM NORMAL 0 [PRESSURE DATA]
TOTAL FM JAN 1 624 HIGHEST SLP 0.00 ON M
DPTR FM NORMAL 138 LOWEST SLP 0.00 ON M
[REMARKS]
OCTOBER 7TH...MISSING PRECIPITATION.
OCTOBER 9TH-10TH, 12TH-13TH...MISSING PRECIPITATION AND WINDS.
OCTOBER 11TH...MISSING WINDS.
OCTOBER 14TH...MISSING AVERAGE WIND AND PEAK WIND.
#FINAL-10-20#