000
CXUS54 KAMA 011520
CLMDHT
CLIMATE REPORT
NATIONAL WEATHER SERVICE AMARILLO
1020 AM CDT MON MAY 01 2023
...................................
...THE DALHART CLIMATE SUMMARY FOR THE MONTH OF APRIL 2023...
CLIMATE NORMAL PERIOD: 1991 TO 2020
CLIMATE RECORD PERIOD: 1948 TO 2023
WEATHER OBSERVED NORMAL DEPART LAST YEAR`S
VALUE DATE(S) VALUE FROM VALUE DATE(S)
NORMAL
................................................................
TEMPERATURE (F)
RECORD
HIGH 96 04/30/2013
04/25/2012
01/16/2206854
LOW 16 04/04/1979
HIGHEST 90 04/12 90 04/21
04/22
LOWEST 26 04/05 22 04/14
04/06
AVG. MAXIMUM 72.1 71.0 1.1 75.3
AVG. MINIMUM 37.6 39.0 -1.4 37.9
MEAN 54.9 55.0 -0.1 56.6
DAYS MAX >= 90 1 0.8 0.2 2
DAYS MAX <= 32 0 0.1 -0.1 0
DAYS MIN <= 32 7 6.3 0.7 8
DAYS MIN <= 0 0 0.0 0.0 0
PRECIPITATION (INCHES)
TOTALS 1.65 1.25 0.40 0.46
DAILY AVG. 0.06 0.04 0.02 0.02
DAYS >= .01 3 4.9 -1.9 1
DAYS >= .10 1 2.5 -1.5 1
DAYS >= .50 2 0.8 1.2 0
DAYS >= 1.00 0 0.3 -0.3 0
GREATEST
24 HR. TOTAL 1.44 04/25 TO 04/26
SNOWFALL (INCHES)
TOTALS MM 1.5 MM MM
SINCE 7/1 MM 20.3 MM MM
DAYS >= TRACE MM 0.9 MM
DAYS >= 1.0 MM 0.6 MM 0
GREATEST
SNOW DEPTH MM
24 HR TOTAL MM
DEGREE DAYS
HEATING TOTAL 315 310 5 274
SINCE 7/1 4270 4262 8 MM
COOLING TOTAL 17 10 7 29
SINCE 1/1 17 11 6 MM
................................................................
WIND (MPH)
AVERAGE WIND SPEED 13.8
HIGHEST WIND SPEED/DIRECTION 46/230 DATE 04/04
HIGHEST GUST SPEED/DIRECTION 61/230 DATE 04/04
SKY COVER
POSSIBLE SUNSHINE (PERCENT) MM
NUMBER OF DAYS FAIR 25
NUMBER OF DAYS PC 4
NUMBER OF DAYS CLOUDY 1
AVERAGE RH (PERCENT) 46
WEATHER CONDITIONS. NUMBER OF DAYS WITH
THUNDERSTORM 1 MIXED PRECIP 0
HEAVY RAIN 2 RAIN 2
LIGHT RAIN 4 FREEZING RAIN 0
LT FREEZING RAIN 0 HEAVY SNOW 0
SNOW 0 LIGHT SNOW 0
SLEET 0 FOG 5
FOG W/VIS <= 1/4 MILE 1 HAZE 12
- INDICATES NEGATIVE NUMBERS.
R INDICATES RECORD WAS SET OR TIED.
MM INDICATES DATA IS MISSING.
T INDICATES TRACE AMOUNT.
$$