000
CXUS54 KEPZ 011030
CF6DMN
PRELIMINARY LOCAL CLIMATOLOGICAL DATA (WS FORM: F-6)
STATION: DEMING
MONTH: JULY
YEAR: 2020
LATITUDE: 32 15 N
LONGITUDE: 107 42 W
TEMPERATURE IN F: :PCPN: SNOW: WIND :SUNSHINE: SKY :PK WND
================================================================================
1 2 3 4 5 6A 6B 7 8 9 10 11 12 13 14 15 16 17 18
12Z AVG MX 2MIN
DY MAX MIN AVG DEP HDD CDD WTR SNW DPTH SPD SPD DIR MIN PSBL S-S WX SPD DR
================================================================================
1 92 59 76 -5 0 11 T M M 8.0 23 180 M M 2 35 190
2 96 63 80 -1 0 15 0.00 M M 2.8 4 270 M M 0 M M
3 100 65 83 2 0 18 0.00 M M 8.0 17 200 M M M 26 200
4 103 65 84 3 0 19 0.00 M M 8.4 M M M M M 30 200
5 105 67 86 5 0 21 0.00 M M 7.2 M M M M M 26 250
6 103 71 87 6 0 22 0.00 M M 10.4 29 290 M M M 45 340
7 M M M M M M 0.00 M M M M M M M M M M
8 105 65 85 4 0 20 0.00 M M 7.6 17 270 M M M 24 220
9 106 71 89 8 0 24 0.00 M M 7.5 20 270 M M 0 26 260
10 109 72 91 10 0 26 0.00 M M 7.1 22 60 M M 0 29 60
11 108 72 90 9 0 25 0.00 M M 6.6 16 140 M M 0 23 110
12 108 66 87 6 0 22 0.00 M M 5.3 16 270 M M 0 24 270
13 108 73 91 10 0 26 0.03 M M 12.3 32 270 M M 1 38 43 270
14 104 73 89 8 0 24 0.00 M M 10.6 24 210 M M 0 3 38 200
15 102 69 86 5 0 21 T M M 9.3 25 30 M M 1 3 37 20
16 101 73 87 6 0 22 0.00 M M 11.9 31 240 M M 1 38 48 230
17 98 71 85 4 0 20 T M M 7.0 18 290 M M 1 25 290
18 99 74 87 6 0 22 0.00 M M 10.1 25 300 M M 1 34 340
19 99 70 85 4 0 20 T M M 6.5 24 290 M M 2 3 34 300
20 101 72 87 6 0 22 T M M 7.4 33 100 M M 1 8 48 110
21 99 69 84 4 0 19 0.03 M M 5.7 29 30 M M 1 3 40 30
22 94 68 81 1 0 16 0.15 M M 6.7 24 90 M M 3 34 90
23 91 67 79 -1 0 14 0.02 M M 5.9 18 140 M M 5 27 150
24 89 67 78 -2 0 13 0.01 M M 6.6 23 250 M M 5 3 34 250
25 90 65 78 -2 0 13 0.04 M M 6.5 15 260 M M 3 8 22 50
26 93 67 80 0 0 15 0.19 M M 9.4 24 20 M M 4 3 39 230
27 94 66 80 0 0 15 0.00 M M 8.0 17 130 M M 1 29 110
28 98 65 82 2 0 17 0.00 M M 5.4 16 50 M M 2 3 23 60
29 103 67 85 5 0 20 0.00 M M 5.9 24 110 M M 0 3 32 100
30 107 69 88 8 0 23 0.00 M M 5.6 20 50 M M 0 28 70
31 100 73 87 7 0 22 0.00 M M 11.9 31 80 M M 0 3 43 70
================================================================================
SM 3005 2054 0 587 0.47 M 231.6 M 34
================================================================================
AV100.2 68.5 7.7 FASTST M M 1 MAX(MPH)
MISC ----> 33 100 # 48 230
================================================================================
NOTES:
# LAST OF SEVERAL OCCURRENCES
COLUMN 17 PEAK WIND IN M.P.H.
PRELIMINARY LOCAL CLIMATOLOGICAL DATA (WS FORM: F-6) , PAGE 2
STATION: DEMING
MONTH: JULY
YEAR: 2020
LATITUDE: 32 15 N
LONGITUDE: 107 42 W
[TEMPERATURE DATA] [PRECIPITATION DATA] SYMBOLS USED IN COLUMN 16
AVERAGE MONTHLY: 84.3 TOTAL FOR MONTH: 0.47 1 = FOG OR MIST
DPTR FM NORMAL: 3.7 DPTR FM NORMAL: -1.72 2 = FOG REDUCING VISIBILITY
HIGHEST: 109 ON 10 GRTST 24HR 0.23 ON 25-26 TO 1/4 MILE OR LESS
LOWEST: 59 ON 1 3 = THUNDER
SNOW, ICE PELLETS, HAIL 4 = ICE PELLETS
TOTAL MONTH: M 5 = HAIL
GRTST 24HR M ON M 6 = FREEZING RAIN OR DRIZZLE
GRTST DEPTH: M ON M 7 = DUSTSTORM OR SANDSTORM:
VSBY 1/2 MILE OR LESS
8 = SMOKE OR HAZE
[NO. OF DAYS WITH] [WEATHER - DAYS WITH] 9 = BLOWING SNOW
X = TORNADO
MAX 32 OR BELOW: 0 0.01 INCH OR MORE: 7
MAX 90 OR ABOVE: 29 0.10 INCH OR MORE: 2
MIN 32 OR BELOW: 0 0.50 INCH OR MORE: 0
MIN 0 OR BELOW: 0 1.00 INCH OR MORE: 0
[HDD (BASE 65) ]
TOTAL THIS MO. 0 CLEAR (SCALE 0-3) 22
DPTR FM NORMAL 0 PTCLDY (SCALE 4-7) 3
TOTAL FM JUL 1 0 CLOUDY (SCALE 8-10) 6
DPTR FM NORMAL 0
[CDD (BASE 65) ]
TOTAL THIS MO. 587
DPTR FM NORMAL 104 [PRESSURE DATA]
TOTAL FM JAN 1 1272 HIGHEST SLP 29.98 ON 27
DPTR FM NORMAL 245 LOWEST SLP 29.62 ON 20
[REMARKS]
#FINAL-07-20#