000
CXUS52 KCAE 011400
CF6DNL
PRELIMINARY LOCAL CLIMATOLOGICAL DATA (WS FORM: F-6)
STATION: AUGUSTA DANIEL FIELD GA
MONTH: APRIL
YEAR: 2023
LATITUDE: 33 28 N
LONGITUDE: 82 2 W
TEMPERATURE IN F: :PCPN: SNOW: WIND :SUNSHINE: SKY :PK WND
================================================================================
1 2 3 4 5 6A 6B 7 8 9 10 11 12 13 14 15 16 17 18
12Z AVG MX 2MIN
DY MAX MIN AVG DEP HDD CDD WTR SNW DPTH SPD SPD DIR MIN PSBL S-S WX SPD DR
================================================================================
1 79 61 70 7 0 5 0.47 M M 9.8 24 310 M M 3 138 32 220
2 76 54 65 1 0 0 0.00 M M 4.4 13 300 M M 0 22 290
3 69 53 61 -3 4 0 0.10 M M 4.4 10 140 M M 6 1 14 100
4 78 59 69 5 0 4 0.00 M M 2.2 7 110 M M 6 18 9 110
5 88 63 76 12 0 11 0.00 M M 6.1 15 180 M M 2 12 19 190
6 84 66 75 11 0 10 0.00 M M 5.7 13 200 M M 4 1 15 190
7 85 49 67 2 0 2 0.25 M M 9.1 24 40 M M 6 13 31 20
8 50 44 47 -18 18 0 1.38 M M 10.6 22 60 M M 10 1 29 40
9 66 43 55 -10 10 0 0.06 M M 12.4 21 40 M M 6 1 27 40
10 67 46 57 -9 8 0 0.00 M M 9.7 22 50 M M 0 29 70
11 74 44 59 -7 6 0 0.00 M M 5.0 13 50 M M 0 16 20
12 78 46 62 -4 3 0 0.00 M M 2.3 10 140 M M 0 19 120
13 74 55 65 -1 0 0 0.52 M M 6.7 17 130 M M 5 18 23 140
14 77 63 70 3 0 5 0.07 M M 3.5 14 210 M M 7 1 21 170
15 82 58 70 3 0 5 0.00 M M 3.2 13 220 M M 1 1 20 190
16 80 63 72 5 0 7 0.06 M M 7.2 20 210 M M 6 12 28 210
17 72 53 63 -4 2 0 0.00 M M 8.5 16 300 M M 0 26 250
18 80 51 66 -2 0 1 0.00 M M 6.0 14 340 M M 0 19 280
19 86 53 70 2 0 5 0.00 M M 2.0 12 200 M M 0 16 210
20 85 59 72 4 0 7 0.00 M M 5.4 15 200 M M 0 20 200
21 82 58 70 2 0 5 0.00 M M 6.3 15 200 M M 1 21 150
22 78 58 68 -1 0 3 T M M 8.1 20 320 M M 3 28 310
23 76 49 63 -6 2 0 0.00 M M 5.6 12 330 M M 0 19 300
24 71 56 64 -5 1 0 T M M 5.6 12 350 M M 7 16 360
25 75 57 66 -4 0 1 0.00 M M 6.4 15 130 M M 6 20 140
26 75 58 67 -3 0 2 0.05 M M 7.1 16 360 M M 6 1 21 360
27 73 59 66 -4 0 1 0.79 M M 6.6 18 140 M M 10 13 29 140
28 79 64 72 2 0 7 0.14 M M 5.0 13 200 M M 6 1 18 210
29 81 61 71 1 0 6 M M M 3.3 14 190 M M 2 1 17 180
30 75 59 67 -4 0 2 M M M 8.5 20 290 M M 7 13 31 310
================================================================================
SM 2295 1662 54 89 3.89 M 186.7 M 110
================================================================================
AV 76.5 55.4 6.2 FASTST M M 4 MAX(MPH)
MISC ----> # 24 310 32 220
================================================================================
NOTES:
# LAST OF SEVERAL OCCURRENCES
COLUMN 17 PEAK WIND IN M.P.H.
PRELIMINARY LOCAL CLIMATOLOGICAL DATA (WS FORM: F-6) , PAGE 2
STATION: AUGUSTA DANIEL FIELD GA
MONTH: APRIL
YEAR: 2023
LATITUDE: 33 28 N
LONGITUDE: 82 2 W
[TEMPERATURE DATA] [PRECIPITATION DATA] SYMBOLS USED IN COLUMN 16
AVERAGE MONTHLY: 66.0 TOTAL FOR MONTH: 3.89 1 = FOG OR MIST
DPTR FM NORMAL: -1.1 DPTR FM NORMAL: 0.98 2 = FOG REDUCING VISIBILITY
HIGHEST: 88 ON 5 GRTST 24HR 1.43 ON 8- 9 TO 1/4 MILE OR LESS
LOWEST: 43 ON 9 3 = THUNDER
SNOW, ICE PELLETS, HAIL 4 = ICE PELLETS
TOTAL MONTH: M 5 = HAIL
GRTST 24HR M ON M 6 = FREEZING RAIN OR DRIZZLE
GRTST DEPTH: M ON M 7 = DUSTSTORM OR SANDSTORM:
VSBY 1/2 MILE OR LESS
8 = SMOKE OR HAZE
[NO. OF DAYS WITH] [WEATHER - DAYS WITH] 9 = BLOWING SNOW
X = TORNADO
MAX 32 OR BELOW: 0 0.01 INCH OR MORE: 11
MAX 90 OR ABOVE: 0 0.10 INCH OR MORE: 7
MIN 32 OR BELOW: 0 0.50 INCH OR MORE: 3
MIN 0 OR BELOW: 0 1.00 INCH OR MORE: 1
[HDD (BASE 65) ]
TOTAL THIS MO. 54 CLEAR (SCALE 0-3) 15
DPTR FM NORMAL -8 PTCLDY (SCALE 4-7) 13
TOTAL FM JUL 1 1612 CLOUDY (SCALE 8-10) 2
DPTR FM NORMAL -266
[CDD (BASE 65) ]
TOTAL THIS MO. 89
DPTR FM NORMAL -33 [PRESSURE DATA]
TOTAL FM JAN 1 174 HIGHEST SLP 30.42 ON 10
DPTR FM NORMAL 1 LOWEST SLP 29.37 ON 30
[REMARKS]
#FINAL-04-23#