000
CXUS52 KCAE 011400
CF6DNL
PRELIMINARY LOCAL CLIMATOLOGICAL DATA (WS FORM: F-6)
STATION: AUGUSTA DANIEL FIELD GA
MONTH: JULY
YEAR: 2021
LATITUDE: 33 28 N
LONGITUDE: 82 2 W
TEMPERATURE IN F: :PCPN: SNOW: WIND :SUNSHINE: SKY :PK WND
================================================================================
1 2 3 4 5 6A 6B 7 8 9 10 11 12 13 14 15 16 17 18
12Z AVG MX 2MIN
DY MAX MIN AVG DEP HDD CDD WTR SNW DPTH SPD SPD DIR MIN PSBL S-S WX SPD DR
================================================================================
1 91 74 83 0 0 18 0.15 M M 4.7 26 210 M M 6 3 34 210
2 82 74 78 -5 0 13 0.03 M M 4.8 13 210 M M 8 1 14 210
3 86 72 79 -4 0 14 0.00 M M 4.9 15 40 M M 3 19 30
4 92 66 79 -5 0 14 0.00 M M 3.1 13 40 M M 1 8 16 40
5 93 71 82 -2 0 17 0.00 M M 3.8 12 160 M M 1 8 15 170
6 93 71 82 -2 0 17 0.00 M M 4.9 13 200 M M 2 19 100
7 87 74 81 -3 0 16 0.68 M M 5.6 21 150 M M 2 18 30 150
8 89 74 82 -2 0 17 0.10 M M 8.4 17 320 M M 6 13 26 30
9 95 74 85 1 0 20 0.00 M M 6.9 16 320 M M 2 22 310
10 94 73 84 0 0 19 0.00 M M 4.3 12 240 M M 1 20 260
11 90 74 82 -2 0 17 0.16 M M 5.1 20 220 M M 3 3 27 200
12 93 72 83 -1 0 18 0.32 M M 6.2 26 160 M M 4 13 33 150
13 91 70 81 -3 0 16 T M M 4.6 20 140 M M 2 13 25 140
14 91 74 83 -1 0 18 0.50 M M 3.1 20 320 M M 2 13 26 330
15 94 75 85 1 0 20 0.05 M M 3.4 16 150 M M 2 3 21 150
16 93 74 84 0 0 19 0.09 M M 4.6 14 120 M M 2 3 19 120
17 93 75 84 0 0 19 0.03 M M 4.8 14 120 M M 2 3 17 120
18 89 73 81 -3 0 16 1.24 M M 4.4 16 320 M M 4 138 21 330
19 88 72 80 -4 0 15 0.02 M M 5.0 12 170 M M 6 1 21 20
20 85 73 79 -5 0 14 1.73 M M 4.2 17 330 M M 9 123 25 310
21 87 73 80 -4 0 15 T M M 3.3 9 200 M M 4 21 110
22 94 75 85 1 0 20 0.00 M M 2.0 15 140 M M 3 20 140
23 94 75 85 1 0 20 T M M 4.1 12 70 M M 1 8 14 70
24 91 74 83 -1 0 18 0.00 M M 5.3 13 140 M M 1 18 16 140
25 93 73 83 -1 0 18 0.00 M M 3.4 10 180 M M 2 8 14 140
26 95 76 86 2 0 21 0.11 M M 3.3 20 20 M M 2 13 29 20
27 93 75 84 0 0 19 0.33 M M 3.2 12 190 M M 4 13 13 130
28 92 76 84 0 0 19 T M M 4.7 14 120 M M 3 3 18 110
29 96 76 86 2 0 21 0.00 M M 3.0 10 200 M M 1 1 13 200
30 97 79 88 4 0 23 T M M 4.5 15 200 M M 2 3 19 200
31 95 80 88 4 0 23 0.00 M M 4.0 16 210 M M 2 38 20 210
================================================================================
SM 2836 2287 0 554 5.54 M 137.6 M 93
================================================================================
AV 91.5 73.8 4.4 FASTST M M 3 MAX(MPH)
MISC ----> # 26 210 34 210
================================================================================
NOTES:
# LAST OF SEVERAL OCCURRENCES
COLUMN 17 PEAK WIND IN M.P.H.
PRELIMINARY LOCAL CLIMATOLOGICAL DATA (WS FORM: F-6) , PAGE 2
STATION: AUGUSTA DANIEL FIELD GA
MONTH: JULY
YEAR: 2021
LATITUDE: 33 28 N
LONGITUDE: 82 2 W
[TEMPERATURE DATA] [PRECIPITATION DATA] SYMBOLS USED IN COLUMN 16
AVERAGE MONTHLY: 82.6 TOTAL FOR MONTH: 5.54 1 = FOG OR MIST
DPTR FM NORMAL: -1.4 DPTR FM NORMAL: 0.74 2 = FOG REDUCING VISIBILITY
HIGHEST: 97 ON 30 GRTST 24HR 1.73 ON 20-20 TO 1/4 MILE OR LESS
LOWEST: 66 ON 4 3 = THUNDER
SNOW, ICE PELLETS, HAIL 4 = ICE PELLETS
TOTAL MONTH: M 5 = HAIL
GRTST 24HR M ON M 6 = FREEZING RAIN OR DRIZZLE
GRTST DEPTH: M ON M 7 = DUSTSTORM OR SANDSTORM:
VSBY 1/2 MILE OR LESS
8 = SMOKE OR HAZE
[NO. OF DAYS WITH] [WEATHER - DAYS WITH] 9 = BLOWING SNOW
X = TORNADO
MAX 32 OR BELOW: 0 0.01 INCH OR MORE: 15
MAX 90 OR ABOVE: 23 0.10 INCH OR MORE: 10
MIN 32 OR BELOW: 0 0.50 INCH OR MORE: 4
MIN 0 OR BELOW: 0 1.00 INCH OR MORE: 2
[HDD (BASE 65) ]
TOTAL THIS MO. 0 CLEAR (SCALE 0-3) 20
DPTR FM NORMAL 0 PTCLDY (SCALE 4-7) 10
TOTAL FM JUL 1 0 CLOUDY (SCALE 8-10) 1
DPTR FM NORMAL 0
[CDD (BASE 65) ]
TOTAL THIS MO. 554
DPTR FM NORMAL -33 [PRESSURE DATA]
TOTAL FM JAN 1 1515 HIGHEST SLP 30.31 ON 13
DPTR FM NORMAL -34 LOWEST SLP 29.77 ON 8
[REMARKS]
#FINAL-07-21#