000
CXUS55 KGJT 020826
CLMDRO
CLIMATE REPORT
NATIONAL WEATHER SERVICE GRAND JUNCTION CO
126 AM MST SAT MAR 02 2024
...................................
...THE DURANGO AIRPORT CO CLIMATE SUMMARY FOR THE MONTH OF FEBRUARY 2024...
CLIMATE NORMAL PERIOD 1991 TO 2020
CLIMATE RECORD PERIOD 9999 TO 9999
WEATHER OBSERVED NORMAL DEPART LAST YEAR`S
VALUE DATE(S) VALUE FROM VALUE DATE(S)
NORMAL
................................................................
TEMPERATURE (F)
HIGHEST 60 02/25 MM MM 48 02/13
LOWEST 13 02/23 MM MM -12 02/17
02/28
AVG. MAXIMUM 46.9 43.2 3.7 38.0
AVG. MINIMUM 21.6 16.2 5.4 6.6
MEAN 34.2 29.7 4.5 22.3
DAYS MAX >= 90 0 0.0 0.0 0
DAYS MAX <= 32 1 3.3 -2.3 4
DAYS MIN <= 32 29 27.7 1.3 28
DAYS MIN <= 0 0 2.3 -2.3 10
PRECIPITATION (INCHES)
TOTALS 1.03 1.11 -0.08 0.67
DAILY AVG. 0.04 0.04 0.00 0.02
DAYS >= .01 8 7.2 0.8 6
DAYS >= .10 4 2.9 1.1 2
DAYS >= .50 0 0.4 -0.4 0
DAYS >= 1.00 0 0.0 0.0 0
GREATEST
24 HR. TOTAL 0.40 02/01 TO 02/02 0.28
SNOWFALL (INCHES)
TOTALS MM MM MM MM
SINCE 7/1 MM MM MM MM
SNOWDEPTH AVG. MM MM
DAYS >= 1.0 MM MM MM MM
GREATEST
SNOW DEPTH MM MM MM
24 HR TOTAL MM MM
DEGREE DAYS
HEATING TOTAL 883 988 -105 1185
SINCE 7/1 4561 5161 -600 5266
COOLING TOTAL 0 0 0 0
SINCE 1/1 0 0 0 0
................................................................
WIND (MPH)
AVERAGE WIND SPEED 6.2
HIGHEST WIND SPEED/DIRECTION 40/300 DATE 02/27
HIGHEST GUST SPEED/DIRECTION 56/270 DATE 02/27
SKY COVER
POSSIBLE SUNSHINE (PERCENT) MM
AVERAGE SKY COVER 0.30
NUMBER OF DAYS FAIR 19
NUMBER OF DAYS PC 6
NUMBER OF DAYS CLOUDY 4
AVERAGE RH (PERCENT) 62
WEATHER CONDITIONS. NUMBER OF DAYS WITH
THUNDERSTORM 1 MIXED PRECIP 0
HEAVY RAIN 0 RAIN 4
LIGHT RAIN 6 FREEZING RAIN 0
LT FREEZING RAIN 0 HAIL 0
HEAVY SNOW 1 SNOW 3
LIGHT SNOW 6 SLEET 0
FOG 8 FOG W/VIS <= 1/4 MILE 2
HAZE 2
- INDICATES NEGATIVE NUMBERS.
R INDICATES RECORD WAS SET OR TIED.
MM INDICATES DATA IS MISSING.
T INDICATES TRACE AMOUNT.
$$