000
CXUS54 KEWX 031513
CLMDRT
CLIMATE REPORT
NATIONAL WEATHER SERVICE AUSTIN/SAN ANTONIO
947 AM CDT WED APR 03 2024
...................................
...THE DEL RIO CLIMATE SUMMARY FOR THE MONTH OF MARCH 2024...
CLIMATE NORMAL PERIOD: 1991 TO 2020
CLIMATE RECORD PERIOD: 1906 TO 2024
WEATHER OBSERVED NORMAL DEPART LAST YEAR`S
VALUE DATE(S) VALUE FROM VALUE DATE(S)
NORMAL
................................................................
TEMPERATURE (F)
HIGHEST 97 03/31 99 03/02
LOWEST 39 03/01 39 03/18
AVG. MAXIMUM 82.4 80.1 2.3 80.9
AVG. MINIMUM 57.6 56.1 1.5 58.1
MEAN 70.0 68.1 1.9 69.5
DAYS MAX >= 90 8 11
DAYS MAX <= 32 0 0
DAYS MIN <= 32 0 0
DAYS MIN <= 0 0 0
PRECIPITATION (INCHES)
TOTALS 0.07 1.18 -1.11 1.85
DAILY AVG. 0.00 0.04 -0.04 0.06
DAYS >= .01 2 4
DAYS >= .10 0 3
DAYS >= .50 0 1SATCLMDRT 000
TTAA00 EWX 031449
DAYS >= 1.00 0 1
GREATEST
24 HR. TOTAL 0.06 03/18 TO 03/18
SNOWFALL (INCHES)
TOTALS 0.0 0.0 0.0 0.0
SINCE 7/1 0.0 0.1 -0.1 MM
DEGREE DAYS
HEATING TOTAL 26 62 -36 69
SINCE 7/1 878 962 -84 MM
COOLING TOTAL 189 158 31 215
SINCE 1/1 263 210 53 MM
................................................................
WIND (MPH)
AVERAGE WIND SPEED 9.1
HIGHEST WIND SPEED/DIRECTION 38/280 DATE 03/25
HIGHEST GUST SPEED/DIRECTION 51/260 DATE 03/25
SKY COVER
POSSIBLE SUNSHINE (PERCENT) MM
AVERAGE SKY COVER 0.31
NUMBER OF DAYS FAIR 20
NUMBER OF DAYS PC 8
NUMBER OF DAYS CLOUDY 3
AVERAGE RH (PERCENT) 51
WEATHER CONDITIONS. NUMBER OF DAYS WITH
THUNDERSTORM 1 MIXED PRECIP 0
HEAVY RAIN 0 RAIN 0
LIGHT RAIN 4 FREEZING RAIN 0
LT FREEZING RAIN 0 HAIL 0
HEAVY SNOW 0 SNOW 0
LIGHT SNOW 0 SLEET 0
FOG 5 FOG W/VIS <= 1/4 MILE 1
HAZE 6
- INDICATES NEGATIVE NUMBERS.
R INDICATES RECORD WAS SET OR TIED.
MM INDICATES DATA IS MISSING.
T INDICATES TRACE AMOUNT.
&&
MONTHLY CLIMATE SUMMARY:
MARCH 2024 WAS TIED FOE THE 3RD WARMEST AND
TIED FOR THE 17TH DRIEST MARCH ON RECORD.
SEA LEVEL PRESSURE DATA:
HIGHEST SLP 30.31 ON THE 10TH
LOWEST SLP 29.38 ON THE 24TH
PRELIMINARY LOCAL CLIMATOLOGICAL DATA (WS FORM: F-6)
STATION: DEL RIO
MONTH: MARCH
YEAR: 2024
LATITUDE: 29 22 N
LONGITUDE: 100 55 W
TEMPERATURE IN F: :PCPN: SNOW: WIND :SUNSHINE: SKY :PK WND
================================================================================
1 2 3 4 5 6A 6B 7 8 9 10 11 12 13 14 15 16 17 18
12Z AVG MX 2MIN
DY MAX MIN AVG DEP HDD CDD WTR SNW DPTH SPD SPD DIR MIN PSBL S-S WX SPD DR
================================================================================
1 81 39 60 -4 5 0 0.00 0.0 0 3.6 8 140 M M 0 11 160
2 87 53 70 6 0 5 0.00 0.0 0 9.7 16 110 M M 0 25 110
3 84 62 73 8 0 8 0.00 0.0 0 7.7 14 110 M M 2 19 100
4 78 60 69 4 0 4 0.00 0.0 0 5.7 14 120 M M 5 18 19 120
5 91 52 72 7 0 7 0.00 0.0 0 2.7 13 300 M M 3 12 17 290
6 91 53 72 6 0 7 0.00 0.0 0 9.1 25 160 M M 0 35 130
7 85 72 79 13 0 14 0.00 0.0 0 10.1 18 120 M M 4 8 27 120
8 84 56 70 4 0 5 0.00 0.0 0 11.6 28 280 M M 2 38 280
9 68 51 60 -6 5 0 0.00 0.0 0 11.2 21 310 M M 2 30 320
10 68 52 60 -7 5 0 0.00 0.0 0 6.5 16 140 M M 2 20 150
11 81 49 65 -2 0 0 0.00 0.0 0 9.7 20 150 M M 0 29 160
12 83 65 74 7 0 9 0.00 0.0 0 9.1 16 140 M M 5 21 110
13 93 63 78 11 0 13 0.00 0.0 0 6.1 14 90 M M 3 19 100
14 90 66 78 10 0 13 0.00 0.0 0 7.2 15 110 M M 2 21 90
15 91 66 79 11 0 14 0.01 0.0 0 9.3 25 320 M M 7 138 45 100
16 68 61 65 -3 0 0 0.00 0.0 0 8.5 17 280 M M 10 18 21 280
17 71 60 66 -2 0 1 T 0.0 0 10.0 16 320 M M 10 18 24 10
18 64 56 60 -9 5 0 0.06 0.0 0 3.1 14 160 M M 10 19 90
19 68 54 61 -8 4 0 0.00 0.0 0 11.4 23 150 M M 4 31 160
20 71 54 63 -6 2 0 0.00 0.0 0 9.0 15 130 M M 7 20 110
21 90 60 75 5 0 10 0.00 0.0 0 8.1 31 290 M M 5 49 280
22 94 49 72 2 0 7 0.00 0.0 0 8.1 22 310 M M 0 37 320
23 83 59 71 1 0 6 0.00 0.0 0 12.4 25 150 M M 0 34 100
24 83 64 74 4 0 9 0.00 0.0 0 14.1 23 140 M M 4 8 31 140
25 83 54 69 -1 0 4 T 0.0 0 13.3 38 280 M M 2 51 260
26 80 51 66 -5 0 1 0.00 0.0 0 6.1 20 310 M M 0 30 90
27 83 56 70 -1 0 5 T 0.0 0 9.8 24 270 M M 3 34 170
28 88 51 70 -1 0 5 0.00 0.0 0 11.1 24 150 M M 0 34 150
29 87 60 74 3 0 9 0.00 0.0 0 12.6 25 150 M M 0 32 150
30 89 67 78 6 0 13 0.00 0.0 0 10.3 18 100 M M 3 27 100
31 97 72 85 13 0 20 0.00 0.0 0 13.5 22 140 M M 3 29 140
================================================================================
SM 2554 1787 26 189 0.07 0.0 280.7 M 98
================================================================================
AV 82.4 57.6 9.1 FASTST M M 3 MAX(MPH)
MISC ----> 38 280 51 260
================================================================================
NOTES:
# LAST OF SEVERAL OCCURRENCES
COLUMN 17 PEAK WIND IN M.P.H.
SYMBOLS USED IN COLUMN 16
1 = FOG OR MIST
2 = FOG REDUCING VISIBILITY TO 1/4 MILE OR LESS
3 = THUNDER
4 = ICE PELLETS
5 = HAIL
6 = FREEZING RAIN OR DRIZZLE
7 = DUSTSTORM OR SANDSTORM: VSBY 1/2 MILE OR LESS
8 = SMOKE OR HAZE
9 = BLOWING SNOW
X = TORNADO
$$