000
CXUS53 KDMX 020234
CF6DSM
PRELIMINARY LOCAL CLIMATOLOGICAL DATA (WS FORM: F-6)
STATION: DES MOINES IA
MONTH: MAY
YEAR: 2023
LATITUDE: 41 31 N
LONGITUDE: 93 39 W
TEMPERATURE IN F: :PCPN: SNOW: WIND :SUNSHINE: SKY :PK WND
================================================================================
1 2 3 4 5 6A 6B 7 8 9 10 11 12 13 14 15 16 17 18
12Z AVG MX 2MIN
DY MAX MIN AVG DEP HDD CDD WTR SNW DPTH SPD SPD DIR MIN PSBL S-S WX SPD DR
================================================================================
1 62 41 52 -5 13 0 0.00 0.0 0 20.3 35 300 M M 1 49 320
2 65 40 53 -4 12 0 0.00 0.0 0 16.1 33 310 M M 1 46 330
3 71 33 52 -6 13 0 0.00 0.0 0 5.0 13 260 M M 1 21 290
4 80 47 64 6 1 0 0.00 0.0 0 7.8 15 190 M M 2 20 200
5 69 54 62 4 3 0 0.26 0.0 0 10.5 18 320 M M 9 13 23 320
6 78 58 68 9 0 3 T 0.0 0 8.1 24 130 M M 9 1 30 140
7 86 58 72 13 0 7 0.93 0.0 0 7.4 23 60 M M 6 123 33 40
8 77 60 69 10 0 4 0.21 0.0 0 8.4 20 120 M M 7 13 25 100
9 74 56 65 5 0 0 0.00 0.0 0 9.4 16 130 M M 7 1 24 90
10 83 60 72 12 0 7 0.00 0.0 0 12.8 20 140 M M 7 28 150
11 81 62 72 12 0 7 0.38 0.0 0 9.8 24 160 M M 8 1 38 170
12 78 65 72 11 0 7 0.15 0.0 0 10.5 18 130 M M 9 1 26 100
13 77 67 72 11 0 7 1.36 0.0 0 12.8 21 80 M M 9 13 27 100
14 70 53 62 0 3 0 0.01 0.0 0 12.7 20 70 M M 10 18 27 70
15 63 51 57 -5 8 0 0.04 0.0 0 8.8 18 60 M M 10 25 70
16 80 56 68 6 0 3 T 0.0 0 5.1 15 310 M M 7 20 310
17 78 53 66 3 0 1 0.00 0.0 0 7.5 15 100 M M 7 20 110
18 82 57 70 7 0 5 T 0.0 0 8.9 18 200 M M 6 8 25 230
19 66 50 58 -6 7 0 0.00 0.0 0 10.4 21 320 M M 5 8 30 320
20 72 44 58 -6 7 0 0.00 0.0 0 5.2 10 360 M M 0 16 350
21 77 51 64 0 1 0 0.00 0.0 0 3.1 12 220 M M 4 17 170
22 80 58 69 4 0 4 0.00 0.0 0 7.1 16 170 M M 5 22 150
23 82 58 70 5 0 5 0.00 0.0 0 6.0 15 140 M M 2 22 160
24 84 56 70 5 0 5 0.00 0.0 0 5.5 18 100 M M 1 8 24 100
25 80 58 69 3 0 4 0.00 0.0 0 12.0 21 100 M M 3 29 100
26 78 51 65 -1 0 0 0.00 0.0 0 9.8 17 130 M M 1 26 120
27 81 47 64 -2 1 0 0.00 0.0 0 7.2 17 130 M M 1 24 140
28 83 55 69 2 0 4 0.00 0.0 0 6.6 16 150 M M 2 25 140
29 85 60 73 6 0 8 0.00 0.0 0 8.4 17 160 M M 2 22 170
30 89 65 77 9 0 12 0.02 0.0 0 10.5 23 320 M M 6 3 37 320
31 88 64 76 8 0 11 0.00 0.0 0 8.7 22 140 M M 8 29 190
================================================================================
SM 2399 1688 69 104 3.36 0.0 282.4 M 156
================================================================================
AV 77.4 54.5 9.1 FASTST M M 5 MAX(MPH)
MISC ----> 35 300 49 320
================================================================================
NOTES:
# LAST OF SEVERAL OCCURRENCES
COLUMN 17 PEAK WIND IN M.P.H.
PRELIMINARY LOCAL CLIMATOLOGICAL DATA (WS FORM: F-6) , PAGE 2
STATION: DES MOINES IA
MONTH: MAY
YEAR: 2023
LATITUDE: 41 31 N
LONGITUDE: 93 39 W
[TEMPERATURE DATA] [PRECIPITATION DATA] SYMBOLS USED IN COLUMN 16
AVERAGE MONTHLY: 65.9 TOTAL FOR MONTH: 3.36 1 = FOG OR MIST
DPTR FM NORMAL: 3.5 DPTR FM NORMAL: -1.88 2 = FOG REDUCING VISIBILITY
HIGHEST: 89 ON 30 GRTST 24HR 1.36 ON 13-13 TO 1/4 MILE OR LESS
LOWEST: 33 ON 3 3 = THUNDER
SNOW, ICE PELLETS, HAIL 4 = ICE PELLETS
TOTAL MONTH: 0.0 INCH 5 = HAIL
GRTST 24HR 0.0 6 = FREEZING RAIN OR DRIZZLE
GRTST DEPTH: 0 7 = DUSTSTORM OR SANDSTORM:
VSBY 1/2 MILE OR LESS
8 = SMOKE OR HAZE
[NO. OF DAYS WITH] [WEATHER - DAYS WITH] 9 = BLOWING SNOW
X = TORNADO
MAX 32 OR BELOW: 0 0.01 INCH OR MORE: 9
MAX 90 OR ABOVE: 0 0.10 INCH OR MORE: 6
MIN 32 OR BELOW: 0 0.50 INCH OR MORE: 2
MIN 0 OR BELOW: 0 1.00 INCH OR MORE: 1
[HDD (BASE 65) ]
TOTAL THIS MO. 69 CLEAR (SCALE 0-3) 12
DPTR FM NORMAL -84 PTCLDY (SCALE 4-7) 12
TOTAL FM JUL 1 5889 CLOUDY (SCALE 8-10) 7
DPTR FM NORMAL -273
[CDD (BASE 65) ]
TOTAL THIS MO. 104
DPTR FM NORMAL 33 [PRESSURE DATA]
TOTAL FM JAN 1 120 HIGHEST SLP 30.36 ON 15
DPTR FM NORMAL 37 LOWEST SLP 29.72 ON 7
[REMARKS]
#FINAL-05-23#