000
CXUS55 KTWC 010855
CF6DUG
PRELIMINARY LOCAL CLIMATOLOGICAL DATA (WS FORM: F-6)
STATION: DOUGLAS AZ
MONTH: FEBRUARY
YEAR: 2024
LATITUDE: 31 28 N
LONGITUDE: 109 36 W
TEMPERATURE IN F: :PCPN: SNOW: WIND :SUNSHINE: SKY :PK WND
================================================================================
1 2 3 4 5 6A 6B 7 8 9 10 11 12 13 14 15 16 17 18
12Z AVG MX 2MIN
DY MAX MIN AVG DEP HDD CDD WTR SNW DPTH SPD SPD DIR MIN PSBL S-S WX SPD DR
================================================================================
1 71 45 58 11 7 0 0.00 M M 13.5 26 200 M M 1 35 190
2 54 39 47 0 18 0 0.25 M M 10.5 26 250 M M 9 1 37 250
3 54 32 43 -4 22 0 0.00 M M 8.4 24 290 M M 2 32 310
4 62 28 45 -2 20 0 0.00 M M 2.1 9 90 M M 1 12 130
5 71 29 50 3 15 0 0.00 M M 5.4 15 140 M M 0 20 130
6 66 45 56 9 9 0 0.01 M M 12.0 44 210 M M 5 59 220
7 56 37 47 0 18 0 0.03 M M 11.7 36 220 M M 5 1 45 220
8 59 29 44 -4 21 0 0.00 M M 10.3 23 250 M M 0 32 230
9 59 30 45 -3 20 0 0.00 M M 8.5 24 220 M M 2 32 230
10 45 32 39 -9 26 0 0.20 M M 12.3 23 230 M M 8 1 31 220
11 49 27 38 -10 27 0 0.00 M M 5.9 15 340 M M 1 18 340
12 61 22 42 -6 23 0 0.00 0.0 0 3.3 12 20 M M M 12 20
13 66 23 45 -3 20 0 0.00 0.0 0 4.4 16 240 M M M 20 240
14 68 25 47 -1 18 0 0.00 0.0 0 2.7 14 360 M M M 20 340
15 69 27 48 -1 17 0 0.00 M M 5.8 15 250 M M 0 20 240
16 70 26 48 -1 17 0 0.00 M M 6.9 18 330 M M 0 23 320
17 70 29 50 1 15 0 0.00 0.0 0 5.6 15 320 M M M 19 350
18 74 31 53 4 12 0 0.00 0.0 0 6.9 24 240 M M M 33 240
19 74 33 54 5 11 0 0.00 M M 6.7 21 250 M M 0 26 250
20 79 33 56 7 9 0 0.00 M M 6.9 22 230 M M 0 28 210
21 71 38 55 5 10 0 0.00 M M 12.0 28 260 M M 0 46 230
22 66 32 49 -1 16 0 0.00 M M 7.1 13 320 M M 0 17 300
23 69 38 54 4 11 0 0.00 M M 6.3 15 340 M M 0 19 120
24 78 31 55 5 10 0 0.00 M M 3.6 13 320 M M 0 16 290
25 81 41 61 11 4 0 0.00 M M 5.7 20 260 M M 0 24 230
26 79 51 65 14 0 0 0.00 M M 9.1 28 270 M M 5 36 270
27 67 51 59 8 6 0 0.00 M M 10.9 25 230 M M 3 39 230
28 67 42 55 4 10 0 0.37 M M 11.6 32 250 M M 5 13 48 200
29 65 37 51 0 14 0 0.00 M M 5.1 17 320 M M 1 25 340
================================================================================
SM 1920 983 426 0 0.86 0.0 221.2 M 48
================================================================================
AV 66.2 33.9 7.6 FASTST M M 2 MAX(MPH)
MISC ----> 44 210 59 220
================================================================================
NOTES:
# LAST OF SEVERAL OCCURRENCES
COLUMN 17 PEAK WIND IN M.P.H.
PRELIMINARY LOCAL CLIMATOLOGICAL DATA (WS FORM: F-6) , PAGE 2
STATION: DOUGLAS AZ
MONTH: FEBRUARY
YEAR: 2024
LATITUDE: 31 28 N
LONGITUDE: 109 36 W
[TEMPERATURE DATA] [PRECIPITATION DATA] SYMBOLS USED IN COLUMN 16
AVERAGE MONTHLY: 50.1 TOTAL FOR MONTH: 0.86 1 = FOG OR MIST
DPTR FM NORMAL: 1.5 DPTR FM NORMAL: 0.30 2 = FOG REDUCING VISIBILITY
HIGHEST: 81 ON 25 GRTST 24HR 0.37 ON 28-28 TO 1/4 MILE OR LESS
LOWEST: 22 ON 12 3 = THUNDER
SNOW, ICE PELLETS, HAIL 4 = ICE PELLETS
TOTAL MONTH: 0.0 INCH 5 = HAIL
GRTST 24HR 0.0 6 = FREEZING RAIN OR DRIZZLE
GRTST DEPTH: 0 7 = DUSTSTORM OR SANDSTORM:
VSBY 1/2 MILE OR LESS
8 = SMOKE OR HAZE
[NO. OF DAYS WITH] [WEATHER - DAYS WITH] 9 = BLOWING SNOW
X = TORNADO
MAX 32 OR BELOW: 0 0.01 INCH OR MORE: 5
MAX 90 OR ABOVE: 0 0.10 INCH OR MORE: 3
MIN 32 OR BELOW: 16 0.50 INCH OR MORE: 0
MIN 0 OR BELOW: 0 1.00 INCH OR MORE: 0
[HDD (BASE 65) ]
TOTAL THIS MO. 426 CLEAR (SCALE 0-3) 18
DPTR FM NORMAL -33 PTCLDY (SCALE 4-7) 5
TOTAL FM JUL 1 1944 CLOUDY (SCALE 8-10) 6
DPTR FM NORMAL -242
[CDD (BASE 65) ]
TOTAL THIS MO. 0
DPTR FM NORMAL 0 [PRESSURE DATA]
TOTAL FM JAN 1 0 HIGHEST SLP M ON M
DPTR FM NORMAL 0 LOWEST SLP 29.68 ON 2
[REMARKS]
#FINAL-02-24#