000
CXUS51 KPBZ 010730
CF6DUJ
PRELIMINARY LOCAL CLIMATOLOGICAL DATA (WS FORM: F-6)
STATION: DUBOIS PA
MONTH: JULY
YEAR: 2022
LATITUDE: 41 10 N
LONGITUDE: 78 54 W
TEMPERATURE IN F: :PCPN: SNOW: WIND :SUNSHINE: SKY :PK WND
================================================================================
1 2 3 4 5 6A 6B 7 8 9 10 11 12 13 14 15 16 17 18
12Z AVG MX 2MIN
DY MAX MIN AVG DEP HDD CDD WTR SNW DPTH SPD SPD DIR MIN PSBL S-S WX SPD DR
================================================================================
1 90 60 75 7 0 10 0.39 M M 7.5 35 320 M M 2 138 51 330
2 83 65 74 6 0 9 0.06 M M 7.3 15 270 M M 5 1 21 260
3 80 58 69 0 0 4 0.00 M M 5.0 16 330 M M 0 22 310
4 84 52 68 -1 0 3 0.00 M M 2.7 10 300 M M 1 8 13 300
5 76 66 71 2 0 6 0.24 M M 6.9 15 240 M M 6 1 20 220
6 79 69 74 5 0 9 0.06 M M 6.3 13 250 M M 9 1 16 250
7 84 64 74 5 0 9 0.00 M M 4.7 13 340 M M 6 15 320
8 84 58 71 2 0 6 0.00 M M 3.7 10 330 M M 0 14 330
9 84 61 73 4 0 8 0.00 M M 8.0 16 20 M M 2 19 360
10 83 52 68 -1 0 3 0.00 M M 5.3 14 110 M M 0 20 110
11 87 59 73 4 0 8 0.00 M M 8.2 18 230 M M 2 27 230
12 89 63 76 7 0 11 0.00 M M 11.4 25 240 M M 4 34 220
13 84 59 72 3 0 7 0.00 M M 5.5 16 340 M M 4 22 240
14 81 57 69 0 0 4 0.00 M M 4.6 13 290 M M 3 12 18 290
15 84 56 70 1 0 5 0.00 M M 2.7 9 290 M M 1 13 110
16 82 60 71 2 0 6 0.00 M M 4.6 16 240 M M 4 22 230
17 80 62 71 2 0 6 0.61 M M 5.7 17 270 M M 6 13 21 270
18 75 66 71 2 0 6 0.18 M M 9.5 20 250 M M 8 1 27 220
19 88 67 78 9 0 13 0.00 M M 9.3 16 250 M M 5 128 22 270
20 88 67 78 9 0 13 0.00 M M 7.8 18 220 M M 2 18 29 230
21 87 66 77 8 0 12 T M M 9.7 21 270 M M 5 27 260
22 90 64 77 8 0 12 0.00 M M 6.9 18 250 M M 2 27 260
23 91 63 77 8 0 12 0.04 M M 5.4 23 220 M M 2 8 33 240
24 88 62 75 6 0 10 0.22 M M 7.9 20 250 M M 2 138 30 210
25 83 62 73 4 0 8 0.94 M M 7.6 26 290 M M 5 13 33 280
26 78 53 66 -3 0 1 0.00 M M 2.7 12 230 M M 1 15 270
27 76 58 67 -2 0 2 0.01 M M 4.4 12 220 M M 7 128 16 240
28 81 67 74 5 0 9 0.63 M M 8.6 17 240 M M 7 18 24 240
29 80 59 70 1 0 5 0.00 M M 6.6 15 230 M M 5 19 260
30 80 56 68 -1 0 3 0.00 M M 6.0 16 300 M M 1 22 310
31 75 56 66 -3 0 1 0.00 M M 4.5 10 120 M M 2 1 15 170
================================================================================
SM 2574 1887 0 221 3.38 M 197.0 M 109
================================================================================
AV 83.0 60.9 6.4 FASTST M M 4 MAX(MPH)
MISC ----> 35 320 51 330
================================================================================
NOTES:
# LAST OF SEVERAL OCCURRENCES
COLUMN 17 PEAK WIND IN M.P.H.
PRELIMINARY LOCAL CLIMATOLOGICAL DATA (WS FORM: F-6) , PAGE 2
STATION: DUBOIS PA
MONTH: JULY
YEAR: 2022
LATITUDE: 41 10 N
LONGITUDE: 78 54 W
[TEMPERATURE DATA] [PRECIPITATION DATA] SYMBOLS USED IN COLUMN 16
AVERAGE MONTHLY: 72.0 TOTAL FOR MONTH: 3.38 1 = FOG OR MIST
DPTR FM NORMAL: 2.9 DPTR FM NORMAL: -0.98 2 = FOG REDUCING VISIBILITY
HIGHEST: 91 ON 23 GRTST 24HR 1.16 ON 24-25 TO 1/4 MILE OR LESS
LOWEST: 52 ON 10, 4 3 = THUNDER
SNOW, ICE PELLETS, HAIL 4 = ICE PELLETS
TOTAL MONTH: M 5 = HAIL
GRTST 24HR M ON M 6 = FREEZING RAIN OR DRIZZLE
GRTST DEPTH: M ON M 7 = DUSTSTORM OR SANDSTORM:
VSBY 1/2 MILE OR LESS
8 = SMOKE OR HAZE
[NO. OF DAYS WITH] [WEATHER - DAYS WITH] 9 = BLOWING SNOW
X = TORNADO
MAX 32 OR BELOW: 0 0.01 INCH OR MORE: 11
MAX 90 OR ABOVE: 3 0.10 INCH OR MORE: 7
MIN 32 OR BELOW: 0 0.50 INCH OR MORE: 3
MIN 0 OR BELOW: 0 1.00 INCH OR MORE: 0
[HDD (BASE 65) ]
TOTAL THIS MO. 0 CLEAR (SCALE 0-3) 15
DPTR FM NORMAL -20 PTCLDY (SCALE 4-7) 15
TOTAL FM JUL 1 0 CLOUDY (SCALE 8-10) 1
DPTR FM NORMAL -25
[CDD (BASE 65) ]
TOTAL THIS MO. 221
DPTR FM NORMAL 76 [PRESSURE DATA]
TOTAL FM JAN 1 389 HIGHEST SLP 30.22 ON 31
DPTR FM NORMAL 135 LOWEST SLP 29.60 ON 21
[REMARKS]
#FINAL-07-22#