000
CXUS51 KPBZ 010730
CF6DUJ
PRELIMINARY LOCAL CLIMATOLOGICAL DATA (WS FORM: F-6)
STATION: DUBOIS PA
MONTH: AUGUST
YEAR: 2020
LATITUDE: 41 10 N
LONGITUDE: 78 54 W
TEMPERATURE IN F: :PCPN: SNOW: WIND :SUNSHINE: SKY :PK WND
================================================================================
1 2 3 4 5 6A 6B 7 8 9 10 11 12 13 14 15 16 17 18
12Z AVG MX 2MIN
DY MAX MIN AVG DEP HDD CDD WTR SNW DPTH SPD SPD DIR MIN PSBL S-S WX SPD DR
================================================================================
1 74 61 68 0 0 3 0.09 M M 6.7 12 110 M M 6 18 15 130
2 80 64 72 4 0 7 0.01 M M 12.4 25 230 M M 9 18 37 210
3 82 63 73 5 0 8 0.00 M M 6.3 13 250 M M 6 16 220
4 80 62 71 3 0 6 0.14 M M 6.9 23 330 M M 8 18 31 310
5 78 58 68 0 0 3 0.00 M M 7.6 17 260 M M 5 1 22 240
6 79 53 66 -2 0 1 0.00 M M 4.2 12 110 M M 5 1 15 100
7 82 61 72 4 0 7 0.00 M M 4.2 12 80 M M 6 1 14 70
8 85 60 73 5 0 8 0.00 M M 3.8 16 260 M M 5 12 20 230
9 87 55 71 3 0 6 0.00 M M 5.1 14 280 M M 0 22 230
10 90 62 76 8 0 11 0.00 M M 3.1 14 230 M M 1 18 220
11 89 64 77 9 0 12 0.00 M M 7.0 18 230 M M 3 25 230
12 86 64 75 7 0 10 0.00 M M 5.5 15 30 M M 4 128 18 20
13 89 64 77 9 0 12 0.00 M M 6.3 14 40 M M 4 20 100
14 88 62 75 7 0 10 0.00 M M 6.3 17 60 M M 0 23 40
15 76 61 69 1 0 4 0.00 M M 4.9 12 130 M M 1 21 120
16 82 56 69 1 0 4 0.14 M M 4.7 18 260 M M 5 1 22 260
17 81 60 71 4 0 6 0.00 M M 5.1 13 330 M M 6 12 19 270
18 80 54 67 0 0 2 0.00 M M 5.6 16 340 M M 2 12 22 350
19 76 50 63 -4 2 0 0.00 M M 6.3 16 10 M M 2 1 22 30
20 83 48 66 -1 0 1 0.00 M M 4.4 13 290 M M 0 20 220
21 86 54 70 3 0 5 0.00 M M 4.2 16 230 M M 0 21 220
22 90 57 74 7 0 9 0.00 M M 2.7 13 330 M M 1 16 320
23 86 64 75 8 0 10 T M M 3.0 12 290 M M 4 17 230
24 85 62 74 8 0 9 0.67 M M 4.4 21 280 M M 4 138 35 290
25 85 62 74 8 0 9 0.00 M M 8.6 21 310 M M 3 138 27 310
26 80 55 68 2 0 3 0.00 M M 6.2 18 280 M M 2 23 270
27 89 66 78 12 0 13 0.81 M M 11.8 32 330 M M 6 138 59 340
28 72 66 69 3 0 4 0.60 M M 7.8 17 240 M M 8 123 23 230
29 82 58 70 4 0 5 0.55 M M 10.7 25 300 M M 7 18 38 280
30 74 55 65 0 0 0 0.00 M M 6.6 16 270 M M 5 21 320
31 72 54 63 -2 2 0 0.00 M M 8.6 15 140 M M 6 23 120
================================================================================
SM 2548 1835 4 188 3.01 M 191.0 M 124
================================================================================
AV 82.2 59.2 6.2 FASTST M M 4 MAX(MPH)
MISC ----> 32 330 59 340
================================================================================
NOTES:
# LAST OF SEVERAL OCCURRENCES
COLUMN 17 PEAK WIND IN M.P.H.
PRELIMINARY LOCAL CLIMATOLOGICAL DATA (WS FORM: F-6) , PAGE 2
STATION: DUBOIS PA
MONTH: AUGUST
YEAR: 2020
LATITUDE: 41 10 N
LONGITUDE: 78 54 W
[TEMPERATURE DATA] [PRECIPITATION DATA] SYMBOLS USED IN COLUMN 16
AVERAGE MONTHLY: 70.7 TOTAL FOR MONTH: 3.01 1 = FOG OR MIST
DPTR FM NORMAL: 3.5 DPTR FM NORMAL: -1.00 2 = FOG REDUCING VISIBILITY
HIGHEST: 90 ON 22,10 GRTST 24HR 1.30 ON 27-28 TO 1/4 MILE OR LESS
LOWEST: 48 ON 20 3 = THUNDER
SNOW, ICE PELLETS, HAIL 4 = ICE PELLETS
TOTAL MONTH: M 5 = HAIL
GRTST 24HR M ON M 6 = FREEZING RAIN OR DRIZZLE
GRTST DEPTH: M ON M 7 = DUSTSTORM OR SANDSTORM:
VSBY 1/2 MILE OR LESS
8 = SMOKE OR HAZE
[NO. OF DAYS WITH] [WEATHER - DAYS WITH] 9 = BLOWING SNOW
X = TORNADO
MAX 32 OR BELOW: 0 0.01 INCH OR MORE: 8
MAX 90 OR ABOVE: 2 0.10 INCH OR MORE: 6
MIN 32 OR BELOW: 0 0.50 INCH OR MORE: 4
MIN 0 OR BELOW: 0 1.00 INCH OR MORE: 0
[HDD (BASE 65) ]
TOTAL THIS MO. 4 CLEAR (SCALE 0-3) 11
DPTR FM NORMAL -34 PTCLDY (SCALE 4-7) 18
TOTAL FM JUL 1 4 CLOUDY (SCALE 8-10) 2
DPTR FM NORMAL -57
[CDD (BASE 65) ]
TOTAL THIS MO. 188
DPTR FM NORMAL 82 [PRESSURE DATA]
TOTAL FM JAN 1 603 HIGHEST SLP 30.19 ON 8
DPTR FM NORMAL 272 LOWEST SLP 29.53 ON 29
[REMARKS]
#FINAL-08-20#