000
CXUS51 KPBZ 010730
CF6DUJ
PRELIMINARY LOCAL CLIMATOLOGICAL DATA (WS FORM: F-6)
STATION: DUBOIS PA
MONTH: SEPTEMBER
YEAR: 2023
LATITUDE: 41 10 N
LONGITUDE: 78 54 W
TEMPERATURE IN F: :PCPN: SNOW: WIND :SUNSHINE: SKY :PK WND
================================================================================
1 2 3 4 5 6A 6B 7 8 9 10 11 12 13 14 15 16 17 18
12Z AVG MX 2MIN
DY MAX MIN AVG DEP HDD CDD WTR SNW DPTH SPD SPD DIR MIN PSBL S-S WX SPD DR
================================================================================
1 76 50 63 -3 2 0 0.00 M M 4.7 10 90 M M 0 8 16 100
2 81 53 67 2 0 2 0.00 M M 5.9 15 240 M M 0 18 20 230
3 85 64 75 10 0 10 0.00 M M 8.6 17 240 M M 1 8 25 240
4 87 68 78 13 0 13 0.00 M M 7.1 16 260 M M 1 18 23 270
5 87 64 76 12 0 11 0.00 M M 2.5 12 260 M M 3 1 17 270
6 87 65 76 12 0 11 0.00 M M 3.9 14 220 M M 3 12 19 230
7 79 66 73 9 0 8 0.30 M M 4.9 15 220 M M 5 1238 20 170
8 78 65 72 8 0 7 0.00 M M 4.7 10 270 M M 7 128 14 210
9 77 63 70 7 0 5 1.45 M M 4.7 22 230 M M 9 123 31 240
10 76 65 71 8 0 6 0.00 M M 4.1 8 340 M M 8 138 12 350
11 76 60 68 5 0 3 0.00 M M 4.7 13 280 M M 4 12 18 260
12 77 55 66 4 0 1 0.38 M M 4.5 20 320 M M 4 123 29 330
13 71 55 63 1 2 0 0.00 M M 6.4 14 310 M M 6 1 23 330
14 68 49 59 -3 6 0 0.00 M M 4.7 13 360 M M 4 12 19 10
15 72 45 59 -2 6 0 0.00 M M 4.7 14 60 M M 0 21 70
16 72 46 59 -2 6 0 0.00 M M 3.0 9 280 M M 0 13 310
17 67 48 58 -3 7 0 T M M 3.5 14 130 M M 5 20 120
18 70 50 60 0 5 0 T M M 6.6 16 280 M M 6 12 24 280
19 67 52 60 0 5 0 0.00 M M 6.4 16 320 M M 7 1 26 280
20 71 51 61 1 4 0 0.00 M M 2.9 12 330 M M 4 17 330
21 76 48 62 3 3 0 0.00 M M 3.7 9 30 M M 2 1 12 20
22 70 48 59 0 6 0 0.00 M M 6.7 14 80 M M 0 22 140
23 58 52 55 -3 10 0 0.24 M M 10.2 18 50 M M 5 1 26 50
24 61 53 57 -1 8 0 0.43 M M 8.7 16 60 M M 10 18 24 60
25 68 56 62 4 3 0 0.06 M M 6.9 16 110 M M 10 18 26 70
26 57 52 55 -2 10 0 0.50 M M 8.2 14 110 M M 10 18 21 100
27 67 53 60 3 5 0 0.00 M M 9.0 17 110 M M 5 24 100
28 65 49 57 1 8 0 0.00 M M 8.2 16 100 M M 5 22 130
29 72 55 64 8 1 0 T M M 4.8 10 100 M M 7 12 15 110
30 77 53 65 9 0 0 0.00 M M 3.3 9 340 M M 5 12 13 30
================================================================================
SM 2195 1653 97 77 3.36 M 168.2 M 136
================================================================================
AV 73.2 55.1 5.6 FASTST M M 5 MAX(MPH)
MISC ----> 22 230 31 240
================================================================================
NOTES:
# LAST OF SEVERAL OCCURRENCES
COLUMN 17 PEAK WIND IN M.P.H.
PRELIMINARY LOCAL CLIMATOLOGICAL DATA (WS FORM: F-6) , PAGE 2
STATION: DUBOIS PA
MONTH: SEPTEMBER
YEAR: 2023
LATITUDE: 41 10 N
LONGITUDE: 78 54 W
[TEMPERATURE DATA] [PRECIPITATION DATA] SYMBOLS USED IN COLUMN 16
AVERAGE MONTHLY: 64.1 TOTAL FOR MONTH: 3.36 1 = FOG OR MIST
DPTR FM NORMAL: 3.1 DPTR FM NORMAL: -0.60 2 = FOG REDUCING VISIBILITY
HIGHEST: 87 ON 6, 5 GRTST 24HR 1.45 ON 9- 9 TO 1/4 MILE OR LESS
LOWEST: 45 ON 15 3 = THUNDER
SNOW, ICE PELLETS, HAIL 4 = ICE PELLETS
TOTAL MONTH: M 5 = HAIL
GRTST 24HR M ON M 6 = FREEZING RAIN OR DRIZZLE
GRTST DEPTH: M ON M 7 = DUSTSTORM OR SANDSTORM:
VSBY 1/2 MILE OR LESS
8 = SMOKE OR HAZE
[NO. OF DAYS WITH] [WEATHER - DAYS WITH] 9 = BLOWING SNOW
X = TORNADO
MAX 32 OR BELOW: 0 0.01 INCH OR MORE: 7
MAX 90 OR ABOVE: 0 0.10 INCH OR MORE: 6
MIN 32 OR BELOW: 0 0.50 INCH OR MORE: 2
MIN 0 OR BELOW: 0 1.00 INCH OR MORE: 1
[HDD (BASE 65) ]
TOTAL THIS MO. 97 CLEAR (SCALE 0-3) 10
DPTR FM NORMAL -62 PTCLDY (SCALE 4-7) 15
TOTAL FM JUL 1 108 CLOUDY (SCALE 8-10) 5
DPTR FM NORMAL -103
[CDD (BASE 65) ]
TOTAL THIS MO. 77
DPTR FM NORMAL 38 [PRESSURE DATA]
TOTAL FM JAN 1 542 HIGHEST SLP 30.35 ON 22
DPTR FM NORMAL 132 LOWEST SLP 29.78 ON 7
[REMARKS]
#FINAL-09-23#