000
CXUS53 KFGF 010915
CF6DVL
PRELIMINARY LOCAL CLIMATOLOGICAL DATA (WS FORM: F-6)
STATION: DEVILS LAKE ND
MONTH: JANUARY
YEAR: 2021
LATITUDE: 48 7 N
LONGITUDE: 98 54 W
TEMPERATURE IN F: :PCPN: SNOW: WIND :SUNSHINE: SKY :PK WND
================================================================================
1 2 3 4 5 6A 6B 7 8 9 10 11 12 13 14 15 16 17 18
12Z AVG MX 2MIN
DY MAX MIN AVG DEP HDD CDD WTR SNW DPTH SPD SPD DIR MIN PSBL S-S WX SPD DR
================================================================================
1 29 18 24 16 41 0 T M M 6.4 13 230 M M 8 12 M M
2 34 15 25 17 40 0 M M M 10.1 16 200 M M 0 24 200
3 38 18 28 20 37 0 T M M 9.6 14 220 M M 1 1 M M
4 39 15 27 19 38 0 T M M 15.3 24 290 M M 1 31 290
5 29 5 17 9 48 0 M M M 6.5 12 120 M M 1 12 M M
6 34 19 27 19 38 0 M M M 5.7 14 180 M M 9 1 18 180
7 33 24 29 21 36 0 M M M 8.9 14 180 M M 9 12 M M
8 32 30 31 23 34 0 T M M 2.4 7 150 M M 10 1 M M
9 31 22 27 19 38 0 M M M 7.0 13 280 M M 10 12 M M
10 33 13 23 15 42 0 M M M 11.7 22 240 M M 6 1 28 240
11 30 14 22 14 43 0 M M M 6.0 16 300 M M 4 12 M M
12 37 15 26 18 39 0 M M M 7.7 14 280 M M 0 M M
13 39 19 29 21 36 0 0.17 M M 5.8 10 240 M M 4 M M
14 36 27 32 24 33 0 0.02 M M M M M M M M M M
15 27 20 24 16 41 0 T M M 20.6 28 330 M M 10 1 39 330
16 30 18 24 16 41 0 M M M 11.4 18 300 M M 6 M M
17 28 19 24 16 41 0 T M M 9.1 17 300 M M 9 1 M M
18 20 2 11 3 54 0 0.01 M M 8.2 14 50 M M 10 1 M M
19 19 -2 9 1 56 0 T M M 10.9 20 200 M M 4 1 31 200
20 36 19 28 20 37 0 T M M 26.9 38 280 M M 3 54 270
21 29 1 15 7 50 0 T M M 16.1 25 280 M M 7 33 280
22 19 1 10 2 55 0 T M M 8.9 15 260 M M 9 1 M M
23 25 4 15 7 50 0 T M M 9.8 22 300 M M 4 30 300
24 4 -5 0 -8 65 0 T M M 10.2 16 300 M M 9 1 M M
25 1 -5 -2 -10 67 0 T M M 14.1 20 70 M M 10 1 M M
26 -4 -20 -12 -20 77 0 T M M 7.4 13 40 M M 5 M M
27 0 -22 -11 -20 76 0 T M M 8.3 16 110 M M 8 M M
28 15 -1 7 -2 58 0 T M M 11.8 15 120 M M 6 M M
29 22 15 19 10 46 0 M M M 14.6 20 120 M M 10 1 27 120
30 23 21 22 13 43 0 T M M 7.9 17 140 M M 10 1 23 140
31 23 17 20 11 45 0 M M M 9.5 15 290 M M 10 1 M M
================================================================================
SM 791 336 1445 0 0.20 M 308.8 M 193
================================================================================
AV 25.5 10.8 10.3 FASTST M M 6 MAX(MPH)
MISC ----> 38 280 54 270
================================================================================
NOTES:
# LAST OF SEVERAL OCCURRENCES
COLUMN 17 PEAK WIND IN M.P.H.
PRELIMINARY LOCAL CLIMATOLOGICAL DATA (WS FORM: F-6) , PAGE 2
STATION: DEVILS LAKE ND
MONTH: JANUARY
YEAR: 2021
LATITUDE: 48 7 N
LONGITUDE: 98 54 W
[TEMPERATURE DATA] [PRECIPITATION DATA] SYMBOLS USED IN COLUMN 16
AVERAGE MONTHLY: 18.2 TOTAL FOR MONTH: 0.20 1 = FOG OR MIST
DPTR FM NORMAL: 10.2 DPTR FM NORMAL: -0.41 2 = FOG REDUCING VISIBILITY
HIGHEST: 39 ON 13, 4 GRTST 24HR 0.26 ON 14-14 TO 1/4 MILE OR LESS
LOWEST: -22 ON 27 3 = THUNDER
SNOW, ICE PELLETS, HAIL 4 = ICE PELLETS
TOTAL MONTH: M 5 = HAIL
GRTST 24HR M ON M 6 = FREEZING RAIN OR DRIZZLE
GRTST DEPTH: M ON M 7 = DUSTSTORM OR SANDSTORM:
VSBY 1/2 MILE OR LESS
8 = SMOKE OR HAZE
[NO. OF DAYS WITH] [WEATHER - DAYS WITH] 9 = BLOWING SNOW
X = TORNADO
MAX 32 OR BELOW: 21 0.01 INCH OR MORE: 3
MAX 90 OR ABOVE: 0 0.10 INCH OR MORE: 1
MIN 32 OR BELOW: 31 0.50 INCH OR MORE: 0
MIN 0 OR BELOW: 6 1.00 INCH OR MORE: 0
[HDD (BASE 65) ]
TOTAL THIS MO. 1445 CLEAR (SCALE 0-3) 5
DPTR FM NORMAL -322 PTCLDY (SCALE 4-7) 11
TOTAL FM JUL 1 4914 CLOUDY (SCALE 8-10) 15
DPTR FM NORMAL -597
[CDD (BASE 65) ]
TOTAL THIS MO. 0
DPTR FM NORMAL 0 [PRESSURE DATA]
TOTAL FM JAN 1 0 HIGHEST SLP M ON M
DPTR FM NORMAL 0 LOWEST SLP M ON M
[REMARKS]
#FINAL-01-21#