926
CXUS53 KFGF 010815
CF6DVL
PRELIMINARY LOCAL CLIMATOLOGICAL DATA (WS FORM: F-6)
STATION: DEVILS LAKE ND
MONTH: JULY
YEAR: 2020
LATITUDE: 48 7 N
LONGITUDE: 98 54 W
TEMPERATURE IN F: :PCPN: SNOW: WIND :SUNSHINE: SKY :PK WND
================================================================================
1 2 3 4 5 6A 6B 7 8 9 10 11 12 13 14 15 16 17 18
12Z AVG MX 2MIN
DY MAX MIN AVG DEP HDD CDD WTR SNW DPTH SPD SPD DIR MIN PSBL S-S WX SPD DR
================================================================================
1 81 64 73 5 0 8 0.05 0.0 0 10.8 18 90 M M 4 13 30 90
2 89 68 79 10 0 14 T M M 13.5 24 260 M M 1 3 36 270
3 88 64 76 7 0 11 0.00 0.0 0 4.9 13 70 M M 1 M M
4 87 70 79 10 0 14 M M M 9.1 17 140 M M 1 3 24 110
5 84 68 76 7 0 11 M M M 7.5 16 260 M M 0 32 280
6 80 62 71 2 0 6 M M M 5.8 12 360 M M 1 M M
7 83 58 71 2 0 6 M M M 8.0 18 110 M M 0 25 110
8 80 61 71 2 0 6 0.20 M M 10.9 41 280 M M 2 13 58 290
9 73 62 68 -2 0 3 0.04 M M 18.7 36 270 M M 3 3 43 270
10 77 59 68 -2 0 3 M M M 6.3 10 270 M M 1 M M
11 78 60 69 -1 0 4 0.23 M M 6.6 14 330 M M 5 3 M M
12 83 62 73 3 0 8 M M M 8.2 15 160 M M 0 M M
13 76 64 70 0 0 5 0.15 M M 11.0 29 190 M M 5 13 39 180
14 76 57 67 -3 0 2 M M M 15.0 24 270 M M 0 32 280
15 79 59 69 -1 0 4 M M M 13.0 23 260 M M 0 26 260
16 78 60 69 -1 0 4 T M M 8.8 16 280 M M 3 24 270
17 91 61 76 6 0 11 1.75 M M 12.0 28 60 M M 3 13 44 360
18 72 62 67 -3 0 2 T M M 13.0 21 300 M M 4 1 25 310
19 74 59 67 -3 0 2 M M M 11.5 18 310 M M 3 22 300
20 72 58 65 -5 0 0 0.24 M M 4.5 10 110 M M 5 1 M M
21 72 58 65 -5 0 0 0.00 0.0 0 6.1 13 80 M M 7 M M
22 75 59 67 -3 0 2 M M M 13.6 22 160 M M 0 27 160
23 82 63 73 3 0 8 0.00 0.0 0 17.0 22 150 M M 3 30 150
24 89 71 80 10 0 15 T M M 11.2 21 150 M M 3 25 140
25 89 64 77 7 0 12 0.13 0.0 0 7.8 29 270 M M 2 13 39 270
26 78 56 67 -4 0 2 0.01 0.0 0 12.0 23 290 M M 1 29 290
27 79 60 70 -1 0 5 M M M 10.1 15 300 M M 1 M M
28 81 56 69 -2 0 4 0.15 M M 6.2 12 330 M M 1 8 M M
29 81 59 70 -1 0 5 M M M 4.8 9 120 M M 0 M M
30 83 58 71 0 0 6 M M M 5.8 10 150 M M 0 M M
31 81 67 74 4 0 9 M M M 11.9 17 350 M M 4 22 10
================================================================================
SM 2491 1909 0 192 2.95 0.0 305.6 M 64
================================================================================
AV 80.4 61.6 9.9 FASTST M M 2 MAX(MPH)
MISC ----> 41 280 58 290
================================================================================
NOTES:
# LAST OF SEVERAL OCCURRENCES
COLUMN 17 PEAK WIND IN M.P.H.
PRELIMINARY LOCAL CLIMATOLOGICAL DATA (WS FORM: F-6) , PAGE 2
STATION: DEVILS LAKE ND
MONTH: JULY
YEAR: 2020
LATITUDE: 48 7 N
LONGITUDE: 98 54 W
[TEMPERATURE DATA] [PRECIPITATION DATA] SYMBOLS USED IN COLUMN 16
AVERAGE MONTHLY: 71.0 TOTAL FOR MONTH: 2.95 1 = FOG OR MIST
DPTR FM NORMAL: 1.2 DPTR FM NORMAL: -0.60 2 = FOG REDUCING VISIBILITY
HIGHEST: 91 ON 17 GRTST 24HR 1.75 ON 17-17 TO 1/4 MILE OR LESS
LOWEST: 56 ON 28,26 3 = THUNDER
SNOW, ICE PELLETS, HAIL 4 = ICE PELLETS
TOTAL MONTH: 0.0 INCH 5 = HAIL
GRTST 24HR 0.0 6 = FREEZING RAIN OR DRIZZLE
GRTST DEPTH: 0 7 = DUSTSTORM OR SANDSTORM:
VSBY 1/2 MILE OR LESS
8 = SMOKE OR HAZE
[NO. OF DAYS WITH] [WEATHER - DAYS WITH] 9 = BLOWING SNOW
X = TORNADO
MAX 32 OR BELOW: 0 0.01 INCH OR MORE: 10
MAX 90 OR ABOVE: 1 0.10 INCH OR MORE: 7
MIN 32 OR BELOW: 0 0.50 INCH OR MORE: 1
MIN 0 OR BELOW: 0 1.00 INCH OR MORE: 1
[HDD (BASE 65) ]
TOTAL THIS MO. 0 CLEAR (SCALE 0-3) 24
DPTR FM NORMAL -23 PTCLDY (SCALE 4-7) 7
TOTAL FM JUL 1 0 CLOUDY (SCALE 8-10) 0
DPTR FM NORMAL -28
[CDD (BASE 65) ]
TOTAL THIS MO. 192
DPTR FM NORMAL 18 [PRESSURE DATA]
TOTAL FM JAN 1 319 HIGHEST SLP M ON M
DPTR FM NORMAL 36 LOWEST SLP M ON M
[REMARKS]
#FINAL-07-20#