000
CXUS54 KEWX 011111
CF6DZB
PRELIMINARY LOCAL CLIMATOLOGICAL DATA (WS FORM: F-6)
STATION: HORSESHOE BAY
MONTH: DECEMBER
YEAR: 2023
LATITUDE: 30 31 N
LONGITUDE: 98 22 W
TEMPERATURE IN F: :PCPN: SNOW: WIND :SUNSHINE: SKY :PK WND
================================================================================
1 2 3 4 5 6A 6B 7 8 9 10 11 12 13 14 15 16 17 18
12Z AVG MX 2MIN
DY MAX MIN AVG DEP HDD CDD WTR SNW DPTH SPD SPD DIR MIN PSBL S-S WX SPD DR
================================================================================
1 70 44 57 M 8 0 0.00 M M 2.6 9 330 M M 0 M M
2 70 41 56 M 9 0 0.00 M M 2.0 6 270 M M 1 M M
3 77 37 57 M 8 0 0.00 M M 5.2 14 230 M M 0 22 230
4 69 37 53 M 12 0 0.00 M M 1.9 6 240 M M 0 M M
5 72 35 54 M 11 0 0.00 M M 1.2 5 360 M M 0 M M
6 70 38 54 M 11 0 0.00 M M 3.5 8 170 M M 0 M M
7 72 49 61 M 4 0 0.00 M M 7.2 14 190 M M 4 24 190
8 79 57 68 M 0 3 0.00 M M 7.0 14 220 M M 2 22 190
9 70 49 60 M 5 0 0.00 M M 6.0 13 360 M M 3 12 23 350
10 57 35 46 M 19 0 0.00 M M 6.1 13 350 M M 0 23 350
11 68 29 49 M 16 0 0.00 M M 4.1 10 180 M M 0 17 220
12 68 34 51 M 14 0 0.00 M M 4.4 9 130 M M 5 20 160
13 59 49 54 M 11 0 0.00 M M 4.7 8 110 M M 10 16 120
14 63 47 55 M 10 0 0.00 M M 3.7 10 140 M M 9 22 140
15 61 47 54 M 11 0 0.13 M M 4.3 10 120 M M 9 1 16 140
16 65 37 51 M 14 0 0.00 M M 4.6 12 340 M M 0 18 320
17 74 31 53 M 12 0 0.00 M M 2.0 7 230 M M 0 M M
18 68 36 52 M 13 0 0.00 M M 2.0 6 10 M M 0 M M
19 68 35 52 M 13 0 0.00 0.0 M 3.9 12 190 M M 0 20 190
20 71 54 63 M 2 0 0.00 M M 6.0 12 170 M M 8 1 21 170
21 63 60 62 M 3 0 0.06 M M 4.9 9 150 M M 10 1 16 140
22 74 60 67 M 0 2 0.00 M M 3.5 8 170 M M 6 1 M M
23 70 62 66 M 0 1 0.01 M M 6.2 10 150 M M 10 1 16 150
24 72 51 62 M 3 0 0.95 M M 4.7 14 340 M M 5 23 340
25 55 33 44 M 21 0 0.00 M M 6.9 13 340 M M 0 22 330
26 60 30 45 M 20 0 0.00 M M 5.4 15 200 M M 1 27 210
27 62 31 47 M 18 0 0.00 M M 3.4 12 340 M M 0 16 330
28 60 33 47 M 18 0 0.00 M M 2.8 7 320 M M 1 16 330
29 59 32 46 M 19 0 0.00 M M 4.1 13 320 M M 0 17 320
30 71 28 50 M 15 0 0.00 M M 3.0 9 200 M M 0 M M
31 74 34 54 M 11 0 0.00 M M 4.7 12 200 M M 0 22 200
================================================================================
SM 2091 1275 331 6 1.15 0.0 132.2 M 84
================================================================================
AV 67.5 41.1 4.3 FASTST M M 3 MAX(MPH)
MISC ----> 15 200 27 210
================================================================================
NOTES:
# LAST OF SEVERAL OCCURRENCES
COLUMN 17 PEAK WIND IN M.P.H.
PRELIMINARY LOCAL CLIMATOLOGICAL DATA (WS FORM: F-6) , PAGE 2
STATION: HORSESHOE BAY
MONTH: DECEMBER
YEAR: 2023
LATITUDE: 30 31 N
LONGITUDE: 98 22 W
[TEMPERATURE DATA] [PRECIPITATION DATA] SYMBOLS USED IN COLUMN 16
AVERAGE MONTHLY: 54.3 TOTAL FOR MONTH: 1.15 1 = FOG OR MIST
DPTR FM NORMAL: 0.0 DPTR FM NORMAL: M 2 = FOG REDUCING VISIBILITY
HIGHEST: 79 ON 8 GRTST 24HR 0.95 ON 24-24 TO 1/4 MILE OR LESS
LOWEST: 28 ON 30 3 = THUNDER
SNOW, ICE PELLETS, HAIL 4 = ICE PELLETS
TOTAL MONTH: 0.0 INCH 5 = HAIL
GRTST 24HR 0.0 6 = FREEZING RAIN OR DRIZZLE
GRTST DEPTH: M ON M 7 = DUSTSTORM OR SANDSTORM:
VSBY 1/2 MILE OR LESS
8 = SMOKE OR HAZE
[NO. OF DAYS WITH] [WEATHER - DAYS WITH] 9 = BLOWING SNOW
X = TORNADO
MAX 32 OR BELOW: 0 0.01 INCH OR MORE: 4
MAX 90 OR ABOVE: 0 0.10 INCH OR MORE: 2
MIN 32 OR BELOW: 6 0.50 INCH OR MORE: 1
MIN 0 OR BELOW: 0 1.00 INCH OR MORE: 0
[HDD (BASE 65) ]
TOTAL THIS MO. 331 CLEAR (SCALE 0-3) 21
DPTR FM NORMAL M PTCLDY (SCALE 4-7) 5
TOTAL FM JUL 1 623 CLOUDY (SCALE 8-10) 5
DPTR FM NORMAL M
[CDD (BASE 65) ]
TOTAL THIS MO. 6
DPTR FM NORMAL M [PRESSURE DATA]
TOTAL FM JAN 1 3592 HIGHEST SLP M ON M
DPTR FM NORMAL M LOWEST SLP M ON M
[REMARKS]
#FINAL-12-23#