000
CXUS54 KMAF 011110
CF6E38
PRELIMINARY LOCAL CLIMATOLOGICAL DATA (WS FORM: F-6)
STATION: ALPINE-CASPARIS MUNICIPAL
MONTH: JULY
YEAR: 2022
LATITUDE: 30 23 N
LONGITUDE: 103 41 W
TEMPERATURE IN F: :PCPN: SNOW: WIND :SUNSHINE: SKY :PK WND
================================================================================
1 2 3 4 5 6A 6B 7 8 9 10 11 12 13 14 15 16 17 18
12Z AVG MX 2MIN
DY MAX MIN AVG DEP HDD CDD WTR SNW DPTH SPD SPD DIR MIN PSBL S-S WX SPD DR
================================================================================
1 93 68 81 M 0 16 0.16 M M 6.1 12 140 M M 2 3 23 0
2 89 67 78 M 0 13 0.03 M M 6.1 16 130 M M 3 29 70
3 88 65 77 M 0 12 M M M 6.1 22 270 M M 2 3 33 270
4 88 69 79 M 0 14 0.17 M M 8.3 20 190 M M 3 25 190
5 92 68 80 M 0 15 0.07 M M 6.9 18 330 M M 3 38 200
6 91 66 79 M 0 14 M M M 8.7 21 250 M M 0 29 210
7 95 69 82 M 0 17 0.02 M M 7.0 25 200 M M 1 3 29 100
8 95 64 80 M 0 15 M M M 5.3 12 40 M M 0 21 40
9 95 68 82 M 0 17 M M M 6.6 21 360 M M 1 30 360
10 93 67 80 M 0 15 M M M 5.6 10 170 M M 1 20 130
11 96 65 81 M 0 16 M M M 5.5 15 60 M M 0 21 30
12 95 71 83 M 0 18 M M M 10.0 16 40 M M 1 32 210
13 86 69 78 M 0 13 0.11 M M 2.9 20 190 M M 2 3 28 240
14 93 61 77 M 0 12 M M M 7.0 20 130 M M 0 29 130
15 93 67 80 M 0 15 M M M 8.2 16 50 M M 1 25 50
16 91 64 78 M 0 13 M M M 6.5 12 140 M M 1 18 140
17 95 67 81 M 0 16 M M M 6.2 15 130 M M 1 22 130
18 97 65 81 M 0 16 M M M 6.7 14 110 M M 0 18 60
19 100 71 86 M 0 21 M M M 7.2 15 150 M M 0 20 150
20 101 69 85 M 0 20 M M M 6.6 12 130 M M 0 23 60
21 98 74 86 M 0 21 M M M 6.9 25 240 M M 1 32 240
22 96 73 85 M 0 20 M M M 6.9 14 160 M M 1 26 140
23 92 70 81 M 0 16 0.07 M M 7.5 24 40 M M 2 3 35 40
24 90 68 79 M 0 14 0.03 M M 8.5 16 180 M M 4 3 22 120
25 94 72 83 M 0 18 M M M 8.5 28 240 M M 3 33 240
26 93 69 81 M 0 16 M M M 8.1 16 150 M M 2 24 150
27 91 62 77 M 0 12 0.41 M M 7.5 22 190 M M 2 3 30 190
28 92 68 80 M 0 15 M M M 6.6 15 120 M M 2 24 140
29 93 69 81 M 0 16 M M M 7.2 17 130 M M 1 25 130
30 94 70 82 M 0 17 M M M 8.1 15 130 M M 1 22 130
31 94 71 83 M 0 18 M M M 7.6 17 150 M M 1 23 170
================================================================================
SM 2893 2106 0 491 1.07 M 216.7 M 42
================================================================================
AV 93.3 67.9 7.0 FASTST M M 1 MAX(MPH)
MISC ----> 28 240 38 200
================================================================================
NOTES:
# LAST OF SEVERAL OCCURRENCES
COLUMN 17 PEAK WIND IN M.P.H.
PRELIMINARY LOCAL CLIMATOLOGICAL DATA (WS FORM: F-6) , PAGE 2
STATION: ALPINE-CASPARIS MUNICIPAL
MONTH: JULY
YEAR: 2022
LATITUDE: 30 23 N
LONGITUDE: 103 41 W
[TEMPERATURE DATA] [PRECIPITATION DATA] SYMBOLS USED IN COLUMN 16
AVERAGE MONTHLY: 80.6 TOTAL FOR MONTH: 1.07 1 = FOG OR MIST
DPTR FM NORMAL: 0.0 DPTR FM NORMAL: M 2 = FOG REDUCING VISIBILITY
HIGHEST: 101 ON 20 GRTST 24HR 0.41 ON 27-27 TO 1/4 MILE OR LESS
LOWEST: 61 ON 14 3 = THUNDER
SNOW, ICE PELLETS, HAIL 4 = ICE PELLETS
TOTAL MONTH: M 5 = HAIL
GRTST 24HR M ON M 6 = FREEZING RAIN OR DRIZZLE
GRTST DEPTH: M ON M 7 = DUSTSTORM OR SANDSTORM:
VSBY 1/2 MILE OR LESS
8 = SMOKE OR HAZE
[NO. OF DAYS WITH] [WEATHER - DAYS WITH] 9 = BLOWING SNOW
X = TORNADO
MAX 32 OR BELOW: 0 0.01 INCH OR MORE: 9
MAX 90 OR ABOVE: 27 0.10 INCH OR MORE: 4
MIN 32 OR BELOW: 0 0.50 INCH OR MORE: 0
MIN 0 OR BELOW: 0 1.00 INCH OR MORE: 0
[HDD (BASE 65) ]
TOTAL THIS MO. 0 CLEAR (SCALE 0-3) 30
DPTR FM NORMAL M PTCLDY (SCALE 4-7) 1
TOTAL FM JUL 1 0 CLOUDY (SCALE 8-10) 0
DPTR FM NORMAL M
[CDD (BASE 65) ]
TOTAL THIS MO. 491
DPTR FM NORMAL M [PRESSURE DATA]
TOTAL FM JAN 1 1465 HIGHEST SLP M ON M
DPTR FM NORMAL M LOWEST SLP M ON M
[REMARKS]
#FINAL-07-22#