000
CXUS56 KOTX 011217
CLAEAT
CLIMATE REPORT
NATIONAL WEATHER SERVICE SPOKANE WA
417 AM PST MON JAN 01 2024
...................................
...THE WENATCHEE WA PANGBORN FIELD CLIMATE SUMMARY FOR THE YEAR OF 2023...
CLIMATE NORMAL PERIOD 1991 TO 2020
CLIMATE RECORD PERIOD 1959 TO 2023
WEATHER OBSERVED NORMAL DEPART
VALUE DATE(S) VALUE FROM
NORMAL
................................................
TEMPERATURE (F)
RECORD
HIGH 114 06/29/2021
LOW -21 12/30/1968
HIGHEST 104 08/15
LOWEST 9 01/30
AVG. MAXIMUM 61.3 60.6 0.7
AVG. MINIMUM 43.4 41.7 1.7
MEAN 52.4 51.2 1.2
DAYS MAX >= 90 33 35.0 -2.0
DAYS MAX <= 32 21 31.1 -10.1
DAYS MIN <= 32 124 111.2 12.8
DAYS MIN <= 0 0 0.7 -0.7
PRECIPITATION (INCHES)
RECORD
MAXIMUM 14.28 1983
MINIMUM 4.49 1976
TOTALS 6.32 7.83 -1.51
DAILY AVG. 0.02 0.02 -0.00
DAYS >= .01 75 70.4 4.6
DAYS >= .10 24 25.3 -1.3
DAYS >= .50 0 1.7 -1.7
DAYS >= 1.00 0 0.0 0.0
GREATEST
24 HR. TOTAL 0.39 01/07 TO 01/08
DEGREE DAYS
HEATING TOTAL 5582 5813 -231
COOLING TOTAL 1097 807 290
FREEZE DATES
RECORD
EARLIEST 09/29/1985
LATEST 05/27/2011
EARLIEST 10/27
LATEST 04/20
................................................
WIND (MPH)
AVERAGE WIND SPEED 7.1
HIGHEST WIND SPEED/DIRECTION 41/290 DATE 06/13
HIGHEST GUST SPEED/DIRECTION 50/300 DATE 06/13
SKY COVER
AVERAGE SKY COVER 0.33
AVERAGE RH (PERCENT) 61
WEATHER CONDITIONS. NUMBER OF DAYS WITH
THUNDERSTORM 14 MIXED PRECIP 10
HEAVY RAIN 2 RAIN 13
LIGHT RAIN 86 FREEZING RAIN 0
LT FREEZING RAIN 1 HAIL 0
SLEET 0 FOG 87
FOG W/VIS <= 1/4 MILE 39 HAZE 37
- INDICATES NEGATIVE NUMBERS.
R INDICATES RECORD WAS SET OR TIED.
MM INDICATES DATA IS MISSING.
T INDICATES TRACE AMOUNT.
$$