000
CXUS53 KMPX 050532
CF6EAU
PRELIMINARY LOCAL CLIMATOLOGICAL DATA (WS FORM: F-6)
STATION: EAU CLAIRE WI
MONTH: JULY
YEAR: 2022
LATITUDE: 44 52 N
LONGITUDE: 91 29 W
TEMPERATURE IN F: :PCPN: SNOW: WIND :SUNSHINE: SKY :PK WND
================================================================================
1 2 3 4 5 6A 6B 7 8 9 10 11 12 13 14 15 16 17 18
12Z AVG MX 2MIN
DY MAX MIN AVG DEP HDD CDD WTR SNW DPTH SPD SPD DIR MIN PSBL S-S WX SPD DR
================================================================================
1 84 55 70 -1 0 5 0.00 0.0 0 6.3 22 300 M M 0 32 300
2 77 55 66 -5 0 1 0.03 0.0 0 3.3 10 360 M M 3 12 16 350
3 82 51 67 -4 0 2 T 0.0 0 4.7 14 180 M M 7 12 18 180
4 74 63 69 -2 0 4 0.19 0.0 0 4.9 14 190 M M 6 12 20 190
5 90 67 79 8 0 14 0.00 0.0 M 5.0 15 60 M M 7 12 22 60
6 80 65 73 2 0 8 0.00 0.0 0 5.7 13 70 M M 7 1 18 20
7 88 62 75 4 0 10 0.00 0.0 0 2.6 10 150 M M 5 1 12 150
8 80 62 71 0 0 6 T 0.0 0 6.9 16 70 M M 5 23 70
9 84 56 70 -1 0 5 0.00 0.0 0 4.3 12 150 M M 3 12 18 200
10 83 58 71 -1 0 6 0.08 0.0 0 7.7 23 140 M M 5 13 31 140
11 84 64 74 2 0 9 0.31 0.0 0 10.0 37 270 M M 5 13 67 260
12 85 61 73 1 0 8 0.04 0.0 0 6.5 25 310 M M 2 3 34 320
13 75 58 67 -5 0 2 0.00 0.0 0 4.4 10 10 M M 3 16 40
14 83 52 68 -4 0 3 0.00 0.0 0 7.5 16 170 M M 2 1 22 120
15 82 65 74 2 0 9 0.50 0.0 0 7.1 17 160 M M 5 13 23 150
16 83 62 73 1 0 8 0.00 0.0 0 2.8 12 140 M M 4 12 17 140
17 86 65 76 4 0 11 0.00 0.0 0 2.8 16 290 M M 1 1 22 290
18 92 65 79 7 0 14 0.00 0.0 0 7.4 17 240 M M 1 23 240
19 90 74 82 10 0 17 0.00 0.0 0 12.4 23 200 M M 2 32 220
20 86 67 77 5 0 12 0.04 0.0 0 12.2 25 300 M M 4 1 36 320
21 86 63 75 3 0 10 0.00 0.0 0 8.2 21 310 M M 1 30 310
22 92 61 77 5 0 12 0.00 0.0 0 6.9 16 280 M M 2 22 240
23 85 62 74 3 0 9 0.16 0.0 0 4.7 16 90 M M 3 13 23 100
24 81 60 71 0 0 6 0.00 0.0 0 9.2 20 290 M M 2 1 28 300
25 77 50 64 -7 1 0 0.00 0.0 0 3.7 13 240 M M 1 19 250
26 80 53 67 -4 0 2 T 0.0 0 5.7 14 220 M M 7 1 20 230
27 85 65 75 4 0 10 0.00 0.0 0 10.5 21 270 M M 4 30 260
28 79 57 68 -3 0 3 0.00 0.0 0 9.6 20 290 M M 4 31 340
29 81 54 68 -3 0 3 0.00 0.0 0 5.6 16 320 M M 1 23 330
30 87 51 69 -2 0 4 0.00 0.0 0 6.6 17 200 M M 1 1 22 200
31 86 61 74 3 0 9 0.02 0.0 0 11.0 24 180 M M 3 3 33 230
================================================================================
SM 2587 1864 1 222 1.37 0.0 206.2 M 106
================================================================================
AV 83.5 60.1 6.7 FASTST M M 3 MAX(MPH)
MISC ----> 37 270 67 260
================================================================================
NOTES:
# LAST OF SEVERAL OCCURRENCES
COLUMN 17 PEAK WIND IN M.P.H.
PRELIMINARY LOCAL CLIMATOLOGICAL DATA (WS FORM: F-6) , PAGE 2
STATION: EAU CLAIRE WI
MONTH: JULY
YEAR: 2022
LATITUDE: 44 52 N
LONGITUDE: 91 29 W
[TEMPERATURE DATA] [PRECIPITATION DATA] SYMBOLS USED IN COLUMN 16
AVERAGE MONTHLY: 71.8 TOTAL FOR MONTH: 1.37 1 = FOG OR MIST
DPTR FM NORMAL: 0.5 DPTR FM NORMAL: -2.24 2 = FOG REDUCING VISIBILITY
HIGHEST: 92 ON 22,18 GRTST 24HR 0.50 ON 15-15 TO 1/4 MILE OR LESS
LOWEST: 50 ON 25 3 = THUNDER
SNOW, ICE PELLETS, HAIL 4 = ICE PELLETS
TOTAL MONTH: 0.0 INCH 5 = HAIL
GRTST 24HR 0.0 6 = FREEZING RAIN OR DRIZZLE
GRTST DEPTH: 0 7 = DUSTSTORM OR SANDSTORM:
VSBY 1/2 MILE OR LESS
8 = SMOKE OR HAZE
[NO. OF DAYS WITH] [WEATHER - DAYS WITH] 9 = BLOWING SNOW
X = TORNADO
MAX 32 OR BELOW: 0 0.01 INCH OR MORE: 9
MAX 90 OR ABOVE: 4 0.10 INCH OR MORE: 4
MIN 32 OR BELOW: 0 0.50 INCH OR MORE: 1
MIN 0 OR BELOW: 0 1.00 INCH OR MORE: 0
[HDD (BASE 65) ]
TOTAL THIS MO. 1 CLEAR (SCALE 0-3) 17
DPTR FM NORMAL -11 PTCLDY (SCALE 4-7) 14
TOTAL FM JUL 1 1 CLOUDY (SCALE 8-10) 0
DPTR FM NORMAL -2
[CDD (BASE 65) ]
TOTAL THIS MO. 222
DPTR FM NORMAL 15 [PRESSURE DATA]
TOTAL FM JAN 1 412 HIGHEST SLP 30.26 ON 9
DPTR FM NORMAL 55 LOWEST SLP 29.45 ON 20
[REMARKS]
#FINAL-07-22#