000
CXUS51 KAKQ 010710
CF6ECG
PRELIMINARY LOCAL CLIMATOLOGICAL DATA (WS FORM: F-6)
STATION: ELIZABETH CITY NC
MONTH: MAY
YEAR: 2023
LATITUDE: 36 16 N
LONGITUDE: 76 11 W
TEMPERATURE IN F: :PCPN: SNOW: WIND :SUNSHINE: SKY :PK WND
================================================================================
1 2 3 4 5 6A 6B 7 8 9 10 11 12 13 14 15 16 17 18
12Z AVG MX 2MIN
DY MAX MIN AVG DEP HDD CDD WTR SNW DPTH SPD SPD DIR MIN PSBL S-S WX SPD DR
================================================================================
1 68 51 60 -4 5 0 T 0.0 0 12.5 29 240 M M 5 37 230
2 70 51 61 -4 4 0 0.00 0.0 0 12.1 24 260 M M 1 38 270
3 66 45 56 -9 9 0 0.01 0.0 0 8.5 26 310 M M 4 32 240
4 68 46 57 -8 8 0 0.00 0.0 0 8.9 17 310 M M 4 23 320
5 71 45 58 -7 7 0 0.00 0.0 0 4.7 15 110 M M 2 1 20 50
6 72 48 60 -6 5 0 0.00 0.0 0 5.1 16 110 M M 4 19 110
7 82 52 67 1 0 2 0.05 0.0 0 9.7 21 240 M M 3 28 210
8 82 66 74 8 0 9 0.00 0.0 0 9.4 17 210 M M 0 24 230
9 79 59 69 3 0 4 T 0.0 0 11.4 25 20 M M 2 30 40
10 72 55 64 -3 1 0 0.00 0.0 0 8.2 16 60 M M 0 22 40
11 78 51 65 -2 0 0 0.00 0.0 0 5.3 15 130 M M 1 19 120
12 82 60 71 4 0 6 0.00 0.0 0 10.5 17 240 M M 0 24 220
13 83 63 73 6 0 8 0.03 0.0 0 10.6 18 210 M M 2 1 23 220
14 75 58 67 -1 0 2 0.17 0.0 0 9.9 21 20 M M 4 1 25 30
15 74 51 63 -5 2 0 0.00 0.0 0 4.7 12 170 M M 0 15 170
16 81 61 71 3 0 6 0.10 0.0 0 10.9 23 210 M M 6 13 29 220
17 81 60 71 3 0 6 0.31 0.0 0 11.3 22 40 M M 3 13 25 250
18 70 59 65 -4 0 0 0.00 0.0 0 13.4 21 40 M M 1 27 60
19 69 62 66 -3 0 1 0.01 0.0 0 11.0 16 40 M M 7 1 22 50
20 79 65 72 3 0 7 0.19 0.0 0 6.5 16 360 M M 7 1 19 20
21 73 54 64 -6 1 0 0.02 0.0 0 7.2 20 10 M M 5 1 25 20
22 76 52 64 -6 1 0 0.00 0.0 0 8.7 21 40 M M 0 1 25 50
23 71 59 65 -5 0 0 0.00 0.0 0 17.7 26 30 M M 4 31 30
24 70 58 64 -6 1 0 0.00 0.0 0 14.5 23 30 M M 6 28 40
25 66 55 61 -10 4 0 T 0.0 0 15.9 26 40 M M 3 31 30
26 66 58 62 -9 3 0 0.00 0.0 0 19.9 29 40 M M 1 37 30
27 66 60 63 -8 2 0 0.06 0.0 0 19.3 29 40 M M 7 1 36 60
28 77 62 70 -2 0 5 0.58 0.0 0 11.0 21 50 M M 9 1 25 50
29 79 66 73 1 0 8 0.02 0.0 0 7.5 17 110 M M 7 1 19 110
30 73 64 69 -3 0 4 T 0.0 0 12.9 21 30 M M 8 18 25 30
31 76 62 69 -3 0 4 T 0.0 0 14.5 23 30 M M 9 1 30 20
================================================================================
SM 2295 1758 53 72 1.55 0.0 333.7 M 115
================================================================================
AV 74.0 56.7 10.8 FASTST M M 4 MAX(MPH)
MISC ----> # 29 240 38 270
================================================================================
NOTES:
# LAST OF SEVERAL OCCURRENCES
COLUMN 17 PEAK WIND IN M.P.H.
PRELIMINARY LOCAL CLIMATOLOGICAL DATA (WS FORM: F-6) , PAGE 2
STATION: ELIZABETH CITY NC
MONTH: MAY
YEAR: 2023
LATITUDE: 36 16 N
LONGITUDE: 76 11 W
[TEMPERATURE DATA] [PRECIPITATION DATA] SYMBOLS USED IN COLUMN 16
AVERAGE MONTHLY: 65.4 TOTAL FOR MONTH: 1.55 1 = FOG OR MIST
DPTR FM NORMAL: -2.8 DPTR FM NORMAL: -2.13 2 = FOG REDUCING VISIBILITY
HIGHEST: 83 ON 13 GRTST 24HR 0.63 ON 27-28 TO 1/4 MILE OR LESS
LOWEST: 45 ON 5, 3 3 = THUNDER
SNOW, ICE PELLETS, HAIL 4 = ICE PELLETS
TOTAL MONTH: 0.0 INCH 5 = HAIL
GRTST 24HR 0.0 6 = FREEZING RAIN OR DRIZZLE
GRTST DEPTH: 0 7 = DUSTSTORM OR SANDSTORM:
VSBY 1/2 MILE OR LESS
8 = SMOKE OR HAZE
[NO. OF DAYS WITH] [WEATHER - DAYS WITH] 9 = BLOWING SNOW
X = TORNADO
MAX 32 OR BELOW: 0 0.01 INCH OR MORE: 12
MAX 90 OR ABOVE: 0 0.10 INCH OR MORE: 5
MIN 32 OR BELOW: 0 0.50 INCH OR MORE: 1
MIN 0 OR BELOW: 0 1.00 INCH OR MORE: 0
[HDD (BASE 65) ]
TOTAL THIS MO. 53 CLEAR (SCALE 0-3) 12
DPTR FM NORMAL 1 PTCLDY (SCALE 4-7) 17
TOTAL FM JUL 1 2523 CLOUDY (SCALE 8-10) 2
DPTR FM NORMAL -526
[CDD (BASE 65) ]
TOTAL THIS MO. 72
DPTR FM NORMAL -79 [PRESSURE DATA]
TOTAL FM JAN 1 163 HIGHEST SLP M ON M
DPTR FM NORMAL -47 LOWEST SLP 29.43 ON 1
[REMARKS]
#FINAL-05-23#