548
CXUS51 KAKQ 010710
CF6ECG
PRELIMINARY LOCAL CLIMATOLOGICAL DATA (WS FORM: F-6)
STATION: ELIZABETH CITY NC
MONTH: MARCH
YEAR: 2021
LATITUDE: 36 16 N
LONGITUDE: 76 11 W
TEMPERATURE IN F: :PCPN: SNOW: WIND :SUNSHINE: SKY :PK WND
================================================================================
1 2 3 4 5 6A 6B 7 8 9 10 11 12 13 14 15 16 17 18
12Z AVG MX 2MIN
DY MAX MIN AVG DEP HDD CDD WTR SNW DPTH SPD SPD DIR MIN PSBL S-S WX SPD DR
================================================================================
1 71 50 61 15 4 0 0.01 0.0 0 12.9 29 310 M M 4 1 43 310
2 50 35 43 -3 22 0 0.00 0.0 0 8.2 18 360 M M 0 24 340
3 59 35 47 0 18 0 0.00 0.0 0 3.0 12 120 M M 1 12 130
4 64 34 49 2 16 0 0.00 0.0 0 7.8 18 10 M M 2 22 20
5 49 31 40 -7 25 0 0.00 0.0 0 9.6 20 330 M M 0 30 70
6 52 31 42 -5 23 0 0.00 0.0 0 5.0 15 280 M M 0 20 250
7 51 34 43 -5 22 0 0.00 0.0 0 9.3 20 30 M M 0 24 20
8 56 27 42 -6 23 0 0.00 0.0 0 4.1 14 290 M M 0 18 300
9 68 32 50 2 15 0 0.00 0.0 0 7.4 15 200 M M 0 20 200
10 72 38 55 7 10 0 0.00 0.0 0 5.7 14 110 M M 0 24 70
11 75 50 63 14 2 0 0.00 0.0 0 11.5 21 210 M M 0 28 200
12 80 55 68 19 0 3 0.00 0.0 0 11.6 22 240 M M 1 27 240
13 67 38 53 4 12 0 0.00 0.0 0 8.7 18 360 M M 1 22 20
14 67 36 52 3 13 0 0.00 0.0 0 6.9 20 360 M M 0 1 26 360
15 54 38 46 -4 19 0 0.04 0.0 0 11.3 21 10 M M 2 25 360
16 49 37 43 -7 22 0 1.12 0.0 0 8.4 16 40 M M 10 1 19 40
17 55 46 51 1 14 0 T 0.0 0 9.9 15 340 M M 10 1 M M
18 75 49 62 11 3 0 0.02 0.0 0 8.7 20 190 M M 6 12 29 160
19 62 39 51 0 14 0 0.37 0.0 0 23.8 37 20 M M 7 1 49 20
20 51 40 46 -5 19 0 0.00 0.0 0 17.3 26 30 M M 3 35 30
21 60 41 51 -1 14 0 0.00 0.0 0 16.7 26 40 M M 2 31 40
22 63 51 57 5 8 0 T 0.0 0 18.3 24 30 M M 8 32 40
23 65 51 58 6 7 0 T 0.0 0 14.2 22 50 M M 10 1 29 60
24 77 57 67 15 0 2 T 0.0 0 9.2 21 170 M M 6 18 29 190
25 79 54 67 14 0 2 0.00 0.0 0 7.4 14 200 M M 1 1 M M
26 83 64 74 21 0 9 0.02 0.0 0 15.2 24 240 M M 3 33 200
27 70 57 64 11 1 0 0.18 0.0 0 9.2 29 320 M M 6 123 37 320
28 82 60 71 17 0 6 0.27 0.0 0 14.3 37 260 M M 5 123 50 280
29 66 43 55 1 10 0 0.00 0.0 0 10.3 20 300 M M 1 37 320
30 67 44 56 2 9 0 0.00 0.0 0 9.6 22 120 M M 1 27 120
31 81 56 69 15 0 4 0.91 0.0 0 8.5 25 280 M M 5 13 39 300
================================================================================
SM 2020 1353 345 26 2.94 0.0 324.0 M 95
================================================================================
AV 65.2 43.6 10.5 FASTST M M 3 MAX(MPH)
MISC ----> # 37 20 50 280
================================================================================
NOTES:
# LAST OF SEVERAL OCCURRENCES
COLUMN 17 PEAK WIND IN M.P.H.
PRELIMINARY LOCAL CLIMATOLOGICAL DATA (WS FORM: F-6) , PAGE 2
STATION: ELIZABETH CITY NC
MONTH: MARCH
YEAR: 2021
LATITUDE: 36 16 N
LONGITUDE: 76 11 W
[TEMPERATURE DATA] [PRECIPITATION DATA] SYMBOLS USED IN COLUMN 16
AVERAGE MONTHLY: 54.4 TOTAL FOR MONTH: 2.94 1 = FOG OR MIST
DPTR FM NORMAL: 4.3 DPTR FM NORMAL: -1.04 2 = FOG REDUCING VISIBILITY
HIGHEST: 83 ON 26 GRTST 24HR 1.16 ON 15-16 TO 1/4 MILE OR LESS
LOWEST: 27 ON 8 3 = THUNDER
SNOW, ICE PELLETS, HAIL 4 = ICE PELLETS
TOTAL MONTH: 0.0 INCH 5 = HAIL
GRTST 24HR 0.0 6 = FREEZING RAIN OR DRIZZLE
GRTST DEPTH: 0 7 = DUSTSTORM OR SANDSTORM:
VSBY 1/2 MILE OR LESS
8 = SMOKE OR HAZE
[NO. OF DAYS WITH] [WEATHER - DAYS WITH] 9 = BLOWING SNOW
X = TORNADO
MAX 32 OR BELOW: 0 0.01 INCH OR MORE: 9
MAX 90 OR ABOVE: 0 0.10 INCH OR MORE: 5
MIN 32 OR BELOW: 4 0.50 INCH OR MORE: 2
MIN 0 OR BELOW: 0 1.00 INCH OR MORE: 1
[HDD (BASE 65) ]
TOTAL THIS MO. 345 CLEAR (SCALE 0-3) 20
DPTR FM NORMAL -120 PTCLDY (SCALE 4-7) 8
TOTAL FM JUL 1 2530 CLOUDY (SCALE 8-10) 3
DPTR FM NORMAL -407
[CDD (BASE 65) ]
TOTAL THIS MO. 26
DPTR FM NORMAL 21 [PRESSURE DATA]
TOTAL FM JAN 1 26 HIGHEST SLP M ON M
DPTR FM NORMAL 19 LOWEST SLP 29.58 ON 19
[REMARKS]
#FINAL-03-21#