000
CXUS55 KGJT 020204
CF6EEO
PRELIMINARY LOCAL CLIMATOLOGICAL DATA (WS FORM: F-6)
STATION: MEEKER CO
MONTH: NOVEMBER
YEAR: 2022
LATITUDE: 40 2 N
LONGITUDE: 107 53 W
TEMPERATURE IN F: :PCPN: SNOW: WIND :SUNSHINE: SKY :PK WND
================================================================================
1 2 3 4 5 6A 6B 7 8 9 10 11 12 13 14 15 16 17 18
12Z AVG MX 2MIN
DY MAX MIN AVG DEP HDD CDD WTR SNW DPTH SPD SPD DIR MIN PSBL S-S WX SPD DR
================================================================================
1 59 22 41 2 24 0 0.00 M M 5.6 22 200 M M 0 32 210
2 56 34 45 6 20 0 0.08 M M 12.8 33 180 M M 3 1 45 180
3 40 25 33 -6 32 0 0.44 M M 3.6 25 260 M M 10 1 33 260
4 32 13 23 -15 42 0 T M M 2.5 10 280 M M 6 14 260
5 45 30 38 0 27 0 0.01 M M 10.2 22 210 M M 10 32 190
6 36 29 33 -5 32 0 0.17 M M 1.5 12 10 M M 9 1 16 360
7 60 31 46 9 19 0 0.00 M M 12.1 31 210 M M 1 46 190
8 60 36 48 11 17 0 0.00 M M 10.0 30 180 M M 0 43 200
9 56 21 39 3 26 0 0.41 M M 14.4 41 190 M M 5 128 62 220
10 31 13 22 -14 43 0 T M M 5.5 18 280 M M 6 1 24 280
11 28 7 18 -18 47 0 0.00 M M 2.1 9 60 M M 4 12 60
12 35 5 20 -15 45 0 0.00 M M 2.1 9 30 M M 0 11 40
13 43 8 26 -9 39 0 0.00 M M 2.7 16 30 M M 2 20 20
14 30 17 24 -10 41 0 0.04 M M 3.6 13 40 M M 7 1 18 50
15 29 9 19 -15 46 0 T M M 4.3 15 40 M M 5 1 17 40
16 31 5 18 -15 47 0 0.00 M M 2.6 9 100 M M 3 15 100
17 36 9 23 -10 42 0 0.00 M M 2.1 14 270 M M 0 18 270
18 28 5 17 -16 48 0 T M M 5.3 18 40 M M 3 1 23 30
19 32 1 17 -15 48 0 0.00 M M 2.2 10 230 M M 0 12 230
20 41 5 23 -9 42 0 0.00 M M 1.3 6 150 M M 0 9 100
21 42 5 24 -7 41 0 0.00 M M 2.1 8 240 M M 0 12 130
22 42 8 25 -6 40 0 0.00 M M 2.9 8 220 M M 0 11 220
23 34 8 21 -9 44 0 0.03 M M 3.5 12 300 M M 6 18 17 300
24 39 15 27 -3 38 0 T M M 6.1 18 10 M M 4 1 23 20
25 41 9 25 -5 40 0 0.00 M M 1.7 10 80 M M 0 15 60
26 43 12 28 -1 37 0 0.05 M M 4.2 22 200 M M 1 28 200
27 37 26 32 3 33 0 0.02 M M 4.8 17 260 M M M 1 29 260
28 39 20 30 2 35 0 0.32 M M 10.7 25 210 M M M 1 37 200
29 23 -8 8 -20 57 0 0.11 M M 6.3 22 270 M M M 1 30 260
30 30 -9 11 -16 54 0 0.00 M M 2.0 7 120 M M M 9 50
================================================================================
SM 1178 411 1146 0 1.68 M 150.8 M 85
================================================================================
AV 39.3 13.7 5.0 FASTST M M 3 MAX(MPH)
MISC ----> 41 190 62 220
================================================================================
NOTES:
# LAST OF SEVERAL OCCURRENCES
COLUMN 17 PEAK WIND IN M.P.H.
PRELIMINARY LOCAL CLIMATOLOGICAL DATA (WS FORM: F-6) , PAGE 2
STATION: MEEKER CO
MONTH: NOVEMBER
YEAR: 2022
LATITUDE: 40 2 N
LONGITUDE: 107 53 W
[TEMPERATURE DATA] [PRECIPITATION DATA] SYMBOLS USED IN COLUMN 16
AVERAGE MONTHLY: 26.5 TOTAL FOR MONTH: 1.68 1 = FOG OR MIST
DPTR FM NORMAL: -7.1 DPTR FM NORMAL: 0.54 2 = FOG REDUCING VISIBILITY
HIGHEST: 60 ON 8, 7 GRTST 24HR 0.52 ON 2- 3 TO 1/4 MILE OR LESS
LOWEST: -9 ON 30 3 = THUNDER
SNOW, ICE PELLETS, HAIL 4 = ICE PELLETS
TOTAL MONTH: M 5 = HAIL
GRTST 24HR M ON M 6 = FREEZING RAIN OR DRIZZLE
GRTST DEPTH: M ON M 7 = DUSTSTORM OR SANDSTORM:
VSBY 1/2 MILE OR LESS
8 = SMOKE OR HAZE
[NO. OF DAYS WITH] [WEATHER - DAYS WITH] 9 = BLOWING SNOW
X = TORNADO
MAX 32 OR BELOW: 10 0.01 INCH OR MORE: 11
MAX 90 OR ABOVE: 0 0.10 INCH OR MORE: 5
MIN 32 OR BELOW: 28 0.50 INCH OR MORE: 0
MIN 0 OR BELOW: 2 1.00 INCH OR MORE: 0
[HDD (BASE 65) ]
TOTAL THIS MO. 1146 CLEAR (SCALE 0-3) 14
DPTR FM NORMAL 202 PTCLDY (SCALE 4-7) 9
TOTAL FM JUL 1 1941 CLOUDY (SCALE 8-10) 7
DPTR FM NORMAL 160
[CDD (BASE 65) ]
TOTAL THIS MO. 0
DPTR FM NORMAL 0 [PRESSURE DATA]
TOTAL FM JAN 1 293 HIGHEST SLP M ON M
DPTR FM NORMAL 49 LOWEST SLP 29.45 ON 9
[REMARKS]
#FINAL-11-22#