000
CXUS54 KBMX 011110
CF6EET
PRELIMINARY LOCAL CLIMATOLOGICAL DATA (WS FORM: F-6)
STATION: SHELBY COUNTY AIRPORT
MONTH: FEBRUARY
YEAR: 2024
LATITUDE: 33 10 N
LONGITUDE: 86 47 W
TEMPERATURE IN F: :PCPN: SNOW: WIND :SUNSHINE: SKY :PK WND
================================================================================
1 2 3 4 5 6A 6B 7 8 9 10 11 12 13 14 15 16 17 18
12Z AVG MX 2MIN
DY MAX MIN AVG DEP HDD CDD WTR SNW DPTH SPD SPD DIR MIN PSBL S-S WX SPD DR
================================================================================
1 63 30 47 0 18 0 0.00 0.0 0 0.8 8 40 M M 0 10 150
2 70 36 53 6 12 0 0.00 0.0 0 0.8 8 360 M M 0 18 13 300
3 68 40 54 7 11 0 0.00 0.0 0 4.5 13 90 M M 0 22 90
4 56 41 49 1 16 0 1.66 0.0 0 7.8 14 50 M M 9 1 29 50
5 61 42 52 4 13 0 0.01 0.0 0 5.4 12 50 M M 6 21 40
6 67 39 53 5 12 0 0.00 0.0 0 2.3 12 310 M M 0 19 350
7 65 37 51 3 14 0 0.00 0.0 0 3.5 12 130 M M 0 19 130
8 62 39 51 3 14 0 0.00 0.0 0 2.9 10 150 M M 0 16 140
9 71 51 61 12 4 0 0.00 0.0 0 4.3 13 180 M M 7 19 170
10 68 58 63 14 2 0 0.05 0.0 0 7.0 16 170 M M 10 1 23 160
11 68 57 63 14 2 0 1.78 0.0 0 3.9 22 300 M M 9 13 33 300
12 61 43 52 3 13 0 1.63 0.0 0 8.1 21 290 M M 9 13 35 290
13 55 38 47 -3 18 0 T 0.0 0 6.0 20 310 M M 7 30 300
14 66 34 50 0 15 0 0.00 0.0 M 0.5 12 180 M M M M M
15 68 37 53 3 12 0 0.00 0.0 M 1.6 13 250 M M 0 18 300
16 65 47 56 6 9 0 0.00 0.0 0 3.1 13 180 M M 0 19 170
17 57 35 46 -4 19 0 0.01 0.0 0 9.3 17 330 M M 5 18 27 350
18 52 30 41 -10 24 0 0.00 0.0 0 4.2 12 320 M M 0 17 350
19 60 28 44 -7 21 0 0.00 0.0 0 1.9 8 280 M M 0 14 350
20 64 33 49 -2 16 0 0.00 0.0 0 1.6 9 300 M M 1 14 190
21 70 36 53 2 12 0 0.00 0.0 0 4.3 14 160 M M 0 19 150
22 73 47 60 8 5 0 0.01 0.0 0 7.7 18 200 M M 6 29 220
23 69 47 58 6 7 0 0.26 0.0 M 7.0 18 320 M M 2 12 31 320
24 66 42 54 2 11 0 0.00 0.0 M 7.0 22 290 M M 0 8 36 320
25 70 35 53 1 12 0 0.00 0.0 0 3.7 12 200 M M 0 8 18 210
26 75 44 60 7 5 0 0.00 0.0 0 7.2 16 180 M M 0 8 28 180
27 77 60 69 16 0 4 0.00 0.0 0 11.8 21 210 M M 4 33 190
28 75 45 60 7 5 0 0.31 0.0 0 10.5 21 300 M M 8 138 33 340
29 50 40 45 -8 20 0 0.00 0.0 0 5.2 10 50 M M 4 20 30
================================================================================
SM 1892 1191 342 4 5.72 0.0 143.9 M 87
================================================================================
AV 65.2 41.1 5.0 FASTST M M 3 MAX(MPH)
MISC ----> # 22 300 36 320
================================================================================
NOTES:
# LAST OF SEVERAL OCCURRENCES
COLUMN 17 PEAK WIND IN M.P.H.
PRELIMINARY LOCAL CLIMATOLOGICAL DATA (WS FORM: F-6) , PAGE 2
STATION: SHELBY COUNTY AIRPORT
MONTH: FEBRUARY
YEAR: 2024
LATITUDE: 33 10 N
LONGITUDE: 86 47 W
[TEMPERATURE DATA] [PRECIPITATION DATA] SYMBOLS USED IN COLUMN 16
AVERAGE MONTHLY: 53.2 TOTAL FOR MONTH: 5.72 1 = FOG OR MIST
DPTR FM NORMAL: 3.3 DPTR FM NORMAL: -0.04 2 = FOG REDUCING VISIBILITY
HIGHEST: 77 ON 27 GRTST 24HR 3.04 ON 11-12 TO 1/4 MILE OR LESS
LOWEST: 28 ON 19 3 = THUNDER
SNOW, ICE PELLETS, HAIL 4 = ICE PELLETS
TOTAL MONTH: 0.0 INCH 5 = HAIL
GRTST 24HR 0.0 6 = FREEZING RAIN OR DRIZZLE
GRTST DEPTH: 0 7 = DUSTSTORM OR SANDSTORM:
VSBY 1/2 MILE OR LESS
8 = SMOKE OR HAZE
[NO. OF DAYS WITH] [WEATHER - DAYS WITH] 9 = BLOWING SNOW
X = TORNADO
MAX 32 OR BELOW: 0 0.01 INCH OR MORE: 9
MAX 90 OR ABOVE: 0 0.10 INCH OR MORE: 5
MIN 32 OR BELOW: 3 0.50 INCH OR MORE: 3
MIN 0 OR BELOW: 0 1.00 INCH OR MORE: 3
[HDD (BASE 65) ]
TOTAL THIS MO. 342 CLEAR (SCALE 0-3) 16
DPTR FM NORMAL -86 PTCLDY (SCALE 4-7) 8
TOTAL FM JUL 1 1911 CLOUDY (SCALE 8-10) 5
DPTR FM NORMAL -98
[CDD (BASE 65) ]
TOTAL THIS MO. 4
DPTR FM NORMAL -1 [PRESSURE DATA]
TOTAL FM JAN 1 5 HIGHEST SLP 30.45 ON 29
DPTR FM NORMAL -2 LOWEST SLP 29.58 ON 12
[REMARKS]
#FINAL-02-24#