000
CXUS55 KLKN 020619
CLSELY
CLIMATE REPORT
NATIONAL WEATHER SERVICE ELKO, NV
1119 PM PDT THU SEP 01 2022
...................................
...THE ELY AIRPORT NV CLIMATE SUMMARY FOR THE SEASON, FROM
6/1/2022 TO 8/31/2022...
CLIMATE NORMAL PERIOD 1991 TO 2020
CLIMATE RECORD PERIOD 1893 TO 2022
WEATHER OBSERVED NORMAL DEPART LAST YEAR`S
VALUE DATE(S) VALUE FROM VALUE
NORMAL
..............................................................
TEMPERATURE (F)
RECORD
HIGH 101 07/12/2002
07/18/1998
LOW 18 06/14/1976
HIGHEST 97 07/22 96 1 98
LOWEST 24 06/14 28 -4 24
AVG. MAXIMUM 86.7 86.0 0.7 88.2
AVG. MINIMUM 48.7 46.1 2.6 48.9
MEAN 67.7 66.0 1.7 68.6
DAYS MAX >= 90 34 28.3 5.7 48
DAYS MAX <= 32 0 0.0 0.0 0
DAYS MIN <= 32 6 3.6 2.4 3
DAYS MIN <= 0 0 0.0 0.0 0
PRECIPITATION (INCHES)
RECORD
MAXIMUM 4.88 1983
MINIMUM 0.07 2022
TOTALS 2.11 1.98 0.13 1.50
DAILY AVG. T 0.02 -0.02 0.01
DAYS >= .01 13 15.2 -2.2 14
DAYS >= .10 6 5.6 0.4 3
DAYS >= .50 1 0.8 0.2 1
DAYS >= 1.00 0 0.2 -0.2 1
SNOWFALL (INCHES)
RECORDS
TOTAL 1.7 1955
TOTALS 0.0 0.0 0.0 0.0
DAYS >= 1.0 0 0.0 0.0 0
GREATEST
SNOW DEPTH 0 0
DEGREE DAYS
HEATING TOTAL 145 190 -45 91
COOLING TOTAL 425 285 140 440
..............................................................
WIND (MPH)
AVERAGE WIND SPEED 9.2
HIGHEST WIND SPEED/DIRECTION 43/210 DATE 06/17
HIGHEST GUST SPEED/DIRECTION 66/210 DATE 06/18
AVERAGE RH (PERCENT) 40
WEATHER CONDITIONS. NUMBER OF DAYS WITH
THUNDERSTORM 30 MIXED PRECIP 0
HEAVY RAIN 6 RAIN 6
LIGHT RAIN 32 FREEZING RAIN 0
LT FREEZING RAIN 0 HAIL 0
HEAVY SNOW 0 SNOW 0
LIGHT SNOW 0 SLEET 0
FOG 5 FOG W/VIS <= 1/4 MILE 0
HAZE 22
- INDICATES NEGATIVE NUMBERS.
R INDICATES RECORD WAS SET OR TIED.
MM INDICATES DATA IS MISSING.
T INDICATES TRACE AMOUNT.
$$