000
CXUS53 KTOP 010810
CF6EMP
PRELIMINARY LOCAL CLIMATOLOGICAL DATA (WS FORM: F-6)
STATION: EMPORIA KS
MONTH: SEPTEMBER
YEAR: 2021
LATITUDE: 38 19 N
LONGITUDE: 96 12 W
TEMPERATURE IN F: :PCPN: SNOW: WIND :SUNSHINE: SKY :PK WND
================================================================================
1 2 3 4 5 6A 6B 7 8 9 10 11 12 13 14 15 16 17 18
12Z AVG MX 2MIN
DY MAX MIN AVG DEP HDD CDD WTR SNW DPTH SPD SPD DIR MIN PSBL S-S WX SPD DR
================================================================================
1 86 66 76 2 0 11 0.00 M M 9.3 17 90 M M 1 24 100
2 91 69 80 6 0 15 0.14 M M 11.0 20 140 M M 2 13 26 140
3 89 74 82 9 0 17 0.62 M M 8.7 22 200 M M 6 13 29 190
4 80 65 73 0 0 8 1.07 M M 6.0 15 10 M M 6 13 21 360
5 83 58 71 -2 0 6 0.00 M M 3.4 10 160 M M 3 12 13 160
6 89 63 76 4 0 11 0.00 M M 9.3 17 220 M M 0 22 210
7 92 64 78 6 0 13 0.00 M M 9.8 21 210 M M 0 25 210
8 85 59 72 0 0 7 0.00 M M 5.7 13 330 M M 0 20 350
9 87 59 73 2 0 8 0.00 M M 5.5 17 200 M M 0 22 210
10 89 64 77 6 0 12 0.00 M M 9.0 17 200 M M 0 22 200
11 91 64 78 7 0 13 0.00 M M 13.5 24 190 M M 0 33 190
12 90 68 79 9 0 14 0.00 M M 12.6 20 190 M M 0 29 200
13 89 65 77 7 0 12 0.00 M M 15.0 26 190 M M 0 35 200
14 88 66 77 7 0 12 0.07 M M 7.3 17 230 M M 1 13 24 220
15 84 66 75 6 0 10 0.00 M M 5.9 14 110 M M 3 1 19 140
16 89 62 76 7 0 11 0.00 M M 8.9 17 170 M M 0 22 160
17 91 67 79 10 0 14 0.00 M M 5.9 12 170 M M 0 16 160
18 90 63 77 9 0 12 0.00 M M 4.2 12 120 M M 1 1 16 140
19 89 64 77 9 0 12 0.00 M M 9.0 17 170 M M 0 23 170
20 90 64 77 10 0 12 0.01 M M 13.8 26 170 M M 2 41 180
21 76 53 65 -2 0 0 T M M 9.1 22 300 M M 1 32 340
22 76 47 62 -5 3 0 0.00 M M 5.8 14 10 M M 0 23 360
23 81 48 65 -1 0 0 0.00 M M 9.8 17 170 M M 0 24 180
24 83 56 70 4 0 5 T M M 11.7 31 230 M M 0 44 240
25 79 47 63 -3 2 0 0.00 M M 5.4 14 190 M M 0 19 170
26 94 58 76 11 0 11 0.00 M M 16.9 32 210 M M 0 44 210
27 93 65 79 14 0 14 0.00 M M 14.2 24 200 M M 0 34 210
28 89 61 75 11 0 10 0.00 M M 10.0 17 150 M M 0 24 160
29 80 67 74 10 0 9 0.01 M M 9.4 17 160 M M 3 24 190
30 76 61 69 5 0 4 0.15 M M 6.2 20 290 M M 4 1 29 290
================================================================================
SM 2589 1853 5 283 2.07 M 272.3 M 33
================================================================================
AV 86.3 61.8 9.1 FASTST M M 1 MAX(MPH)
MISC ----> 32 210 # 44 240
================================================================================
NOTES:
# LAST OF SEVERAL OCCURRENCES
COLUMN 17 PEAK WIND IN M.P.H.
PRELIMINARY LOCAL CLIMATOLOGICAL DATA (WS FORM: F-6) , PAGE 2
STATION: EMPORIA KS
MONTH: SEPTEMBER
YEAR: 2021
LATITUDE: 38 19 N
LONGITUDE: 96 12 W
[TEMPERATURE DATA] [PRECIPITATION DATA] SYMBOLS USED IN COLUMN 16
AVERAGE MONTHLY: 74.0 TOTAL FOR MONTH: 2.07 1 = FOG OR MIST
DPTR FM NORMAL: 5.0 DPTR FM NORMAL: -1.18 2 = FOG REDUCING VISIBILITY
HIGHEST: 94 ON 26 GRTST 24HR 1.35 ON 3- 4 TO 1/4 MILE OR LESS
LOWEST: 47 ON 25,22 3 = THUNDER
SNOW, ICE PELLETS, HAIL 4 = ICE PELLETS
TOTAL MONTH: M 5 = HAIL
GRTST 24HR M ON M 6 = FREEZING RAIN OR DRIZZLE
GRTST DEPTH: M ON M 7 = DUSTSTORM OR SANDSTORM:
VSBY 1/2 MILE OR LESS
8 = SMOKE OR HAZE
[NO. OF DAYS WITH] [WEATHER - DAYS WITH] 9 = BLOWING SNOW
X = TORNADO
MAX 32 OR BELOW: 0 0.01 INCH OR MORE: 7
MAX 90 OR ABOVE: 9 0.10 INCH OR MORE: 4
MIN 32 OR BELOW: 0 0.50 INCH OR MORE: 2
MIN 0 OR BELOW: 0 1.00 INCH OR MORE: 1
[HDD (BASE 65) ]
TOTAL THIS MO. 5 CLEAR (SCALE 0-3) 27
DPTR FM NORMAL -43 PTCLDY (SCALE 4-7) 3
TOTAL FM JUL 1 5 CLOUDY (SCALE 8-10) 0
DPTR FM NORMAL -44
[CDD (BASE 65) ]
TOTAL THIS MO. 283
DPTR FM NORMAL 115 [PRESSURE DATA]
TOTAL FM JAN 1 1660 HIGHEST SLP M ON M
DPTR FM NORMAL 262 LOWEST SLP 29.70 ON 20
[REMARKS]
#FINAL-09-21#