000
CXUS53 KMKX 010810
CF6ENW
PRELIMINARY LOCAL CLIMATOLOGICAL DATA (WS FORM: F-6)
STATION: KENOSHA WI
MONTH: JULY
YEAR: 2022
LATITUDE: 42 35 N
LONGITUDE: 87 56 W
TEMPERATURE IN F: :PCPN: SNOW: WIND :SUNSHINE: SKY :PK WND
================================================================================
1 2 3 4 5 6A 6B 7 8 9 10 11 12 13 14 15 16 17 18
12Z AVG MX 2MIN
DY MAX MIN AVG DEP HDD CDD WTR SNW DPTH SPD SPD DIR MIN PSBL S-S WX SPD DR
================================================================================
1 82 59 71 -1 0 6 T M M 7.2 16 30 M M 1 22 240
2 87 57 72 0 0 7 0.00 M M 5.5 18 330 M M 3 27 330
3 86 60 73 1 0 8 0.00 M M 6.0 13 150 M M 0 17 130
4 89 65 77 5 0 12 0.48 M M 9.6 29 210 M M 3 13 39 200
5 85 70 78 6 0 13 0.41 M M 6.2 18 240 M M 6 13 26 260
6 79 64 72 0 0 7 0.16 M M 8.4 15 20 M M 5 1 20 50
7 85 63 74 2 0 9 0.00 M M 4.7 14 110 M M 3 1 17 150
8 75 66 71 -1 0 6 0.01 M M 9.2 17 20 M M 4 1 26 20
9 78 57 68 -5 0 3 0.00 M M 8.5 16 80 M M 0 21 50
10 84 52 68 -5 0 3 T M M 5.4 20 150 M M 1 1 24 150
11 89 66 78 5 0 13 0.06 M M 10.0 23 260 M M 3 13 33 280
12 85 63 74 1 0 9 0.00 M M 9.5 20 300 M M 2 29 320
13 80 58 69 -4 0 4 0.00 M M 7.7 16 30 M M 1 22 50
14 80 55 68 -5 0 3 0.00 M M 7.4 14 80 M M 0 20 70
15 76 55 66 -7 0 1 0.59 M M 4.1 16 190 M M 8 1 22 190
16 75 65 70 -3 0 5 0.00 M M 7.2 13 20 M M 8 1 19 50
17 83 64 74 1 0 9 0.00 M M 7.5 13 20 M M 4 1 17 20
18 90 61 76 3 0 11 0.00 M M 7.0 14 260 M M 1 1 21 290
19 90 69 80 7 0 15 0.00 M M 10.3 21 210 M M 0 29 200
20 87 74 81 8 0 16 0.00 M M 14.0 25 270 M M 4 36 290
21 94 67 81 8 0 16 0.00 M M 9.6 20 250 M M 2 29 240
22 93 62 78 5 0 13 0.14 M M 7.1 18 250 M M 1 13 24 240
23 89 70 80 7 0 15 1.46 M M 9.9 25 330 M M 5 13 41 330
24 86 62 74 1 0 9 0.30 M M 10.7 23 280 M M 5 13 35 270
25 76 61 69 -4 0 4 0.00 M M 6.4 12 130 M M 1 18 100
26 80 60 70 -3 0 5 0.00 0.0 0 6.1 14 130 M M 1 20 160
27 85 65 75 2 0 10 T 0.0 0 8.3 20 270 M M 2 3 28 270
28 81 59 70 -3 0 5 0.07 M M 10.5 20 300 M M 2 1 29 270
29 82 56 69 -4 0 4 0.00 M M 6.4 16 290 M M 1 23 280
30 85 57 71 -2 0 6 0.00 M M 5.6 14 160 M M 2 1 19 170
31 85 59 72 -1 0 7 0.00 M M 6.5 16 210 M M 3 12 23 210
================================================================================
SM 2601 1921 0 254 3.68 0.0 242.5 M 82
================================================================================
AV 83.9 62.0 7.8 FASTST M M 3 MAX(MPH)
MISC ----> 29 210 41 330
================================================================================
NOTES:
# LAST OF SEVERAL OCCURRENCES
COLUMN 17 PEAK WIND IN M.P.H.
PRELIMINARY LOCAL CLIMATOLOGICAL DATA (WS FORM: F-6) , PAGE 2
STATION: KENOSHA WI
MONTH: JULY
YEAR: 2022
LATITUDE: 42 35 N
LONGITUDE: 87 56 W
[TEMPERATURE DATA] [PRECIPITATION DATA] SYMBOLS USED IN COLUMN 16
AVERAGE MONTHLY: 72.9 TOTAL FOR MONTH: 3.68 1 = FOG OR MIST
DPTR FM NORMAL: 0.2 DPTR FM NORMAL: 0.33 2 = FOG REDUCING VISIBILITY
HIGHEST: 94 ON 21 GRTST 24HR 1.60 ON 22-23 TO 1/4 MILE OR LESS
LOWEST: 52 ON 10 3 = THUNDER
SNOW, ICE PELLETS, HAIL 4 = ICE PELLETS
TOTAL MONTH: 0.0 INCH 5 = HAIL
GRTST 24HR 0.0 6 = FREEZING RAIN OR DRIZZLE
GRTST DEPTH: 0 7 = DUSTSTORM OR SANDSTORM:
VSBY 1/2 MILE OR LESS
8 = SMOKE OR HAZE
[NO. OF DAYS WITH] [WEATHER - DAYS WITH] 9 = BLOWING SNOW
X = TORNADO
MAX 32 OR BELOW: 0 0.01 INCH OR MORE: 10
MAX 90 OR ABOVE: 4 0.10 INCH OR MORE: 7
MIN 32 OR BELOW: 0 0.50 INCH OR MORE: 2
MIN 0 OR BELOW: 0 1.00 INCH OR MORE: 1
[HDD (BASE 65) ]
TOTAL THIS MO. 0 CLEAR (SCALE 0-3) 22
DPTR FM NORMAL -8 PTCLDY (SCALE 4-7) 9
TOTAL FM JUL 1 0 CLOUDY (SCALE 8-10) 0
DPTR FM NORMAL 0
[CDD (BASE 65) ]
TOTAL THIS MO. 254
DPTR FM NORMAL 5 [PRESSURE DATA]
TOTAL FM JAN 1 480 HIGHEST SLP M ON M
DPTR FM NORMAL 50 LOWEST SLP 29.54 ON 20
[REMARKS]
#FINAL-07-22#