000
CXUS53 KMKX 010910
CF6ENW
PRELIMINARY LOCAL CLIMATOLOGICAL DATA (WS FORM: F-6)
STATION: KENOSHA WI
MONTH: JANUARY
YEAR: 2024
LATITUDE: 42 35 N
LONGITUDE: 87 56 W
TEMPERATURE IN F: :PCPN: SNOW: WIND :SUNSHINE: SKY :PK WND
================================================================================
1 2 3 4 5 6A 6B 7 8 9 10 11 12 13 14 15 16 17 18
12Z AVG MX 2MIN
DY MAX MIN AVG DEP HDD CDD WTR SNW DPTH SPD SPD DIR MIN PSBL S-S WX SPD DR
================================================================================
1 33 27 30 4 35 0 0.00 M M 9.8 21 270 M M 10 29 270
2 37 27 32 6 33 0 0.00 M M 13.1 25 240 M M 7 8 32 250
3 38 33 36 11 29 0 0.00 M M 7.0 13 360 M M 10 19 330
4 36 23 30 5 35 0 0.00 M M 4.6 12 280 M M 7 16 360
5 39 23 31 6 34 0 0.00 M M 6.2 14 150 M M 2 20 130
6 36 33 35 10 30 0 0.16 M M 4.3 10 130 M M 10 1 14 140
7 36 33 35 10 30 0 0.00 M M 7.6 14 290 M M 10 18 20 300
8 37 30 34 10 31 0 0.01 M M 9.0 21 110 M M 10 18 27 100
9 37 35 36 12 29 0 0.69 M M 16.5 26 60 M M 10 128 36 60
10 35 31 33 9 32 0 T M M 11.0 21 330 M M 10 18 34 340
11 34 26 30 6 35 0 0.01 M M 6.8 17 290 M M 8 18 25 270
12 36 28 32 8 33 0 0.55 M M 17.6 33 90 M M 10 128 49 90
13 33 5 19 -5 46 0 T M M 17.1 25 260 M M 10 18 36 270
14 5 -7 -1 -25 66 0 T M M 18.5 28 270 M M 4 8 39 270
15 2 -11 -4 -28 69 0 0.00 M M 15.4 21 260 M M 1 26 260
16 2 -7 -2 -25 67 0 0.00 M M 18.4 29 250 M M 0 36 240
17 17 0 9 -14 56 0 0.00 M M 15.0 23 240 M M 2 29 240
18 18 13 16 -7 49 0 T M M 7.3 13 330 M M 6 18 330
19 14 8 11 -12 54 0 T M M 13.4 18 300 M M 10 8 26 290
20 18 4 11 -12 54 0 0.00 M M 10.2 16 300 M M 3 23 340
21 23 -1 11 -12 54 0 0.00 M M 10.4 21 200 M M 2 27 200
22 35 23 29 6 36 0 T M M 9.6 20 200 M M 10 18 27 220
23 37 34 36 13 29 0 0.35 M M 5.1 9 60 M M 10 1 12 60
24 40 36 38 15 27 0 0.10 M M 4.3 8 70 M M 10 12 10 60
25 39 36 38 15 27 0 0.10 M M 6.7 13 20 M M 10 12 19 10
26 39 37 38 15 27 0 0.35 M M 5.6 15 10 M M 10 12 19 10
27 40 36 38 15 27 0 0.00 M M 5.0 13 10 M M 10 12 17 10
28 40 35 38 15 27 0 0.00 M M 8.5 16 360 M M 10 1 24 20
29 42 31 37 14 28 0 0.00 M M 10.9 17 240 M M 7 18 24 220
30 42 38 40 17 25 0 T M M 7.4 14 340 M M 10 18 19 340
31 41 36 39 15 26 0 0.00 M M 11.6 22 240 M M 7 29 240
================================================================================
SM 961 695 1180 0 2.32 M 313.9 M 236
================================================================================
AV 31.0 22.4 10.1 FASTST M M 8 MAX(MPH)
MISC ----> 33 90 49 90
================================================================================
NOTES:
# LAST OF SEVERAL OCCURRENCES
COLUMN 17 PEAK WIND IN M.P.H.
PRELIMINARY LOCAL CLIMATOLOGICAL DATA (WS FORM: F-6) , PAGE 2
STATION: KENOSHA WI
MONTH: JANUARY
YEAR: 2024
LATITUDE: 42 35 N
LONGITUDE: 87 56 W
[TEMPERATURE DATA] [PRECIPITATION DATA] SYMBOLS USED IN COLUMN 16
AVERAGE MONTHLY: 26.7 TOTAL FOR MONTH: 2.32 1 = FOG OR MIST
DPTR FM NORMAL: 2.9 DPTR FM NORMAL: 1.13 2 = FOG REDUCING VISIBILITY
HIGHEST: 42 ON 30,29 GRTST 24HR 0.69 ON 9- 9 TO 1/4 MILE OR LESS
LOWEST: -11 ON 15 3 = THUNDER
SNOW, ICE PELLETS, HAIL 4 = ICE PELLETS
TOTAL MONTH: M 5 = HAIL
GRTST 24HR M ON M 6 = FREEZING RAIN OR DRIZZLE
GRTST DEPTH: M ON M 7 = DUSTSTORM OR SANDSTORM:
VSBY 1/2 MILE OR LESS
8 = SMOKE OR HAZE
[NO. OF DAYS WITH] [WEATHER - DAYS WITH] 9 = BLOWING SNOW
X = TORNADO
MAX 32 OR BELOW: 8 0.01 INCH OR MORE: 9
MAX 90 OR ABOVE: 0 0.10 INCH OR MORE: 7
MIN 32 OR BELOW: 19 0.50 INCH OR MORE: 2
MIN 0 OR BELOW: 5 1.00 INCH OR MORE: 0
[HDD (BASE 65) ]
TOTAL THIS MO. 1180 CLEAR (SCALE 0-3) 6
DPTR FM NORMAL -96 PTCLDY (SCALE 4-7) 7
TOTAL FM JUL 1 3060 CLOUDY (SCALE 8-10) 18
DPTR FM NORMAL -592
[CDD (BASE 65) ]
TOTAL THIS MO. 0
DPTR FM NORMAL 0 [PRESSURE DATA]
TOTAL FM JAN 1 0 HIGHEST SLP 30.63 ON 21
DPTR FM NORMAL 0 LOWEST SLP 29.01 ON 12
[REMARKS]
#FINAL-01-24#