000
CXUS56 KOTX 011010
CF6EPH
PRELIMINARY LOCAL CLIMATOLOGICAL DATA (WS FORM: F-6)
STATION: EPHRATA WA AIRPORT
MONTH: JANUARY
YEAR: 2023
LATITUDE: 47 18 N
LONGITUDE: 119 31 W
TEMPERATURE IN F: :PCPN: SNOW: WIND :SUNSHINE: SKY :PK WND
================================================================================
1 2 3 4 5 6A 6B 7 8 9 10 11 12 13 14 15 16 17 18
12Z AVG MX 2MIN
DY MAX MIN AVG DEP HDD CDD WTR SNW DPTH SPD SPD DIR MIN PSBL S-S WX SPD DR
================================================================================
1 32 25 29 1 36 0 0.00 M M 7.3 15 300 M M 10 18 300
2 32 27 30 2 35 0 T M M 6.8 14 340 M M 10 1 16 330
3 32 28 30 2 35 0 0.00 M M 2.0 8 360 M M 10 1 8 360
4 36 29 33 5 32 0 T M M 11.5 17 10 M M 9 21 20
5 40 31 36 8 29 0 0.00 M M 10.7 18 10 M M 7 21 10
6 36 22 29 1 36 0 T M M 8.1 16 310 M M 7 12 18 310
7 37 34 36 8 29 0 0.13 M M 9.1 13 350 M M 10 1 14 360
8 37 30 34 6 31 0 0.23 M M 6.6 13 350 M M 10 12 14 360
9 37 31 34 5 31 0 0.04 M M 8.3 20 350 M M 8 12 21 350
10 41 31 36 7 29 0 0.00 M M 10.4 17 10 M M 4 12 20 10
11 37 31 34 5 31 0 T M M 8.1 15 350 M M 10 12 18 10
12 40 36 38 9 27 0 0.52 M M 8.8 16 310 M M 10 1 19 320
13 44 33 39 10 26 0 0.05 M M 8.5 16 320 M M 8 1 18 300
14 45 31 38 9 27 0 0.06 M M 9.1 18 350 M M 9 1 21 350
15 42 32 37 8 28 0 0.03 M M 5.0 12 350 M M 9 12 13 340
16 44 28 36 7 29 0 0.00 M M 3.3 10 310 M M 5 1 12 310
17 35 28 32 2 33 0 0.00 M M 4.2 10 330 M M 10 12 12 300
18 39 31 35 5 30 0 0.07 M M 4.2 13 310 M M 10 12 16 320
19 46 28 37 7 28 0 0.00 M M 6.0 17 300 M M 0 21 320
20 34 24 29 -1 36 0 0.00 M M 8.5 13 320 M M 1 15 340
21 34 26 30 0 35 0 0.05 M M 5.0 12 50 M M 8 128 14 310
22 39 20 30 0 35 0 0.00 M M 4.8 13 310 M M 4 14 300
23 35 23 29 -1 36 0 0.00 M M 8.0 14 310 M M 3 1 17 300
24 34 22 28 -2 37 0 0.00 M M 6.6 15 310 M M 2 12 17 310
25 40 23 32 1 33 0 0.00 M M 4.1 14 310 M M 1 1 16 310
26 35 24 30 -1 35 0 0.00 M M 5.4 13 210 M M 7 12 14 210
27 51 30 41 10 24 0 0.00 M M 5.7 16 330 M M 5 12 18 330
28 43 22 33 2 32 0 T M M 11.0 25 40 M M 5 32 60
29 29 12 21 -10 44 0 0.00 M M 6.2 13 10 M M 3 16 30
30 28 9 19 -13 46 0 0.00 M M 5.2 13 160 M M 1 16 170
31 27 22 25 -7 40 0 T M M 4.2 9 330 M M 4 8 11 320
================================================================================
SM 1161 823 1015 0 1.18 M 212.7 M 200
================================================================================
AV 37.5 26.5 6.9 FASTST M M 6 MAX(MPH)
MISC ----> 25 40 32 60
================================================================================
NOTES:
# LAST OF SEVERAL OCCURRENCES
COLUMN 17 PEAK WIND IN M.P.H.
PRELIMINARY LOCAL CLIMATOLOGICAL DATA (WS FORM: F-6) , PAGE 2
STATION: EPHRATA WA AIRPORT
MONTH: JANUARY
YEAR: 2023
LATITUDE: 47 18 N
LONGITUDE: 119 31 W
[TEMPERATURE DATA] [PRECIPITATION DATA] SYMBOLS USED IN COLUMN 16
AVERAGE MONTHLY: 32.0 TOTAL FOR MONTH: 1.18 1 = FOG OR MIST
DPTR FM NORMAL: 2.4 DPTR FM NORMAL: 0.27 2 = FOG REDUCING VISIBILITY
HIGHEST: 51 ON 27 GRTST 24HR 0.52 ON 12-12 TO 1/4 MILE OR LESS
LOWEST: 9 ON 30 3 = THUNDER
SNOW, ICE PELLETS, HAIL 4 = ICE PELLETS
TOTAL MONTH: M 5 = HAIL
GRTST 24HR M ON M 6 = FREEZING RAIN OR DRIZZLE
GRTST DEPTH: M ON M 7 = DUSTSTORM OR SANDSTORM:
VSBY 1/2 MILE OR LESS
8 = SMOKE OR HAZE
[NO. OF DAYS WITH] [WEATHER - DAYS WITH] 9 = BLOWING SNOW
X = TORNADO
MAX 32 OR BELOW: 6 0.01 INCH OR MORE: 9
MAX 90 OR ABOVE: 0 0.10 INCH OR MORE: 3
MIN 32 OR BELOW: 28 0.50 INCH OR MORE: 1
MIN 0 OR BELOW: 0 1.00 INCH OR MORE: 0
[HDD (BASE 65) ]
TOTAL THIS MO. 1015 CLEAR (SCALE 0-3) 7
DPTR FM NORMAL -84 PTCLDY (SCALE 4-7) 11
TOTAL FM JUL 1 3519 CLOUDY (SCALE 8-10) 13
DPTR FM NORMAL -50
[CDD (BASE 65) ]
TOTAL THIS MO. 0
DPTR FM NORMAL 0 [PRESSURE DATA]
TOTAL FM JAN 1 0 HIGHEST SLP M ON M
DPTR FM NORMAL 0 LOWEST SLP 29.40 ON 15
[REMARKS]
#FINAL-01-23#