000
CXUS56 KPQR 011200
CF6EUG
PRELIMINARY LOCAL CLIMATOLOGICAL DATA (WS FORM: F-6)
STATION: EUGENE OR
MONTH: JUNE
YEAR: 2020
LATITUDE: 44 7 N
LONGITUDE: 123 13 W
TEMPERATURE IN F: :PCPN: SNOW: WIND :SUNSHINE: SKY :PK WND
================================================================================
1 2 3 4 5 6A 6B 7 8 9 10 11 12 13 14 15 16 17 18
12Z AVG MX 2MIN
DY MAX MIN AVG DEP HDD CDD WTR SNW DPTH SPD SPD DIR MIN PSBL S-S WX SPD DR
================================================================================
1 72 42 57 -1 8 0 0.00 0.0 0 7.8 14 40 M M 1 19 20
2 78 41 60 2 5 0 0.00 0.0 0 4.9 14 20 M M 3 1 16 20
3 76 43 60 2 5 0 0.00 0.0 0 6.0 15 360 M M 3 23 10
4 74 42 58 0 7 0 0.00 0.0 0 8.6 20 20 M M 5 1 24 350
5 72 48 60 2 5 0 0.00 0.0 0 6.1 17 260 M M 6 22 260
6 60 46 53 -5 12 0 0.35 0.0 0 9.0 28 240 M M 8 32 230
7 64 43 54 -5 11 0 0.01 0.0 0 8.9 21 280 M M 8 25 250
8 67 47 57 -2 8 0 0.06 0.0 0 5.1 15 260 M M 9 20 160
9 66 52 59 0 6 0 0.10 0.0 0 6.3 12 270 M M 10 18 19 250
10 79 58 69 10 0 4 0.07 0.0 0 6.2 20 250 M M 9 1 23 250
11 76 56 66 7 0 1 T 0.0 0 4.0 12 40 M M 9 3 14 30
12 60 52 56 -4 9 0 0.15 0.0 0 2.9 13 340 M M 10 1 14 340
13 62 47 55 -5 10 0 0.01 0.0 0 7.4 16 260 M M 9 21 270
14 71 50 61 1 4 0 0.13 0.0 0 4.5 12 290 M M 8 1 14 290
15 64 52 58 -2 7 0 0.07 0.0 0 8.7 17 270 M M 9 1 20 270
16 64 48 56 -4 9 0 0.73 0.0 0 5.2 12 200 M M 9 13 14 180
17 73 44 59 -1 6 0 0.00 0.0 0 6.0 15 360 M M 6 1 20 10
18 80 48 64 3 1 0 0.00 0.0 0 7.2 17 30 M M 2 1 21 360
19 86 50 68 7 0 3 0.00 0.0 0 3.7 12 230 M M 6 1 12 230
20 72 61 67 6 0 2 T 0.0 0 8.2 13 230 M M 8 8 17 230
21 77 53 65 3 0 0 0.00 0.0 0 5.8 14 20 M M 6 18 20
22 85 51 68 6 0 3 0.00 0.0 0 7.3 18 20 M M 1 1 22 350
23 92 55 74 12 0 9 0.00 0.0 0 6.3 16 20 M M 4 20 30
24 81 58 70 8 0 5 0.00 0.0 0 6.8 14 350 M M 5 20 360
25 82 55 69 7 0 4 0.00 0.0 0 9.0 17 30 M M 3 22 360
26 91 54 73 10 0 8 0.00 0.0 0 7.0 16 10 M M 2 1 23 20
27 79 57 68 5 0 3 0.00 0.0 0 6.9 16 320 M M 7 19 320
28 72 54 63 0 2 0 0.01 0.0 0 7.3 18 320 M M 7 22 310
29 78 49 64 0 1 0 0.00 0.0 0 5.5 17 230 M M 4 8 20 230
30 74 53 64 0 1 0 T 0.0 0 7.5 17 310 M M 8 8 21 290
================================================================================
SM 2227 1509 117 42 1.69 0.0 196.1 M 185
================================================================================
AV 74.2 50.3 6.5 FASTST M M 6 MAX(MPH)
MISC ----> # 28 240 # 32 230
================================================================================
NOTES:
# LAST OF SEVERAL OCCURRENCES
COLUMN 17 PEAK WIND IN M.P.H.
PRELIMINARY LOCAL CLIMATOLOGICAL DATA (WS FORM: F-6) , PAGE 2
STATION: EUGENE OR
MONTH: JUNE
YEAR: 2020
LATITUDE: 44 7 N
LONGITUDE: 123 13 W
[TEMPERATURE DATA] [PRECIPITATION DATA] SYMBOLS USED IN COLUMN 16
AVERAGE MONTHLY: 62.3 TOTAL FOR MONTH: 1.69 1 = FOG OR MIST
DPTR FM NORMAL: 1.9 DPTR FM NORMAL: 0.19 2 = FOG REDUCING VISIBILITY
HIGHEST: 92 ON 23 GRTST 24HR 0.73 ON 16-16 TO 1/4 MILE OR LESS
LOWEST: 41 ON 2 3 = THUNDER
SNOW, ICE PELLETS, HAIL 4 = ICE PELLETS
TOTAL MONTH: 0.0 INCH 5 = HAIL
GRTST 24HR 0.0 6 = FREEZING RAIN OR DRIZZLE
GRTST DEPTH: 0 7 = DUSTSTORM OR SANDSTORM:
VSBY 1/2 MILE OR LESS
8 = SMOKE OR HAZE
[NO. OF DAYS WITH] [WEATHER - DAYS WITH] 9 = BLOWING SNOW
X = TORNADO
MAX 32 OR BELOW: 0 0.01 INCH OR MORE: 11
MAX 90 OR ABOVE: 2 0.10 INCH OR MORE: 5
MIN 32 OR BELOW: 0 0.50 INCH OR MORE: 1
MIN 0 OR BELOW: 0 1.00 INCH OR MORE: 0
[HDD (BASE 65) ]
TOTAL THIS MO. 117 CLEAR (SCALE 0-3) 5
DPTR FM NORMAL -40 PTCLDY (SCALE 4-7) 14
TOTAL FM JUL 1 4436 CLOUDY (SCALE 8-10) 11
DPTR FM NORMAL -370
[CDD (BASE 65) ]
TOTAL THIS MO. 42
DPTR FM NORMAL 23 [PRESSURE DATA]
TOTAL FM JAN 1 50 HIGHEST SLP 30.32 ON 17
DPTR FM NORMAL 26 LOWEST SLP 29.75 ON 5
[REMARKS]
#FINAL-06-20#