000
CXUS51 KOKX 011224
CLSEWR
CLIMATE REPORT
NATIONAL WEATHER SERVICE NEW YORK, NY
818 AM EDT WED JUN 01 2022
...................................
...THE NEWARK NJ CLIMATE SUMMARY FOR THE SEASON, FROM
3/1/2022 TO 5/31/2022...
CLIMATE NORMAL PERIOD 1991 TO 2020
CLIMATE RECORD PERIOD 1931 TO 2022
WEATHER OBSERVED NORMAL DEPART LAST YEAR`S
VALUE DATE(S) VALUE FROM VALUE
NORMAL
..............................................................
TEMPERATURE (F)
RECORD
HIGH 99 05/20/1996
LOW 6 03/04/1943
HIGHEST 98 05/31 MM MM
LOWEST 20 03/04 MM MM
AVG. MAXIMUM 63.7 62.0 1.7
AVG. MINIMUM 46.2 44.1 2.1
MEAN 55.0 53.0 2.0
DAYS MAX >= 90 4 2.0 2.0
DAYS MAX <= 32 0 1.0 -1.0
DAYS MIN <= 32 12 13.6 -1.6
DAYS MIN <= 0 0 0.0 0.0
PRECIPITATION (INCHES)
RECORD
MAXIMUM 26.50 1983
MINIMUM 4.54 1935
TOTALS 11.97 11.97 -0.00 9.93
DAILY AVG. 0.13 0.13 -0.00
DAYS >= .01 36 33.8 2.2
DAYS >= .10 26 20.5 5.5
DAYS >= .50 9 7.8 1.2
DAYS >= 1.00 2 2.6 -0.6
GREATEST
24 HR. TOTAL 1.82
STORM TOTAL 1.21
(MM/DD(HH))
SNOWFALL (INCHES)
RECORDS
TOTAL 29.4 1956
24 HR TOTAL 12.8 04/06/1982 TO 04/06/1982
TOTALS 0.8 6.1 -5.3
LIQUID EQUIV 0.10 0.60 -0.50
SINCE 7/1 17.9 31.5 -13.6
LIQUID 7/1 1.79
DAYS >= TRACE 5 3.0 2.0
DAYS >= 1.0 0 2.0 -2.0
GREATEST
SNOW DEPTH 0
24 HR TOTAL MM
STORM TOTAL 0.5
(MM/DD(HH))
DEGREE DAYS
HEATING TOTAL 1028 1184 -156
SINCE 7/1 4191 4687 -496
COOLING TOTAL 129 84 45
SINCE 1/1 129 84 45
..............................................................
WIND (MPH)
AVERAGE WIND SPEED 10.4
HIGHEST WIND SPEED/DIRECTION 44/270 DATE 03/07
HIGHEST GUST SPEED/DIRECTION 60/300 DATE 03/07
SKY COVER
POSSIBLE SUNSHINE (PERCENT) MM
AVERAGE SKY COVER 0.69
NUMBER OF DAYS FAIR 9
NUMBER OF DAYS PC 40
NUMBER OF DAYS CLOUDY 43
AVERAGE RH (PERCENT) 56
WEATHER CONDITIONS. NUMBER OF DAYS WITH
THUNDERSTORM 14 MIXED PRECIP 0
HEAVY RAIN 13 RAIN 20
LIGHT RAIN 48 FREEZING RAIN 0
LT FREEZING RAIN 0 HAIL 1
HEAVY SNOW 0 SNOW 1
LIGHT SNOW 5 SLEET 2
FOG 32 FOG W/VIS <= 1/4 MILE 3
HAZE 11
- INDICATES NEGATIVE NUMBERS.
R INDICATES RECORD WAS SET OR TIED.
MM INDICATES DATA IS MISSING.
T INDICATES TRACE AMOUNT.
$$