000
CXUS53 KIND 011503
CLMEYE
CLIMATE REPORT
NATIONAL WEATHER SERVICE INDIANAPOLIS IN
1103 AM EDT FRI SEP 01 2023
...................................
...THE INDIANAPOLIS EAGLE CREEK IN CLIMATE SUMMARY FOR THE MONTH OF AUGUST 2023...
CLIMATE NORMAL PERIOD 1991 TO 2020
CLIMATE RECORD PERIOD 9999 TO 9999
WEATHER OBSERVED NORMAL DEPART LAST YEAR`S
VALUE DATE(S) VALUE FROM VALUE DATE(S)
NORMAL
................................................................
TEMPERATURE (F)
HIGHEST 93 08/24 93 08/03
LOWEST 54R 08/31 55 08/13
AVG. MAXIMUM 82.9 84.0 -1.1 84.3
AVG. MINIMUM 65.1 64.7 0.4 65.8
MEAN 74.0 74.4 -0.4 75.1
DAYS MAX >= 90 5 4.0 1.0 5
DAYS MAX <= 32 0 0.0 0.0 0
DAYS MIN <= 32 0 0.0 0.0 0
DAYS MIN <= 0 0 0.0 0.0 0
PRECIPITATION (INCHES)
TOTALS 3.85 3.24 0.61 3.60
DAILY AVG. 0.12 0.10 0.02 0.12
DAYS >= .01 7 9.4 -2.4 8
DAYS >= .10 6 5.3 0.7 6
DAYS >= .50 2 2.3 -0.3 2
DAYS >= 1.00 2 1.0 1.0 2
GREATEST
24 HR. TOTAL 2.13 08/09 TO 08/09
DEGREE DAYS
HEATING TOTAL 0 2 -2 0
SINCE 7/1 0 1 -1 MM
COOLING TOTAL 287 292 -5 317
SINCE 1/1 930 975 -45 MM
................................................................
WIND (MPH)
AVERAGE WIND SPEED 5.2
HIGHEST WIND SPEED/DIRECTION 20/300 DATE 08/15
20/340 08/17
HIGHEST GUST SPEED/DIRECTION 31/200 DATE 08/17
SKY COVER
AVERAGE SKY COVER 0.28
AVERAGE RH (PERCENT) 73
WEATHER CONDITIONS. NUMBER OF DAYS WITH
THUNDERSTORM 10 MIXED PRECIP 0
HEAVY RAIN 3 RAIN 5
LIGHT RAIN 11 FREEZING RAIN 0
LT FREEZING RAIN 0 HAIL 0
HEAVY SNOW 0 SNOW 0
LIGHT SNOW 0 SLEET 0
FOG 12 FOG W/VIS <= 1/4 MILE 1
HAZE 2
- INDICATES NEGATIVE NUMBERS.
R INDICATES RECORD WAS SET OR TIED.
MM INDICATES DATA IS MISSING.
T INDICATES TRACE AMOUNT.
$$