000
CXUS53 KFGF 010815
CF6FAR
PRELIMINARY LOCAL CLIMATOLOGICAL DATA (WS FORM: F-6)
STATION: FARGO HECTOR INTL AP ND
MONTH: APRIL
YEAR: 2020
LATITUDE: 46 54 N
LONGITUDE: 96 48 W
TEMPERATURE IN F: :PCPN: SNOW: WIND :SUNSHINE: SKY :PK WND
================================================================================
1 2 3 4 5 6A 6B 7 8 9 10 11 12 13 14 15 16 17 18
12Z AVG MX 2MIN
DY MAX MIN AVG DEP HDD CDD WTR SNW DPTH SPD SPD DIR MIN PSBL S-S WX SPD DR
================================================================================
1 56 35 46 10 19 0 0.21 0.0 0 15.6 26 130 M M 7 1 36 130
2 36 17 27 -10 38 0 0.98 4.8 0 20.2 29 340 M M 10 126 39 340
3 21 5 13 -25 52 0 T T 5 12.1 25 330 M M 6 18 32 330
4 34 2 18 -20 47 0 0.00 0.0 4 6.0 15 120 M M 3 19 130
5 44 31 38 -1 27 0 0.00 0.0 4 10.8 20 150 M M 5 30 150
6 51 37 44 5 21 0 0.21 0.0 1 10.2 17 150 M M 7 18 26 150
7 50 37 44 4 21 0 0.01 0.0 0 6.4 16 320 M M 4 1 20 320
8 46 31 39 -1 26 0 T 0.0 0 17.2 35 290 M M 4 1 48 300
9 40 28 34 -7 31 0 0.02 0.3 T 15.3 30 350 M M 6 1 37 330
10 48 25 37 -4 28 0 0.00 0.0 0 9.3 21 220 M M 2 29 190
11 41 31 36 -6 29 0 0.00 0.0 0 14.4 29 360 M M 7 34 10
12 34 21 28 -14 37 0 T T 0 13.4 23 340 M M 7 30 350
13 28 15 22 -21 43 0 0.01 0.1 0 12.6 26 340 M M 5 18 35 350
14 26 15 21 -23 44 0 0.02 0.4 T 6.8 15 340 M M 7 18 20 330
15 37 17 27 -17 38 0 T T 0 6.8 22 330 M M 3 26 340
16 45 20 33 -12 32 0 0.00 0.0 0 6.3 17 320 M M 1 24 310
17 52 24 38 -7 27 0 0.00 0.0 0 13.0 24 220 M M 4 36 210
18 58 33 46 0 19 0 0.00 0.0 0 17.3 28 330 M M 7 36 320
19 50 25 38 -8 27 0 0.00 0.0 0 10.0 22 260 M M 4 38 260
20 53 26 40 -7 25 0 T 0.0 0 14.3 28 360 M M 5 36 340
21 44 22 33 -14 32 0 0.01 T 0 7.8 17 110 M M 5 1 23 120
22 63 30 47 -1 18 0 0.00 0.0 0 6.7 20 110 M M 1 26 110
23 67 42 55 7 10 0 0.08 0.0 0 6.3 30 330 M M 6 3 38 330
24 67 36 52 3 13 0 0.00 0.0 0 6.9 17 10 M M 0 27 350
25 65 36 51 2 14 0 T 0.0 0 4.9 20 80 M M 3 23 80
26 71 41 56 6 9 0 0.06 0.0 0 12.0 25 340 M M 4 1 34 330
27 71 38 55 5 10 0 0.00 0.0 0 8.8 15 300 M M 2 12 23 300
28 66 50 58 7 7 0 T 0.0 0 11.6 21 180 M M 6 3 25 180
29 66 41 54 3 11 0 0.00 0.0 0 13.3 24 360 M M 2 33 340
30 72 34 53 2 12 0 0.00 0.0 0 7.3 16 150 M M 0 24 140
================================================================================
SM 1502 845 767 0 1.61 5.6 323.6 M 133
================================================================================
AV 50.1 28.2 10.8 FASTST M M 4 MAX(MPH)
MISC ----> 35 290 48 300
================================================================================
NOTES:
# LAST OF SEVERAL OCCURRENCES
COLUMN 17 PEAK WIND IN M.P.H.
PRELIMINARY LOCAL CLIMATOLOGICAL DATA (WS FORM: F-6) , PAGE 2
STATION: FARGO HECTOR INTL AP ND
MONTH: APRIL
YEAR: 2020
LATITUDE: 46 54 N
LONGITUDE: 96 48 W
[TEMPERATURE DATA] [PRECIPITATION DATA] SYMBOLS USED IN COLUMN 16
AVERAGE MONTHLY: 39.1 TOTAL FOR MONTH: 1.61 1 = FOG OR MIST
DPTR FM NORMAL: -5.1 DPTR FM NORMAL: 0.25 2 = FOG REDUCING VISIBILITY
HIGHEST: 72 ON 30 GRTST 24HR 0.98 ON 2- 2 TO 1/4 MILE OR LESS
LOWEST: 2 ON 4 3 = THUNDER
SNOW, ICE PELLETS, HAIL 4 = ICE PELLETS
TOTAL MONTH: 5.6 INCHES 5 = HAIL
GRTST 24HR 4.8 ON 2- 2 6 = FREEZING RAIN OR DRIZZLE
GRTST DEPTH: 5 ON 3 7 = DUSTSTORM OR SANDSTORM:
VSBY 1/2 MILE OR LESS
8 = SMOKE OR HAZE
[NO. OF DAYS WITH] [WEATHER - DAYS WITH] 9 = BLOWING SNOW
X = TORNADO
MAX 32 OR BELOW: 3 0.01 INCH OR MORE: 10
MAX 90 OR ABOVE: 0 0.10 INCH OR MORE: 3
MIN 32 OR BELOW: 18 0.50 INCH OR MORE: 1
MIN 0 OR BELOW: 0 1.00 INCH OR MORE: 0
[HDD (BASE 65) ]
TOTAL THIS MO. 767 CLEAR (SCALE 0-3) 8
DPTR FM NORMAL 141 PTCLDY (SCALE 4-7) 21
TOTAL FM JUL 1 8691 CLOUDY (SCALE 8-10) 1
DPTR FM NORMAL 235
[CDD (BASE 65) ]
TOTAL THIS MO. 0
DPTR FM NORMAL -3 [PRESSURE DATA]
TOTAL FM JAN 1 0 HIGHEST SLP M ON M
DPTR FM NORMAL -3 LOWEST SLP 29.53 ON 18
[REMARKS]
#FINAL-04-20#