000
CXUS56 KHNX 031524
CF6FAT
PRELIMINARY LOCAL CLIMATOLOGICAL DATA (WS FORM: F-6)
STATION: FRESNO CA
MONTH: JULY
YEAR: 2023
LATITUDE: 36 46 N
LONGITUDE: 119 43 W
TEMPERATURE IN F: :PCPN: SNOW: WIND :SUNSHINE: SKY :PK WND
================================================================================
1 2 3 4 5 6A 6B 7 8 9 10 11 12 13 14 15 16 17 18
12Z AVG MX 2MIN
DY MAX MIN AVG DEP HDD CDD WTR SNW DPTH SPD SPD DIR MIN PSBL S-S WX SPD DR
================================================================================
1 108 77 93 11 0 28 0.00 0.0 0 8.3 17 310 M M 2 21 310
2 108 77 93 11 0 28 0.00 0.0 0 8.2 18 310 M M 4 24 310
3 104 76 90 8 0 25 0.00 0.0 0 8.6 18 310 M M 4 23 300
4 100 70 85 3 0 20 0.00 0.0 0 6.5 15 300 M M 1 19 290
5 99 67 83 1 0 18 0.00 0.0 0 8.5 15 310 M M 0 19 310
6 95 64 80 -3 0 15 0.00 0.0 0 8.9 15 310 M M 0 19 300
7 93 61 77 -6 0 12 0.00 0.0 0 9.6 15 300 M M 0 19 300
8 90 63 77 -6 0 12 0.00 0.0 0 10.0 16 320 M M 1 20 320
9 89 60 75 -8 0 10 0.00 0.0 0 8.8 16 310 M M 1 20 300
10 91 59 75 -8 0 10 0.00 0.0 0 6.7 15 310 M M 0 18 320
11 99 68 84 0 0 19 0.00 0.0 0 4.5 13 290 M M 0 19 300
12 102 70 86 2 0 21 0.00 0.0 0 6.3 14 320 M M 0 17 290
13 101 68 85 1 0 20 0.00 0.0 0 7.7 16 310 M M 0 19 320
14 101 71 86 2 0 21 0.00 0.0 0 6.3 15 310 M M 1 18 300
15 106 76 91 7 0 26 0.00 0.0 0 6.0 13 300 M M 1 16 300
16 108 79 94 10 0 29 0.00 0.0 0 5.3 13 300 M M 7 14 170
17 109 81 95 11 0 30 0.00 0.0 0 6.6 14 320 M M 6 18 320
18 105 78 92 8 0 27 0.00 0.0 0 6.0 15 270 M M 6 19 250
19 104 75 90 6 0 25 0.00 0.0 0 6.9 16 310 M M 3 21 340
20 104 72 88 4 0 23 0.00 0.0 0 6.9 14 310 M M 2 19 310
21 104 74 89 5 0 24 0.00 0.0 0 5.8 12 310 M M 2 15 290
22 108 78 93 9 0 28 0.00 0.0 0 5.8 12 300 M M 6 8 18 270
23 107 81 94 10 0 29 0.00 0.0 0 7.2 16 300 M M 7 20 310
24 102 74 88 4 0 23 0.00 0.0 0 9.6 16 310 M M 6 21 350
25 101 70 86 2 0 21 0.00 0.0 0 5.8 14 310 M M 4 18 300
26 105 73 89 5 0 24 0.00 0.0 0 6.5 14 310 M M 4 18 310
27 103 71 87 3 0 22 0.00 0.0 0 8.0 16 320 M M 2 23 360
28 100 70 85 1 0 20 0.00 0.0 0 8.4 15 310 M M 2 19 310
29 102 71 87 3 0 22 0.00 0.0 0 8.4 16 300 M M 6 20 290
30 103 69 86 2 0 21 0.00 0.0 0 7.1 13 300 M M 7 15 310
31 104 71 88 4 0 23 0.00 0.0 0 6.7 15 320 M M 7 17 330
================================================================================
SM 3155 2214 0 676 0.00 0.0 225.9 M 92
================================================================================
AV101.8 71.4 7.3 FASTST M M 3 MAX(MPH)
MISC ----> # 18 310 24 310
================================================================================
NOTES:
# LAST OF SEVERAL OCCURRENCES
COLUMN 17 PEAK WIND IN M.P.H.
PRELIMINARY LOCAL CLIMATOLOGICAL DATA (WS FORM: F-6) , PAGE 2
STATION: FRESNO CA
MONTH: JULY
YEAR: 2023
LATITUDE: 36 46 N
LONGITUDE: 119 43 W
[TEMPERATURE DATA] [PRECIPITATION DATA] SYMBOLS USED IN COLUMN 16
AVERAGE MONTHLY: 86.6 TOTAL FOR MONTH: 0.00 1 = FOG OR MIST
DPTR FM NORMAL: 3.1 DPTR FM NORMAL: -0.03 2 = FOG REDUCING VISIBILITY
HIGHEST: 109 ON 17 GRTST 24HR 0.00 ON 1- 1 TO 1/4 MILE OR LESS
LOWEST: 59 ON 10 3 = THUNDER
SNOW, ICE PELLETS, HAIL 4 = ICE PELLETS
TOTAL MONTH: 0.0 INCH 5 = HAIL
GRTST 24HR 0.0 6 = FREEZING RAIN OR DRIZZLE
GRTST DEPTH: 0 7 = DUSTSTORM OR SANDSTORM:
VSBY 1/2 MILE OR LESS
8 = SMOKE OR HAZE
[NO. OF DAYS WITH] [WEATHER - DAYS WITH] 9 = BLOWING SNOW
X = TORNADO
MAX 32 OR BELOW: 0 0.01 INCH OR MORE: 0
MAX 90 OR ABOVE: 30 0.10 INCH OR MORE: 0
MIN 32 OR BELOW: 0 0.50 INCH OR MORE: 0
MIN 0 OR BELOW: 0 1.00 INCH OR MORE: 0
[HDD (BASE 65) ]
TOTAL THIS MO. 0 CLEAR (SCALE 0-3) 18
DPTR FM NORMAL 0 PTCLDY (SCALE 4-7) 13
TOTAL FM JUL 1 0 CLOUDY (SCALE 8-10) 0
DPTR FM NORMAL 0
[CDD (BASE 65) ]
TOTAL THIS MO. 676
DPTR FM NORMAL 103 [PRESSURE DATA]
TOTAL FM JAN 1 1295 HIGHEST SLP 30.00 ON 29
DPTR FM NORMAL 95 LOWEST SLP 29.71 ON 2
[REMARKS]
#FINAL-07-23#