000
CXUS54 KOUN 010910
CF6FDR
PRELIMINARY LOCAL CLIMATOLOGICAL DATA (WS FORM: F-6)
STATION: FREDERICK MUNICIPAL
MONTH: NOVEMBER
YEAR: 2022
LATITUDE: 34 21 N
LONGITUDE: 98 59 W
TEMPERATURE IN F: :PCPN: SNOW: WIND :SUNSHINE: SKY :PK WND
================================================================================
1 2 3 4 5 6A 6B 7 8 9 10 11 12 13 14 15 16 17 18
12Z AVG MX 2MIN
DY MAX MIN AVG DEP HDD CDD WTR SNW DPTH SPD SPD DIR MIN PSBL S-S WX SPD DR
================================================================================
1 78 49 64 6 1 0 0.00 M M 8.8 20 160 M M 0 23 160
2 76 52 64 6 1 0 0.00 M M 13.3 23 170 M M 2 1 28 170
3 81 58 70 13 0 5 0.00 0.0 0 14.7 25 170 M M 4 1 30 170
4 73 41 57 0 8 0 0.14 0.0 0 16.8 32 330 M M 7 13 38 310
5 66 36 51 -6 14 0 0.00 M M 12.8 22 190 M M 0 29 190
6 74 49 62 6 3 0 0.00 M M 7.7 16 170 M M 0 19 170
7 67 49 58 2 7 0 0.00 0.0 0 8.8 16 10 M M 5 12 19 360
8 81 63 72 17 0 7 T 0.0 0 13.6 26 180 M M 4 1 30 180
9 80 62 71 16 0 6 0.00 0.0 0 15.1 32 170 M M 4 1 37 170
10 79 49 64 9 1 0 0.05 M M 15.0 29 360 M M 7 1 34 10
11 49 33 41 -13 24 0 T M M 22.8 37 10 M M 6 44 360
12 53 28 41 -13 24 0 0.00 M M 5.8 9 160 M M 0 13 350
13 57 29 43 -10 22 0 0.00 M M 12.2 22 140 M M 0 30 170
14 40 32 36 -17 29 0 0.26 M M 12.5 23 340 M M 6 1 27 340
15 49 27 38 -14 27 0 0.00 M M 9.4 17 10 M M 0 20 10
16 53 31 42 -10 23 0 0.00 M M 6.7 15 350 M M 0 22 360
17 60 29 45 -7 20 0 T 0.0 M 7.7 24 30 M M 0 29 30
18 40 32 36 -15 29 0 T T M 14.9 26 40 M M 9 32 40
19 50 30 40 -11 25 0 0.00 M M 5.6 14 320 M M 4 8 17 320
20 54 27 41 -9 24 0 0.00 M M 7.3 15 210 M M 0 8 18 170
21 60 30 45 -5 20 0 0.00 M M 6.9 13 160 M M 0 17 200
22 62 33 48 -2 17 0 0.00 M M 8.1 16 170 M M 1 12 19 170
23 60 41 51 2 14 0 T M M 11.1 20 200 M M 8 24 170
24 58 46 52 3 13 0 T M M 15.2 25 20 M M 10 128 30 10
25 50 40 45 -4 20 0 0.13 M M 16.6 28 10 M M 6 33 360
26 48 44 46 -2 19 0 0.99 M M 9.6 18 30 M M 10 1 22 30
27 53 38 46 -2 19 0 0.00 M M 9.4 21 340 M M 2 M M
28 67 35 51 3 14 0 M M M 10.5 24 200 M M 0 29 200
29 69 33 51 4 14 0 M M M 17.5 32 350 M M 0 43 360
30 45 29 37 -10 28 0 M M M 7.4 15 10 M M 0 M M
================================================================================
SM 1832 1175 460 18 1.57 T 343.9 M 95
================================================================================
AV 61.1 39.2 11.5 FASTST M M 3 MAX(MPH)
MISC ----> 37 10 44 360
================================================================================
NOTES:
# LAST OF SEVERAL OCCURRENCES
COLUMN 17 PEAK WIND IN M.P.H.
PRELIMINARY LOCAL CLIMATOLOGICAL DATA (WS FORM: F-6) , PAGE 2
STATION: FREDERICK MUNICIPAL
MONTH: NOVEMBER
YEAR: 2022
LATITUDE: 34 21 N
LONGITUDE: 98 59 W
[TEMPERATURE DATA] [PRECIPITATION DATA] SYMBOLS USED IN COLUMN 16
AVERAGE MONTHLY: 50.1 TOTAL FOR MONTH: 1.57 1 = FOG OR MIST
DPTR FM NORMAL: -2.3 DPTR FM NORMAL: M 2 = FOG REDUCING VISIBILITY
HIGHEST: 81 ON 8, 3 GRTST 24HR 1.12 ON 25-26 TO 1/4 MILE OR LESS
LOWEST: 27 ON 20,15 3 = THUNDER
SNOW, ICE PELLETS, HAIL 4 = ICE PELLETS
TOTAL MONTH: T 5 = HAIL
GRTST 24HR T ON 18-18 6 = FREEZING RAIN OR DRIZZLE
GRTST DEPTH: 0 7 = DUSTSTORM OR SANDSTORM:
VSBY 1/2 MILE OR LESS
8 = SMOKE OR HAZE
[NO. OF DAYS WITH] [WEATHER - DAYS WITH] 9 = BLOWING SNOW
X = TORNADO
MAX 32 OR BELOW: 0 0.01 INCH OR MORE: 5
MAX 90 OR ABOVE: 0 0.10 INCH OR MORE: 4
MIN 32 OR BELOW: 11 0.50 INCH OR MORE: 1
MIN 0 OR BELOW: 0 1.00 INCH OR MORE: 0
[HDD (BASE 65) ]
TOTAL THIS MO. 460 CLEAR (SCALE 0-3) 16
DPTR FM NORMAL 73 PTCLDY (SCALE 4-7) 11
TOTAL FM JUL 1 556 CLOUDY (SCALE 8-10) 3
DPTR FM NORMAL 45
[CDD (BASE 65) ]
TOTAL THIS MO. 18
DPTR FM NORMAL 9 [PRESSURE DATA]
TOTAL FM JAN 1 3019 HIGHEST SLP 30.51 ON 16
DPTR FM NORMAL 523 LOWEST SLP 29.54 ON 29
[REMARKS]
#FINAL-11-22#