000
CXUS53 KLMK 030406
CF6FFT
PRELIMINARY LOCAL CLIMATOLOGICAL DATA (WS FORM: F-6)
STATION: FRANKFORT KY
MONTH: NOVEMBER
YEAR: 2020
LATITUDE: 38 10 N
LONGITUDE: 84 54 W
TEMPERATURE IN F: :PCPN: SNOW: WIND :SUNSHINE: SKY :PK WND
================================================================================
1 2 3 4 5 6A 6B 7 8 9 10 11 12 13 14 15 16 17 18
12Z AVG MX 2MIN
DY MAX MIN AVG DEP HDD CDD WTR SNW DPTH SPD SPD DIR MIN PSBL S-S WX SPD DR
================================================================================
1 56 34 45 -7 20 0 0.00 M M 11.5 25 260 M M 1 42 270
2 50 27 39 -12 26 0 0.00 M M 5.3 15 230 M M 0 20 240
3 65 34 50 -1 15 0 0.00 M M 5.3 13 230 M M 0 17 240
4 71 38 55 5 10 0 0.00 M M 5.1 15 200 M M 0 20 220
5 68 40 54 4 11 0 0.00 M M 4.3 13 210 M M 0 20 210
6 72 37 55 5 10 0 0.00 M M 1.6 8 150 M M 0 11 160
7 76 37 57 8 8 0 0.00 M M 0.9 6 110 M M 0 1 9 160
8 80 45 63 14 2 0 0.00 M M 2.1 12 100 M M 0 16 100
9 81 48 65 16 0 0 0.00 M M 3.4 12 120 M M 2 18 160
10 81 54 68 20 0 3 0.40 M M 8.0 20 190 M M 5 1 30 210
11 69 45 57 9 8 0 0.30 M M 6.3 17 310 M M 9 1 26 310
12 58 35 47 -1 18 0 0.00 M M 4.2 13 40 M M 0 18 18 80
13 60 32 46 -1 19 0 0.00 M M 3.2 14 270 M M 1 20 260
14 61 30 46 -1 19 0 0.01 M M 4.2 14 160 M M 5 21 160
15 65 42 54 8 11 0 0.21 M M 14.4 35 200 M M 5 13 54 200
16 57 34 46 0 19 0 0.00 M M 8.6 15 220 M M 0 21 230
17 47 27 37 -9 28 0 0.00 M M 7.6 22 330 M M 0 28 300
18 50 25 38 -7 27 0 0.00 M M 4.8 13 170 M M 2 19 140
19 67 34 51 6 14 0 0.00 M M 10.2 24 220 M M 0 34 210
20 67 49 58 14 7 0 0.00 M M 10.5 21 220 M M 3 30 230
21 60 50 55 11 10 0 T M M 5.7 13 40 M M 10 18 18 40
22 57 41 49 5 16 0 0.12 M M 9.1 16 310 M M 9 1 27 300
23 50 34 42 -1 23 0 0.00 M M 2.8 9 310 M M 5 14 290
24 54 37 46 3 19 0 0.00 M M 6.1 13 170 M M 4 17 170
25 61 48 55 13 10 0 0.43 M M 8.0 18 230 M M 9 1 30 260
26 54 49 52 10 13 0 0.00 M M 6.3 13 220 M M 10 17 210
27 58 43 51 10 14 0 0.00 M M 3.2 9 240 M M 7 12 230
28 52 30 41 0 24 0 0.00 M M 2.0 7 320 M M 2 18 10 20
29 56 26 41 0 24 0 0.04 M M 2.0 7 140 M M 3 9 180
30 46 30 38 -2 27 0 0.83 M M 9.1 17 300 M M 10 1 28 300
================================================================================
SM 1849 1135 452 3 2.34 M 175.8 M 102
================================================================================
AV 61.6 37.8 5.9 FASTST M M 3 MAX(MPH)
MISC ----> 35 200 54 200
================================================================================
NOTES:
# LAST OF SEVERAL OCCURRENCES
COLUMN 17 PEAK WIND IN M.P.H.
PRELIMINARY LOCAL CLIMATOLOGICAL DATA (WS FORM: F-6) , PAGE 2
STATION: FRANKFORT KY
MONTH: NOVEMBER
YEAR: 2020
LATITUDE: 38 10 N
LONGITUDE: 84 54 W
[TEMPERATURE DATA] [PRECIPITATION DATA] SYMBOLS USED IN COLUMN 16
AVERAGE MONTHLY: 49.7 TOTAL FOR MONTH: 2.34 1 = FOG OR MIST
DPTR FM NORMAL: 3.7 DPTR FM NORMAL: -1.39 2 = FOG REDUCING VISIBILITY
HIGHEST: 81 ON 10, 9 GRTST 24HR 0.87 ON 29-30 TO 1/4 MILE OR LESS
LOWEST: 25 ON 18 3 = THUNDER
SNOW, ICE PELLETS, HAIL 4 = ICE PELLETS
TOTAL MONTH: M 5 = HAIL
GRTST 24HR M ON M 6 = FREEZING RAIN OR DRIZZLE
GRTST DEPTH: M ON M 7 = DUSTSTORM OR SANDSTORM:
VSBY 1/2 MILE OR LESS
8 = SMOKE OR HAZE
[NO. OF DAYS WITH] [WEATHER - DAYS WITH] 9 = BLOWING SNOW
X = TORNADO
MAX 32 OR BELOW: 0 0.01 INCH OR MORE: 8
MAX 90 OR ABOVE: 0 0.10 INCH OR MORE: 6
MIN 32 OR BELOW: 8 0.50 INCH OR MORE: 1
MIN 0 OR BELOW: 0 1.00 INCH OR MORE: 0
[HDD (BASE 65) ]
TOTAL THIS MO. 452 CLEAR (SCALE 0-3) 18
DPTR FM NORMAL -118 PTCLDY (SCALE 4-7) 6
TOTAL FM JUL 1 741 CLOUDY (SCALE 8-10) 6
DPTR FM NORMAL -170
[CDD (BASE 65) ]
TOTAL THIS MO. 3
DPTR FM NORMAL 2 [PRESSURE DATA]
TOTAL FM JAN 1 1389 HIGHEST SLP 30.66 ON 18
DPTR FM NORMAL 234 LOWEST SLP 29.60 ON 15
[REMARKS]
#FINAL-11-20#