000
CXUS53 KFGF 010815
CF6FGF
PRELIMINARY LOCAL CLIMATOLOGICAL DATA (WS FORM: F-6)
STATION: GRAND FORKS UNIV. (NWS) ND
MONTH: JULY
YEAR: 2021
LATITUDE: 47 55 N
LONGITUDE: 97 6 W
TEMPERATURE IN F: :PCPN: SNOW: WIND :SUNSHINE: SKY :PK WND
================================================================================
1 2 3 4 5 6A 6B 7 8 9 10 11 12 13 14 15 16 17 18
12Z AVG MX 2MIN
DY MAX MIN AVG DEP HDD CDD WTR SNW DPTH SPD SPD DIR MIN PSBL S-S WX SPD DR
================================================================================
1 91 65 78 9 0 13 0.00 0.0 0 M M M M M M M M
2 92 65 79 10 0 14 0.00 0.0 0 M M M M M M M M
3 94 67 81 12 0 16 0.08 0.0 0 M M M M M M 3 M M
4 92 70 81 12 0 16 0.00 0.0 0 M M M M M M M M
5 91 64 78 9 0 13 0.00 0.0 0 M M M M M M M M
6 69 55 62 -7 3 0 0.01 0.0 0 M M M M M M M M
7 73 56 65 -4 0 0 0.00 0.0 0 M M M M M M M M
8 77 57 67 -2 0 2 0.00 0.0 0 M M M M M M M M
9 82 57 70 0 0 5 0.00 0.0 0 M M M M M M M M
10 86 57 72 2 0 7 0.00 0.0 0 M M M M M M M M
11 91 64 78 8 0 13 0.00 0.0 0 M M M M M M M M
12 89 62 76 6 0 11 0.00 0.0 0 M M M M M M M M
13 86 61 74 4 0 9 0.00 0.0 0 M M M M M M M M
14 82 60 71 1 0 6 0.00 0.0 0 M M M M M M M M
15 86 57 72 2 0 7 T 0.0 0 M M M M M M M M
16 88 62 75 5 0 10 0.00 0.0 0 M M M M M M M M
17 87 62 75 5 0 10 0.00 0.0 0 M M M M M M M M
18 90 63 77 7 0 12 0.00 0.0 0 M M M M M M M M
19 83 65 74 4 0 9 0.46 0.0 0 M M M M M M 3 M M
20 81 64 73 3 0 8 0.00 0.0 0 M M M M M M 18 M M
21 81 70 76 6 0 11 0.01 0.0 0 M M M M M M M M
22 88 73 81 11 0 16 T 0.0 0 M M M M M M M M
23 97 74 86 16 0 21 T 0.0 0 M M M M M M M M
24 88 60 74 4 0 9 0.00 0.0 0 M M M M M M M M
25 93 61 77 7 0 12 0.00 0.0 0 M M M M M M M M
26 92 62 77 7 0 12 0.00 0.0 0 M M M M M M M M
27 89 59 74 4 0 9 0.00 0.0 0 M M M M M M M M
28 89 65 77 7 0 12 0.00 0.0 0 M M M M M M M M
29 84 57 71 1 0 6 0.00 0.0 0 M M M M M M M M
30 87 63 75 5 0 10 0.00 0.0 0 M M M M M M 8 M M
31 82 60 71 1 0 6 0.00 0.0 0 M M M M M M 18 M M
================================================================================
SM 2680 1937 3 305 0.56 0.0 M M M
================================================================================
AV 86.5 62.5 M FASTST M M M MAX(MPH)
MISC ----> M M M M
================================================================================
NOTES:
# LAST OF SEVERAL OCCURRENCES
COLUMN 17 PEAK WIND IN M.P.H.
PRELIMINARY LOCAL CLIMATOLOGICAL DATA (WS FORM: F-6) , PAGE 2
STATION: GRAND FORKS UNIV. (NWS) ND
MONTH: JULY
YEAR: 2021
LATITUDE: 47 55 N
LONGITUDE: 97 6 W
[TEMPERATURE DATA] [PRECIPITATION DATA] SYMBOLS USED IN COLUMN 16
AVERAGE MONTHLY: 74.5 TOTAL FOR MONTH: 0.56 1 = FOG OR MIST
DPTR FM NORMAL: 4.7 DPTR FM NORMAL: -2.61 2 = FOG REDUCING VISIBILITY
HIGHEST: 97 ON 23 GRTST 24HR 0.46 ON 19-19 TO 1/4 MILE OR LESS
LOWEST: 55 ON 6 3 = THUNDER
SNOW, ICE PELLETS, HAIL 4 = ICE PELLETS
TOTAL MONTH: 0.0 INCH 5 = HAIL
GRTST 24HR 0.0 6 = FREEZING RAIN OR DRIZZLE
GRTST DEPTH: 0 7 = DUSTSTORM OR SANDSTORM:
VSBY 1/2 MILE OR LESS
8 = SMOKE OR HAZE
[NO. OF DAYS WITH] [WEATHER - DAYS WITH] 9 = BLOWING SNOW
X = TORNADO
MAX 32 OR BELOW: 0 0.01 INCH OR MORE: 4
MAX 90 OR ABOVE: 10 0.10 INCH OR MORE: 1
MIN 32 OR BELOW: 0 0.50 INCH OR MORE: 0
MIN 0 OR BELOW: 0 1.00 INCH OR MORE: 0
[HDD (BASE 65) ]
TOTAL THIS MO. 3 CLEAR (SCALE 0-3) 0
DPTR FM NORMAL -20 PTCLDY (SCALE 4-7) 0
TOTAL FM JUL 1 3 CLOUDY (SCALE 8-10) 31
DPTR FM NORMAL -20
[CDD (BASE 65) ]
TOTAL THIS MO. 305
DPTR FM NORMAL 134 [PRESSURE DATA]
TOTAL FM JAN 1 542 HIGHEST SLP M ON M
DPTR FM NORMAL 254 LOWEST SLP M ON M
[REMARKS]
#FINAL-07-21#