000
CXUS56 KFGZ 010910
CF6FLG
PRELIMINARY LOCAL CLIMATOLOGICAL DATA (WS FORM: F-6)
STATION: FLAGSTAFF AZ AIRPORT
MONTH: JULY
YEAR: 2022
LATITUDE: 35 7 N
LONGITUDE: 111 40 W
TEMPERATURE IN F: :PCPN: SNOW: WIND :SUNSHINE: SKY :PK WND
================================================================================
1 2 3 4 5 6A 6B 7 8 9 10 11 12 13 14 15 16 17 18
12Z AVG MX 2MIN
DY MAX MIN AVG DEP HDD CDD WTR SNW DPTH SPD SPD DIR MIN PSBL S-S WX SPD DR
================================================================================
1 78 49 64 -1 1 0 0.25 0.0 0 5.2 20 230 M M 3 13 26 220
2 79 50 65 0 0 0 T 0.0 0 4.5 18 230 M M 3 24 210
3 79 48 64 -2 1 0 0.00 0.0 0 8.9 25 210 M M 1 36 220
4 78 47 63 -3 2 0 0.00 0.0 0 10.0 23 230 M M 2 31 240
5 78 52 65 -1 0 0 0.00 0.0 0 8.2 21 220 M M 3 27 210
6 78 50 64 -2 1 0 0.00 0.0 0 7.0 21 220 M M 1 26 230
7 81 43 62 -4 3 0 0.00 0.0 0 5.9 21 220 M M 0 28 230
8 87 50 69 3 0 4 0.00 M M 4.0 20 220 M M 0 25 210
9 86 57 72 6 0 7 0.00 M M 4.6 16 90 M M 3 21 80
10 84 56 70 3 0 5 0.00 M M 4.5 20 200 M M 3 25 210
11 85 58 72 5 0 7 0.00 M M 4.7 25 30 M M 3 32 40
12 86 53 70 3 0 5 0.22 0.0 0 4.1 21 40 M M 3 13 28 40
13 81 56 69 2 0 4 0.00 0.0 0 3.7 15 230 M M 3 22 260
14 83 55 69 2 0 4 0.19 0.0 0 2.3 17 320 M M 3 13 23 330
15 84 55 70 3 0 5 0.01 0.0 0 4.6 18 220 M M 2 3 23 230
16 87 51 69 2 0 4 0.02 0.0 0 2.9 22 240 M M 2 3 29 240
17 88 57 73 6 0 8 0.12 0.0 0 3.2 16 50 M M 2 358 25 140
18 85 57 71 4 0 6 0.05 0.0 0 4.1 17 60 M M 3 3 25 220
19 87 58 73 6 0 8 0.00 0.0 0 4.2 18 240 M M 1 26 310
20 87 60 74 7 0 9 T 0.0 0 5.8 25 210 M M 3 38 33 220
21 87 62 75 8 0 10 0.45 0.0 0 5.2 25 60 M M 4 3 32 60
22 89 59 74 7 0 9 0.00 0.0 0 5.9 18 120 M M 1 26 130
23 83 58 71 4 0 6 0.20 0.0 0 6.3 22 220 M M 4 13 27 200
24 79 54 67 0 0 2 0.02 M M 5.5 16 40 M M 3 38 21 210
25 75 57 66 -1 0 1 0.21 0.0 0 2.9 12 200 M M 9 13 15 230
26 67 55 61 -6 4 0 0.28 0.0 0 2.7 10 210 M M 7 13 13 310
27 68 57 63 -4 2 0 0.08 0.0 0 3.7 12 200 M M 7 13 16 90
28 75 56 66 -1 0 1 0.01 0.0 0 3.7 22 210 M M 8 123 24 220
29 73 53 63 -4 2 0 0.60 0.0 0 1.4 14 260 M M 5 13 24 110
30 73 53 63 -4 2 0 0.23 0.0 0 2.5 18 130 M M 6 13 24 140
31 79 53 66 -1 0 1 T 0.0 0 3.2 17 30 M M 5 13 20 30
================================================================================
SM 2509 1679 18 106 2.94 0.0 145.4 M 103
================================================================================
AV 80.9 54.2 4.7 FASTST M M 3 MAX(MPH)
MISC ----> # 25 210 36 220
================================================================================
NOTES:
# LAST OF SEVERAL OCCURRENCES
COLUMN 17 PEAK WIND IN M.P.H.
PRELIMINARY LOCAL CLIMATOLOGICAL DATA (WS FORM: F-6) , PAGE 2
STATION: FLAGSTAFF AZ AIRPORT
MONTH: JULY
YEAR: 2022
LATITUDE: 35 7 N
LONGITUDE: 111 40 W
[TEMPERATURE DATA] [PRECIPITATION DATA] SYMBOLS USED IN COLUMN 16
AVERAGE MONTHLY: 67.5 TOTAL FOR MONTH: 2.94 1 = FOG OR MIST
DPTR FM NORMAL: 0.8 DPTR FM NORMAL: 0.33 2 = FOG REDUCING VISIBILITY
HIGHEST: 89 ON 22 GRTST 24HR 0.60 ON 29-29 TO 1/4 MILE OR LESS
LOWEST: 43 ON 7 3 = THUNDER
SNOW, ICE PELLETS, HAIL 4 = ICE PELLETS
TOTAL MONTH: 0.0 INCH 5 = HAIL
GRTST 24HR 0.0 6 = FREEZING RAIN OR DRIZZLE
GRTST DEPTH: 0 7 = DUSTSTORM OR SANDSTORM:
VSBY 1/2 MILE OR LESS
8 = SMOKE OR HAZE
[NO. OF DAYS WITH] [WEATHER - DAYS WITH] 9 = BLOWING SNOW
X = TORNADO
MAX 32 OR BELOW: 0 0.01 INCH OR MORE: 16
MAX 90 OR ABOVE: 0 0.10 INCH OR MORE: 10
MIN 32 OR BELOW: 0 0.50 INCH OR MORE: 1
MIN 0 OR BELOW: 0 1.00 INCH OR MORE: 0
[HDD (BASE 65) ]
TOTAL THIS MO. 18 CLEAR (SCALE 0-3) 17
DPTR FM NORMAL -5 PTCLDY (SCALE 4-7) 13
TOTAL FM JUL 1 18 CLOUDY (SCALE 8-10) 1
DPTR FM NORMAL -5
[CDD (BASE 65) ]
TOTAL THIS MO. 106
DPTR FM NORMAL 30 [PRESSURE DATA]
TOTAL FM JAN 1 141 HIGHEST SLP M ON M
DPTR FM NORMAL 42 LOWEST SLP 29.82 ON 3
[REMARKS]
#FINAL-07-22#