000
CXUS52 KMFL 011241
CLMFLL
CLIMATE REPORT
NATIONAL WEATHER SERVICE MIAMI, FL
841 AM EDT SUN OCT 01 2023
...................................
...THE FORT LAUDERDALE CLIMATE SUMMARY FOR THE MONTH OF SEPTEMBER 2023...
CLIMATE NORMAL PERIOD: 1991 TO 2020
CLIMATE RECORD PERIOD: 1912 TO 2023
WEATHER OBSERVED NORMAL DEPART LAST YEAR`S
VALUE DATE(S) VALUE FROM VALUE
NORMAL
..............................................................
TEMPERATURE (F)
RECORD
HIGH 99 09/12/1935
09/12/1921
09/12/1920
LOW 61 09/26/1965
HIGHEST 94 09/01 94
LOWEST 69 09/21 68
AVG. MAXIMUM 89.4 88.3 1.1 90.1
AVG. MINIMUM 76.3 77.1 -0.8 76.8
MEAN 82.8 82.7 0.1 83.5
DAYS MAX >= 90 12 19
DAYS MAX <= 32 0 0
DAYS MIN <= 32 0 0
DAYS MIN <= 0 0 0
PRECIPITATION (INCHES)
RECORD
MAXIMUM 17.80 1948
MINIMUM 1.33 2019
TOTALS 15.56 8.02 7.54 10.01
DAILY AVG. 0.52 0.27 0.25 0.33
DAYS >= .01 20 MM
DAYS >= .10 15 MM
DAYS >= .50 11 MM
DAYS >= 1.00 8 MM
GREATEST
24 HR. TOTAL 3.01 09/26 TO 09/27 MM
DEGREE DAYS
HEATING TOTAL 0 0 0 0
SINCE 7/1 0 0 0 MM
COOLING TOTAL 541 531 10 561
SINCE 1/1 4058 3599 459 MM
..............................................................
WIND (MPH)
AVERAGE WIND SPEED 6.8
HIGHEST WIND SPEED/DIRECTION 37/240 DATE 09/21
HIGHEST GUST SPEED/DIRECTION 56/280 DATE 09/21
SKY COVER
POSSIBLE SUNSHINE (PERCENT) MM
AVERAGE SKY COVER 0.52
NUMBER OF DAYS FAIR 4
NUMBER OF DAYS PC 24
NUMBER OF DAYS CLOUDY 2
AVERAGE RH (PERCENT) 76
WEATHER CONDITIONS. NUMBER OF DAYS WITH
THUNDERSTORM 17 MIXED PRECIP 0
HEAVY RAIN 14 RAIN 11
LIGHT RAIN 20 FREEZING RAIN 0
LT FREEZING RAIN 0 HAIL 0
HEAVY SNOW 0 SNOW 0
LIGHT SNOW 0 SLEET 0
FOG 18 FOG W/VIS <= 1/4 MILE 1
HAZE 0
- INDICATES NEGATIVE NUMBERS.
R INDICATES RECORD WAS SET OR TIED.
MM INDICATES DATA IS MISSING.
T INDICATES TRACE AMOUNT.
$$