000
CXUS54 KLZK 011330
CF6FLP
PRELIMINARY LOCAL CLIMATOLOGICAL DATA (WS FORM: F-6)
STATION: FLIPPIN
MONTH: NOVEMBER
YEAR: 2022
LATITUDE: 36 17 N
LONGITUDE: 92 28 W
TEMPERATURE IN F: :PCPN: SNOW: WIND :SUNSHINE: SKY :PK WND
================================================================================
1 2 3 4 5 6A 6B 7 8 9 10 11 12 13 14 15 16 17 18
12Z AVG MX 2MIN
DY MAX MIN AVG DEP HDD CDD WTR SNW DPTH SPD SPD DIR MIN PSBL S-S WX SPD DR
================================================================================
1 78 40 59 M 6 0 0.00 M M 1.1 7 170 M M 0 1 M M
2 77 43 60 M 5 0 0.00 M M 2.1 8 150 M M 0 M M
3 77 49 63 M 2 0 0.00 M M 3.3 13 170 M M 4 17 170
4 79 62 71 M 0 6 1.37 M M 6.8 27 260 M M 6 138 45 260
5 65 42 54 M 11 0 0.00 M M 8.3 18 270 M M 3 21 280
6 77 40 59 M 6 0 0.00 M M 3.0 13 180 M M 0 22 200
7 71 49 60 M 5 0 0.00 M M 4.7 9 110 M M 6 8 16 80
8 76 59 68 M 0 3 0.00 M M 2.8 6 90 M M 6 M M
9 84 52 68 M 0 3 0.00 M M 3.5 8 180 M M 1 18 200
10 78 54 66 M 0 1 0.00 M M 3.6 8 180 M M 1 M M
11 54 35 45 M 20 0 0.07 M M 8.5 17 330 M M 6 23 330
12 40 26 33 M 32 0 0.02 M M 7.1 14 330 M M 3 1 21 330
13 43 19 31 M 34 0 0.00 M M 1.4 8 70 M M 0 M M
14 44 22 33 M 32 0 0.18 M M 2.7 9 120 M M 4 14 M M
15 40 30 35 M 30 0 T M M 4.9 12 320 M M 9 M M
16 46 24 35 M 30 0 0.00 M M 6.2 16 330 M M 1 23 330
17 50 21 36 M 29 0 0.00 M M 3.5 8 270 M M 1 16 280
18 39 27 33 M 32 0 T M M 7.3 13 290 M M 8 1 21 350
19 46 24 35 M 30 0 0.00 M M 7.8 18 270 M M 3 25 280
20 44 17 31 M 34 0 0.00 M M 1.2 6 99 M M 0 M M
21 57 17 37 M 28 0 0.00 M M 1.4 5 99 M M 0 M M
22 63 25 44 M 21 0 0.00 M M 0.7 6 230 M M 0 M M
23 64 29 47 M 18 0 T M M 2.9 7 150 M M 4 M M
24 53 48 51 M 14 0 0.96 M M 2.6 8 270 M M 10 12 M M
25 60 37 49 M 16 0 0.00 M M 4.4 9 340 M M 6 1 M M
26 49 34 42 M 23 0 0.59 M M 3.1 9 100 M M 8 12 M M
27 55 47 51 M 14 0 0.25 M M 9.1 17 280 M M 9 1 30 240
28 60 36 48 M 17 0 0.00 M M 4.1 8 170 M M 3 8 M M
29 75 37 56 M 9 0 0.00 M M 10.1 22 310 M M 4 38 290
30 45 26 36 M 29 0 M M M 8.0 18 320 M M 1 31 310
================================================================================
SM 1789 1071 527 13 3.44 M 136.2 M 107
================================================================================
AV 59.6 35.7 4.5 FASTST M M 4 MAX(MPH)
MISC ----> 27 260 45 260
================================================================================
NOTES:
# LAST OF SEVERAL OCCURRENCES
COLUMN 17 PEAK WIND IN M.P.H.
PRELIMINARY LOCAL CLIMATOLOGICAL DATA (WS FORM: F-6) , PAGE 2
STATION: FLIPPIN
MONTH: NOVEMBER
YEAR: 2022
LATITUDE: 36 17 N
LONGITUDE: 92 28 W
[TEMPERATURE DATA] [PRECIPITATION DATA] SYMBOLS USED IN COLUMN 16
AVERAGE MONTHLY: 47.7 TOTAL FOR MONTH: 3.44 1 = FOG OR MIST
DPTR FM NORMAL: 0.0 DPTR FM NORMAL: M 2 = FOG REDUCING VISIBILITY
HIGHEST: 84 ON 9 GRTST 24HR 1.37 ON 4- 4 TO 1/4 MILE OR LESS
LOWEST: 17 ON 21,20 3 = THUNDER
SNOW, ICE PELLETS, HAIL 4 = ICE PELLETS
TOTAL MONTH: M 5 = HAIL
GRTST 24HR M ON M 6 = FREEZING RAIN OR DRIZZLE
GRTST DEPTH: M ON M 7 = DUSTSTORM OR SANDSTORM:
VSBY 1/2 MILE OR LESS
8 = SMOKE OR HAZE
[NO. OF DAYS WITH] [WEATHER - DAYS WITH] 9 = BLOWING SNOW
X = TORNADO
MAX 32 OR BELOW: 0 0.01 INCH OR MORE: 7
MAX 90 OR ABOVE: 0 0.10 INCH OR MORE: 5
MIN 32 OR BELOW: 13 0.50 INCH OR MORE: 3
MIN 0 OR BELOW: 0 1.00 INCH OR MORE: 1
[HDD (BASE 65) ]
TOTAL THIS MO. 527 CLEAR (SCALE 0-3) 14
DPTR FM NORMAL M PTCLDY (SCALE 4-7) 13
TOTAL FM JUL 1 728 CLOUDY (SCALE 8-10) 3
DPTR FM NORMAL M
[CDD (BASE 65) ]
TOTAL THIS MO. 13
DPTR FM NORMAL M [PRESSURE DATA]
TOTAL FM JAN 1 1931 HIGHEST SLP 30.55 ON 20
DPTR FM NORMAL M LOWEST SLP 29.46 ON 27
[REMARKS]
#FINAL-11-22#