000
CXUS53 KOAX 011030
CF6FNB
PRELIMINARY LOCAL CLIMATOLOGICAL DATA (WS FORM: F-6)
STATION: FALLS CITY NE
MONTH: FEBRUARY
YEAR: 2022
LATITUDE: 40 4 N
LONGITUDE: 95 35 W
TEMPERATURE IN F: :PCPN: SNOW: WIND :SUNSHINE: SKY :PK WND
================================================================================
1 2 3 4 5 6A 6B 7 8 9 10 11 12 13 14 15 16 17 18
12Z AVG MX 2MIN
DY MAX MIN AVG DEP HDD CDD WTR SNW DPTH SPD SPD DIR MIN PSBL S-S WX SPD DR
================================================================================
1 48 25 37 10 28 0 0.00 M M 12.4 22 10 M M 4 31 10
2 25 9 17 -11 48 0 T M M 17.4 25 20 M M 9 35 10
3 22 2 12 -16 53 0 0.00 M M 10.1 18 20 M M 1 26 20
4 37 1 19 -9 46 0 0.00 M M 7.6 21 360 M M 1 29 320
5 50 11 31 3 34 0 0.00 M M 13.3 30 200 M M 0 42 190
6 50 22 36 8 29 0 0.00 M M 8.6 24 310 M M 1 32 350
7 60 17 39 10 26 0 0.00 M M 7.8 17 250 M M 3 24 270
8 61 28 45 16 20 0 0.00 M M 9.4 22 330 M M 0 32 330
9 54 29 42 13 23 0 0.00 M M 13.0 28 300 M M 3 38 310
10 53 25 39 9 26 0 T M M 12.3 25 220 M M 1 37 210
11 53 17 35 5 30 0 0.01 M M 16.1 29 350 M M 4 44 360
12 32 5 19 -11 46 0 0.00 M M 9.0 18 320 M M 1 28 340
13 30 17 24 -6 41 0 0.00 M M 7.7 18 350 M M 1 26 360
14 45 20 33 2 32 0 0.00 M M 6.3 16 350 M M 0 23 330
15 67 24 46 15 19 0 0.00 M M 14.0 33 180 M M 0 50 190
16 57 27 42 11 23 0 0.00 M M 12.8 26 360 M M 5 37 360
17 27 10 19 -13 46 0 0.00 M M 12.8 26 10 M M 4 39 360
18 55 9 32 0 33 0 0.00 M M 15.6 29 230 M M 1 39 240
19 38 15 27 -5 38 0 0.00 M M 9.9 21 170 M M 0 29 170
20 67 32 50 17 15 0 0.00 M M 12.3 26 220 M M 0 37 210
21 67 26 47 14 18 0 0.00 M M 12.1 24 320 M M 1 1 33 330
22 26 4 15 -19 50 0 T M M 19.6 29 310 M M 8 18 40 330
23 19 0 10 -24 55 0 0.00 M M 11.5 15 360 M M 1 27 330
24 17 7 12 -22 53 0 T M M 9.0 15 310 M M 8 18 21 320
25 25 -1 12 -23 53 0 0.00 M M 6.4 14 310 M M 0 18 310
26 43 6 25 -10 40 0 0.00 M M 5.3 13 200 M M 1 17 190
27 56 15 36 0 29 0 0.00 M M 7.4 16 210 M M 0 21 220
28 68 23 46 10 19 0 0.00 M M 5.5 12 250 M M 0 16 300
================================================================================
SM 1252 425 973 0 0.01 M 305.2 M 58
================================================================================
AV 44.7 15.2 10.9 FASTST M M 2 MAX(MPH)
MISC ----> 33 180 50 190
================================================================================
NOTES:
# LAST OF SEVERAL OCCURRENCES
COLUMN 17 PEAK WIND IN M.P.H.
PRELIMINARY LOCAL CLIMATOLOGICAL DATA (WS FORM: F-6) , PAGE 2
STATION: FALLS CITY NE
MONTH: FEBRUARY
YEAR: 2022
LATITUDE: 40 4 N
LONGITUDE: 95 35 W
[TEMPERATURE DATA] [PRECIPITATION DATA] SYMBOLS USED IN COLUMN 16
AVERAGE MONTHLY: 29.9 TOTAL FOR MONTH: 0.01 1 = FOG OR MIST
DPTR FM NORMAL: -1.3 DPTR FM NORMAL: -0.98 2 = FOG REDUCING VISIBILITY
HIGHEST: 68 ON 28 GRTST 24HR 0.01 ON 10-11 TO 1/4 MILE OR LESS
LOWEST: -1 ON 25 3 = THUNDER
SNOW, ICE PELLETS, HAIL 4 = ICE PELLETS
TOTAL MONTH: M 5 = HAIL
GRTST 24HR M ON M 6 = FREEZING RAIN OR DRIZZLE
GRTST DEPTH: M ON M 7 = DUSTSTORM OR SANDSTORM:
VSBY 1/2 MILE OR LESS
8 = SMOKE OR HAZE
[NO. OF DAYS WITH] [WEATHER - DAYS WITH] 9 = BLOWING SNOW
X = TORNADO
MAX 32 OR BELOW: 9 0.01 INCH OR MORE: 1
MAX 90 OR ABOVE: 0 0.10 INCH OR MORE: 0
MIN 32 OR BELOW: 28 0.50 INCH OR MORE: 0
MIN 0 OR BELOW: 2 1.00 INCH OR MORE: 0
[HDD (BASE 65) ]
TOTAL THIS MO. 973 CLEAR (SCALE 0-3) 21
DPTR FM NORMAL 27 PTCLDY (SCALE 4-7) 6
TOTAL FM JUL 1 3780 CLOUDY (SCALE 8-10) 1
DPTR FM NORMAL -565
[CDD (BASE 65) ]
TOTAL THIS MO. 0
DPTR FM NORMAL 0 [PRESSURE DATA]
TOTAL FM JAN 1 0 HIGHEST SLP 30.74 ON 23
DPTR FM NORMAL 0 LOWEST SLP 29.56 ON 21
[REMARKS]
#FINAL-02-22#