000
CXUS53 KDTX 010635
CF6FNT
PRELIMINARY LOCAL CLIMATOLOGICAL DATA (WS FORM: F-6)
STATION: FLINT MI
MONTH: APRIL
YEAR: 2023
LATITUDE: 42 58 N
LONGITUDE: 83 44 W
TEMPERATURE IN F: :PCPN: SNOW: WIND :SUNSHINE: SKY :PK WND
================================================================================
1 2 3 4 5 6A 6B 7 8 9 10 11 12 13 14 15 16 17 18
12Z AVG MX 2MIN
DY MAX MIN AVG DEP HDD CDD WTR SNW DPTH SPD SPD DIR MIN PSBL S-S WX SPD DR
================================================================================
1 57 29 43 3 22 0 0.18 T 0 14.5 25 240 M M 6 1 41 230
2 48 22 35 -6 30 0 0.00 0.0 0 8.5 18 180 M M 2 28 180
3 59 39 49 8 16 0 0.43 0.0 0 8.8 20 210 M M 5 1 27 180
4 53 43 48 7 17 0 0.75 0.0 0 9.6 20 110 M M 10 13 28 100
5 69 45 57 15 8 0 0.82 0.0 0 13.8 26 270 M M 5 13 39 270
6 49 36 43 1 22 0 0.00 0.0 0 12.4 25 270 M M 0 37 280
7 48 30 39 -4 26 0 0.00 0.0 0 6.5 13 110 M M 0 18 20
8 54 28 41 -2 24 0 0.00 0.0 0 5.6 16 150 M M 5 19 160
9 64 28 46 3 19 0 0.00 0.0 0 4.3 13 160 M M 0 17 340
10 69 42 56 12 9 0 0.00 0.0 0 8.1 16 220 M M 0 21 240
11 74 50 62 18 3 0 0.00 0.0 0 11.6 28 280 M M 0 36 280
12 81 58 70 25 0 5 0.00 0.0 M 12.6 22 240 M M 0 38 260
13 82 56 69 24 0 4 0.00 0.0 0 9.6 20 220 M M 0 26 260
14 82 44 63 18 2 0 0.00 0.0 0 1.6 12 150 M M 0 15 150
15 84 52 68 22 0 3 0.00 0.0 0 4.7 20 290 M M 3 25 270
16 76 40 58 12 7 0 0.25 0.0 0 12.5 30 210 M M 6 1 48 200
17 43 34 39 -8 26 0 0.11 T 0 14.4 26 250 M M 10 1 45 260
18 46 31 39 -8 26 0 T T 0 14.6 25 290 M M 9 1 37 290
19 57 25 41 -6 24 0 0.13 0.0 0 7.3 22 80 M M 2 1 30 70
20 69 39 54 6 11 0 0.04 0.0 0 10.6 35 140 M M 4 43 140
21 63 46 55 7 10 0 0.09 0.0 0 8.6 20 290 M M 6 1 26 270
22 53 36 45 -4 20 0 0.05 0.0 0 8.7 26 270 M M 9 1 34 280
23 46 32 39 -10 26 0 0.02 0.0 0 8.9 18 290 M M 5 1 24 300
24 50 29 40 -9 25 0 T T 0 7.5 18 300 M M 9 26 260
25 49 28 39 -11 26 0 T T 0 4.1 12 190 M M 7 16 180
26 54 31 43 -7 22 0 0.00 0.0 0 6.0 13 80 M M 5 18 280
27 62 29 46 -4 19 0 0.00 0.0 0 7.9 15 160 M M 0 23 180
28 54 39 47 -4 18 0 0.42 0.0 0 9.1 18 40 M M 6 1 24 30
29 63 43 53 2 12 0 0.31 0.0 0 7.4 21 270 M M 9 1 29 270
30 53 38 46 -6 19 0 0.01 0.0 0 6.5 18 250 M M 8 1 26 260
================================================================================
SM 1811 1122 489 12 3.61 T 266.3 M 131
================================================================================
AV 60.4 37.4 8.9 FASTST M M 4 MAX(MPH)
MISC ----> 35 140 48 200
================================================================================
NOTES:
# LAST OF SEVERAL OCCURRENCES
COLUMN 17 PEAK WIND IN M.P.H.
PRELIMINARY LOCAL CLIMATOLOGICAL DATA (WS FORM: F-6) , PAGE 2
STATION: FLINT MI
MONTH: APRIL
YEAR: 2023
LATITUDE: 42 58 N
LONGITUDE: 83 44 W
[TEMPERATURE DATA] [PRECIPITATION DATA] SYMBOLS USED IN COLUMN 16
AVERAGE MONTHLY: 48.9 TOTAL FOR MONTH: 3.61 1 = FOG OR MIST
DPTR FM NORMAL: 2.9 DPTR FM NORMAL: 0.48 2 = FOG REDUCING VISIBILITY
HIGHEST: 84 ON 15 GRTST 24HR 1.17 ON 3- 4 TO 1/4 MILE OR LESS
LOWEST: 22 ON 2 3 = THUNDER
SNOW, ICE PELLETS, HAIL 4 = ICE PELLETS
TOTAL MONTH: T 5 = HAIL
GRTST 24HR T ON 1- 1 6 = FREEZING RAIN OR DRIZZLE
GRTST DEPTH: 0 7 = DUSTSTORM OR SANDSTORM:
VSBY 1/2 MILE OR LESS
8 = SMOKE OR HAZE
[NO. OF DAYS WITH] [WEATHER - DAYS WITH] 9 = BLOWING SNOW
X = TORNADO
MAX 32 OR BELOW: 0 0.01 INCH OR MORE: 14
MAX 90 OR ABOVE: 0 0.10 INCH OR MORE: 9
MIN 32 OR BELOW: 12 0.50 INCH OR MORE: 2
MIN 0 OR BELOW: 0 1.00 INCH OR MORE: 0
[HDD (BASE 65) ]
TOTAL THIS MO. 489 CLEAR (SCALE 0-3) 11
DPTR FM NORMAL -83 PTCLDY (SCALE 4-7) 13
TOTAL FM JUL 1 5689 CLOUDY (SCALE 8-10) 6
DPTR FM NORMAL -835
[CDD (BASE 65) ]
TOTAL THIS MO. 12
DPTR FM NORMAL 10 [PRESSURE DATA]
TOTAL FM JAN 1 12 HIGHEST SLP M ON M
DPTR FM NORMAL 9 LOWEST SLP 29.26 ON 1
[REMARKS]
#FINAL-04-23#