000
CXUS52 KMLB 010645
CF6FPR
PRELIMINARY LOCAL CLIMATOLOGICAL DATA (WS FORM: F-6)
STATION: FORT PIERCE
MONTH: AUGUST
YEAR: 2022
LATITUDE: 27 30 N
LONGITUDE: 80 22 W
TEMPERATURE IN F: :PCPN: SNOW: WIND :SUNSHINE: SKY :PK WND
================================================================================
1 2 3 4 5 6A 6B 7 8 9 10 11 12 13 14 15 16 17 18
12Z AVG MX 2MIN
DY MAX MIN AVG DEP HDD CDD WTR SNW DPTH SPD SPD DIR MIN PSBL S-S WX SPD DR
================================================================================
1 91 74 83 1 0 18 0.00 0.0 0 7.7 20 110 M M 1 24 110
2 93 71 82 0 0 17 0.00 0.0 0 6.9 20 270 M M 2 3 26 260
3 90 69 80 -2 0 15 0.00 0.0 0 6.8 18 120 M M 0 21 110
4 90 71 81 -1 0 16 0.02 0.0 0 6.7 18 100 M M 1 1 25 90
5 90 74 82 0 0 17 0.00 0.0 0 8.6 17 120 M M 1 23 110
6 91 74 83 1 0 18 0.01 0.0 0 8.1 24 110 M M 1 30 100
7 90 74 82 0 0 17 0.07 0.0 0 8.4 24 100 M M 1 3 32 100
8 90 74 82 0 0 17 T 0.0 0 7.3 17 110 M M 2 3 23 120
9 91 73 82 0 0 17 0.07 0.0 0 8.1 24 120 M M 4 1 28 140
10 91 74 83 1 0 18 0.00 0.0 0 9.3 22 110 M M 1 1 27 110
11 90 76 83 1 0 18 0.00 0.0 0 6.1 15 120 M M 1 19 100
12 91 73 82 0 0 17 0.00 0.0 0 6.6 16 100 M M 1 22 100
13 96 73 85 3 0 20 0.74 0.0 0 3.2 21 320 M M 2 123 29 320
14 88 70 79 -3 0 14 T 0.0 0 3.5 13 70 M M 2 13 17 110
15 90 70 80 -2 0 15 0.82 0.0 0 4.4 16 250 M M 2 1238 21 240
16 95 74 85 3 0 20 0.00 0.0 0 6.2 24 240 M M 1 30 270
17 97 75 86 4 0 21 0.00 0.0 0 6.7 20 320 M M 1 26 310
18 93 74 84 2 0 19 0.21 0.0 0 4.8 23 260 M M 4 13 32 270
19 94 72 83 1 0 18 0.00 0.0 0 6.8 20 140 M M 2 1 26 160
20 91 73 82 0 0 17 0.00 0.0 0 6.7 15 100 M M 1 20 110
21 91 77 84 2 0 19 T 0.0 0 7.4 16 100 M M 2 3 22 100
22 91 76 84 2 0 19 0.00 0.0 0 6.2 17 120 M M 1 21 100
23 92 74 83 1 0 18 0.00 0.0 0 5.3 15 100 M M 2 22 100
24 91 74 83 2 0 18 T 0.0 0 5.6 18 120 M M 2 3 22 120
25 92 75 84 3 0 19 0.00 0.0 0 4.7 17 130 M M 2 3 23 110
26 89 73 81 0 0 16 0.87 0.0 0 3.9 15 70 M M 2 13 19 60
27 90 75 83 2 0 18 0.01 0.0 0 3.1 16 120 M M 2 3 19 110
28 90 76 83 2 0 18 0.21 0.0 0 2.3 15 140 M M 3 13 19 140
29 88 74 81 0 0 16 T 0.0 0 7.6 26 150 M M 2 1 36 140
30 92 75 84 3 0 19 0.02 0.0 0 6.9 24 120 M M 2 13 30 130
31 92 72 82 1 0 17 0.00 0.0 0 5.2 16 100 M M 2 1 20 120
================================================================================
SM 2830 2279 0 546 3.05 0.0 191.1 M 53
================================================================================
AV 91.3 73.5 6.2 FASTST M M 2 MAX(MPH)
MISC ----> 26 150 36 140
================================================================================
NOTES:
# LAST OF SEVERAL OCCURRENCES
COLUMN 17 PEAK WIND IN M.P.H.
PRELIMINARY LOCAL CLIMATOLOGICAL DATA (WS FORM: F-6) , PAGE 2
STATION: FORT PIERCE
MONTH: AUGUST
YEAR: 2022
LATITUDE: 27 30 N
LONGITUDE: 80 22 W
[TEMPERATURE DATA] [PRECIPITATION DATA] SYMBOLS USED IN COLUMN 16
AVERAGE MONTHLY: 82.4 TOTAL FOR MONTH: 3.05 1 = FOG OR MIST
DPTR FM NORMAL: 0.8 DPTR FM NORMAL: -3.89 2 = FOG REDUCING VISIBILITY
HIGHEST: 97 ON 17 GRTST 24HR 0.87 ON 26-26 TO 1/4 MILE OR LESS
LOWEST: 69 ON 3 3 = THUNDER
SNOW, ICE PELLETS, HAIL 4 = ICE PELLETS
TOTAL MONTH: 0.0 INCH 5 = HAIL
GRTST 24HR 0.0 6 = FREEZING RAIN OR DRIZZLE
GRTST DEPTH: 0 7 = DUSTSTORM OR SANDSTORM:
VSBY 1/2 MILE OR LESS
8 = SMOKE OR HAZE
[NO. OF DAYS WITH] [WEATHER - DAYS WITH] 9 = BLOWING SNOW
X = TORNADO
MAX 32 OR BELOW: 0 0.01 INCH OR MORE: 11
MAX 90 OR ABOVE: 28 0.10 INCH OR MORE: 5
MIN 32 OR BELOW: 0 0.50 INCH OR MORE: 3
MIN 0 OR BELOW: 0 1.00 INCH OR MORE: 0
[HDD (BASE 65) ]
TOTAL THIS MO. 0 CLEAR (SCALE 0-3) 29
DPTR FM NORMAL 0 PTCLDY (SCALE 4-7) 2
TOTAL FM JUL 1 0 CLOUDY (SCALE 8-10) 0
DPTR FM NORMAL 0
[CDD (BASE 65) ]
TOTAL THIS MO. 546
DPTR FM NORMAL 33 [PRESSURE DATA]
TOTAL FM JAN 1 2617 HIGHEST SLP M ON M
DPTR FM NORMAL 324 LOWEST SLP 29.87 ON 15
[REMARKS]
#FINAL-08-22#