000
CXUS52 KMLB 141534
CF6FPR
PRELIMINARY LOCAL CLIMATOLOGICAL DATA (WS FORM: F-6)
STATION: FORT PIERCE
MONTH: JULY
YEAR: 2023
LATITUDE: 27 30 N
LONGITUDE: 80 22 W
TEMPERATURE IN F: :PCPN: SNOW: WIND :SUNSHINE: SKY :PK WND
================================================================================
1 2 3 4 5 6A 6B 7 8 9 10 11 12 13 14 15 16 17 18
12Z AVG MX 2MIN
DY MAX MIN AVG DEP HDD CDD WTR SNW DPTH SPD SPD DIR MIN PSBL S-S WX SPD DR
================================================================================
1 88 72 80 -1 0 15 0.00 0.0 0 5.3 15 80 M M 1 1 24 60
2 90 74 82 1 0 17 0.00 0.0 0 4.9 14 80 M M 2 1 18 100
3 91 74 83 2 0 18 0.00 0.0 0 4.5 15 120 M M 1 18 100
4 91 74 83 2 0 18 0.00 0.0 0 5.0 15 110 M M 0 138 18 120
5 91 74 83 2 0 18 0.00 0.0 0 4.5 15 110 M M 1 13 19 130
6 92 74 83 2 0 18 0.03 0.0 0 5.5 22 210 M M 2 3 32 180
7 92 75 84 3 0 19 0.03 0.0 0 5.8 20 220 M M 2 13 28 330
8 94 75 85 4 0 20 0.60 0.0 0 5.7 16 270 M M 2 138 23 270
9 94 75 85 4 0 20 0.25 0.0 0 5.5 25 320 M M 2 13 38 320
10 94 75 85 4 0 20 0.00 0.0 0 6.3 15 320 M M 1 3 25 320
11 95 74 85 4 0 20 0.00 0.0 0 3.8 20 290 M M 1 1 27 280
12 91 76 84 3 0 19 0.00 0.0 0 4.1 12 120 M M 1 1 15 100
13 93 75 84 3 0 19 0.61 0.0 0 4.2 14 40 M M 2 138 24 20
14 91 74 83 1 0 18 0.01 0.0 0 3.7 20 130 M M 2 3 24 120
15 93 75 84 2 0 19 0.05 0.0 0 3.7 18 140 M M 1 38 26 190
16 95 76 86 4 0 21 0.00 0.0 0 5.4 23 270 M M 1 3 34 270
17 93 72 83 1 0 18 0.58 0.0 0 4.7 22 290 M M 1 13 30 300
18 92 73 83 1 0 18 0.09 0.0 0 3.5 29 300 M M 1 3 40 290
19 91 75 83 1 0 18 0.00 0.0 0 5.8 18 130 M M 0 3 25 160
20 91 77 84 2 0 19 0.06 0.0 0 5.0 16 110 M M 1 138 21 110
21 96 75 86 4 0 21 0.58 0.0 0 5.0 18 200 M M 2 13 26 200
22 95 74 85 3 0 20 0.40 0.0 0 5.8 25 280 M M 2 138 34 240
23 94 74 84 2 0 19 0.25 0.0 0 5.3 26 180 M M 2 3 38 190
24 94 73 84 2 0 19 0.00 0.0 0 3.2 21 290 M M 1 13 28 290
25 91 73 82 0 0 17 0.00 0.0 0 3.7 20 320 M M 1 3 28 330
26 90 73 82 0 0 17 0.00 0.0 0 3.7 12 80 M M 0 3 17 70
27 86 75 81 -1 0 16 0.30 0.0 0 3.0 12 60 M M 2 13 17 40
28 89 75 82 0 0 17 0.86 0.0 0 4.2 21 120 M M 4 123 30 190
29 90 76 83 1 0 18 0.03 0.0 0 5.3 14 130 M M 2 38 21 110
30 93 76 85 3 0 20 0.01 0.0 0 3.4 14 130 M M 2 13 18 110
31 92 72 82 0 0 17 3.88 0.0 0 5.6 35 130 M M 4 1238 42 130
================================================================================
SM 2852 2305 0 573 8.62 0.0 145.1 M 47
================================================================================
AV 92.0 74.4 4.7 FASTST M M 2 MAX(MPH)
MISC ----> 35 130 42 130
================================================================================
NOTES:
# LAST OF SEVERAL OCCURRENCES
COLUMN 17 PEAK WIND IN M.P.H.
PRELIMINARY LOCAL CLIMATOLOGICAL DATA (WS FORM: F-6) , PAGE 2
STATION: FORT PIERCE
MONTH: JULY
YEAR: 2023
LATITUDE: 27 30 N
LONGITUDE: 80 22 W
[TEMPERATURE DATA] [PRECIPITATION DATA] SYMBOLS USED IN COLUMN 16
AVERAGE MONTHLY: 83.2 TOTAL FOR MONTH: 8.62 1 = FOG OR MIST
DPTR FM NORMAL: 1.8 DPTR FM NORMAL: 2.77 2 = FOG REDUCING VISIBILITY
HIGHEST: 96 ON 21 GRTST 24HR 3.88 ON 31-31 TO 1/4 MILE OR LESS
LOWEST: 72 ON 31,17 3 = THUNDER
SNOW, ICE PELLETS, HAIL 4 = ICE PELLETS
TOTAL MONTH: 0.0 INCH 5 = HAIL
GRTST 24HR 0.0 6 = FREEZING RAIN OR DRIZZLE
GRTST DEPTH: 0 7 = DUSTSTORM OR SANDSTORM:
VSBY 1/2 MILE OR LESS
8 = SMOKE OR HAZE
[NO. OF DAYS WITH] [WEATHER - DAYS WITH] 9 = BLOWING SNOW
X = TORNADO
MAX 32 OR BELOW: 0 0.01 INCH OR MORE: 18
MAX 90 OR ABOVE: 28 0.10 INCH OR MORE: 10
MIN 32 OR BELOW: 0 0.50 INCH OR MORE: 6
MIN 0 OR BELOW: 0 1.00 INCH OR MORE: 1
[HDD (BASE 65) ]
TOTAL THIS MO. 0 CLEAR (SCALE 0-3) 29
DPTR FM NORMAL 0 PTCLDY (SCALE 4-7) 2
TOTAL FM JUL 1 0 CLOUDY (SCALE 8-10) 0
DPTR FM NORMAL 0
[CDD (BASE 65) ]
TOTAL THIS MO. 573
DPTR FM NORMAL 63 [PRESSURE DATA]
TOTAL FM JAN 1 2187 HIGHEST SLP 30.18 ON 24
DPTR FM NORMAL 407 LOWEST SLP 29.91 ON 22
[REMARKS]
#FINAL-07-23#