000
CXUS54 KTSA 011330
CF6FSM
PRELIMINARY LOCAL CLIMATOLOGICAL DATA (WS FORM: F-6)
STATION: FORT SMITH ARKANSAS
MONTH: DECEMBER
YEAR: 2021
LATITUDE: 35 19 N
LONGITUDE: 94 22 W
TEMPERATURE IN F: :PCPN: SNOW: WIND :SUNSHINE: SKY :PK WND
================================================================================
1 2 3 4 5 6A 6B 7 8 9 10 11 12 13 14 15 16 17 18
12Z AVG MX 2MIN
DY MAX MIN AVG DEP HDD CDD WTR SNW DPTH SPD SPD DIR MIN PSBL S-S WX SPD DR
================================================================================
1 70 44 57 11 8 0 0.00 0.0 0 4.3 14 270 M M 0 19 270
2 78 39 59 13 6 0 0.00 0.0 0 2.2 9 270 M M 0 1 13 250
3 78 44 61 15 4 0 0.00 0.0 0 4.3 14 230 M M 0 12 18 240
4 66 53 60 15 5 0 0.00 0.0 0 7.5 17 70 M M 9 1 20 80
5 72 56 64 19 1 0 T 0.0 0 7.4 18 230 M M 8 24 230
6 70 33 52 7 13 0 0.03 0.0 0 11.1 38 330 M M 2 13 47 320
7 48 30 39 -6 26 0 0.00 0.0 0 8.0 16 90 M M 0 23 120
8 58 31 45 1 20 0 0.00 0.0 0 4.6 13 50 M M 0 16 50
9 73 42 58 14 7 0 0.00 0.0 0 7.3 16 220 M M 0 1 20 200
10 80 52 66 22 0 1 0.14 0.0 0 11.9 38 230 M M 2 123 57 240
11 56 31 44 0 21 0 0.00 0.0 0 9.8 32 300 M M 1 41 290
12 57 26 42 -1 23 0 0.00 0.0 0 4.7 12 120 M M 0 18 17 150
13 66 33 50 7 15 0 0.00 0.0 0 6.5 13 80 M M 2 8 14 70
14 64 51 58 15 7 0 T 0.0 0 7.3 10 70 M M 10 13 70
15 79 62 71 28 0 6 0.00 0.0 0 11.6 28 210 M M 8 42 200
16 73 50 62 20 3 0 0.10 0.0 0 9.3 22 210 M M 5 18 32 190
17 62 49 56 14 9 0 2.50 0.0 0 9.3 22 300 M M 10 13 28 290
18 61 38 50 8 15 0 0.89 0.0 0 11.8 20 350 M M 4 13 25 340
19 46 31 39 -3 26 0 0.00 0.0 0 3.5 12 360 M M 5 15 330
20 41 29 35 -7 30 0 T 0.0 0 3.1 8 70 M M 4 1 10 80
21 55 31 43 1 22 0 0.00 0.0 0 2.9 12 250 M M 0 1 16 260
22 60 30 45 4 20 0 0.00 0.0 0 4.7 10 60 M M 1 12 15 90
23 65 37 51 10 14 0 0.00 0.0 0 6.5 17 200 M M 3 26 210
24 78 55 67 26 0 2 0.00 0.0 0 12.0 23 230 M M 0 35 230
25 77 52 65 24 0 0 0.00 0.0 0 9.4 24 220 M M 0 38 230
26 77 47 62 21 3 0 0.00 0.0 0 5.0 16 220 M M 0 22 240
27 72 55 64 23 1 0 0.00 0.0 0 5.3 14 300 M M 0 1 20 200
28 74 48 61 20 4 0 0.06 0.0 0 6.3 25 270 M M 4 1 33 270
29 58 43 51 11 14 0 0.53 0.0 0 4.5 16 250 M M 5 13 21 10
30 65 50 58 18 7 0 0.00 0.0 0 3.2 8 200 M M 6 1 11 180
31 70 47 59 19 6 0 0.19 0.0 0 4.0 14 210 M M 4 1 18 210
================================================================================
SM 2049 1319 330 9 4.44 0.0 209.3 M 93
================================================================================
AV 66.1 42.5 6.8 FASTST M M 3 MAX(MPH)
MISC ----> # 38 330 57 240
================================================================================
NOTES:
# LAST OF SEVERAL OCCURRENCES
COLUMN 17 PEAK WIND IN M.P.H.
PRELIMINARY LOCAL CLIMATOLOGICAL DATA (WS FORM: F-6) , PAGE 2
STATION: FORT SMITH ARKANSAS
MONTH: DECEMBER
YEAR: 2021
LATITUDE: 35 19 N
LONGITUDE: 94 22 W
[TEMPERATURE DATA] [PRECIPITATION DATA] SYMBOLS USED IN COLUMN 16
AVERAGE MONTHLY: 54.3 TOTAL FOR MONTH: 4.44 1 = FOG OR MIST
DPTR FM NORMAL: 11.5 DPTR FM NORMAL: 0.96 2 = FOG REDUCING VISIBILITY
HIGHEST: 80 ON 10 GRTST 24HR 3.26 ON 17-18 TO 1/4 MILE OR LESS
LOWEST: 26 ON 12 3 = THUNDER
SNOW, ICE PELLETS, HAIL 4 = ICE PELLETS
TOTAL MONTH: 0.0 INCH 5 = HAIL
GRTST 24HR 0.0 6 = FREEZING RAIN OR DRIZZLE
GRTST DEPTH: 0 7 = DUSTSTORM OR SANDSTORM:
VSBY 1/2 MILE OR LESS
8 = SMOKE OR HAZE
[NO. OF DAYS WITH] [WEATHER - DAYS WITH] 9 = BLOWING SNOW
X = TORNADO
MAX 32 OR BELOW: 0 0.01 INCH OR MORE: 8
MAX 90 OR ABOVE: 0 0.10 INCH OR MORE: 6
MIN 32 OR BELOW: 8 0.50 INCH OR MORE: 3
MIN 0 OR BELOW: 0 1.00 INCH OR MORE: 1
[HDD (BASE 65) ]
TOTAL THIS MO. 330 CLEAR (SCALE 0-3) 18
DPTR FM NORMAL -359 PTCLDY (SCALE 4-7) 8
TOTAL FM JUL 1 801 CLOUDY (SCALE 8-10) 5
DPTR FM NORMAL -433
[CDD (BASE 65) ]
TOTAL THIS MO. 9
DPTR FM NORMAL 8 [PRESSURE DATA]
TOTAL FM JAN 1 2249 HIGHEST SLP 30.43 ON 19
DPTR FM NORMAL 74 LOWEST SLP 29.52 ON 10
[REMARKS]
#FINAL-12-21#