000
CXUS54 KTSA 051107
CF6FSM
PRELIMINARY LOCAL CLIMATOLOGICAL DATA (WS FORM: F-6)
STATION: FORT SMITH ARKANSAS
MONTH: JUNE
YEAR: 2021
LATITUDE: 35 19 N
LONGITUDE: 94 22 W
TEMPERATURE IN F: :PCPN: SNOW: WIND :SUNSHINE: SKY :PK WND
================================================================================
1 2 3 4 5 6A 6B 7 8 9 10 11 12 13 14 15 16 17 18
12Z AVG MX 2MIN
DY MAX MIN AVG DEP HDD CDD WTR SNW DPTH SPD SPD DIR MIN PSBL S-S WX SPD DR
================================================================================
1 69 61 65 -10 0 0 0.97 0.0 0 5.4 13 70 M M 10 18 16 80
2 71 60 66 -10 0 1 0.00 0.0 0 6.3 13 270 M M 8 15 270
3 84 57 71 -5 0 6 0.00 0.0 0 2.8 9 310 M M 3 12 15 300
4 86 62 74 -2 0 9 0.00 0.0 0 3.5 9 110 M M 1 13 90
5 79 64 72 -4 0 7 0.05 0.0 0 6.4 14 110 M M 6 19 150
6 80 67 74 -3 0 9 0.35 0.0 0 5.4 17 290 M M 6 13 23 280
7 78 68 73 -4 0 8 0.49 0.0 0 7.7 16 80 M M 9 13 22 120
8 83 68 76 -1 0 11 0.00 0.0 0 4.6 10 140 M M 6 15 160
9 90 72 81 3 0 16 T 0.0 0 4.8 10 220 M M 6 16 60
10 94 74 84 6 0 19 0.00 0.0 0 3.6 13 220 M M 4 1 18 220
11 92 73 83 5 0 18 0.00 0.0 0 5.5 16 230 M M 3 23 260
12 98 76 87 9 0 22 0.00 0.0 0 4.8 13 150 M M 1 18 270
13 96 76 86 8 0 21 0.00 0.0 0 4.4 14 70 M M 1 18 60
14 94 70 82 3 0 17 0.00 0.0 0 2.9 9 360 M M 0 12 20
15 97 69 83 4 0 18 0.00 0.0 0 2.2 9 320 M M 0 15 300
16 96 72 84 5 0 19 0.00 0.0 0 2.3 9 270 M M 1 11 170
17 98 75 87 8 0 22 0.00 0.0 0 4.5 13 240 M M 0 17 240
18 95 75 85 5 0 20 0.00 0.0 0 4.3 12 150 M M 0 17 150
19 92 70 81 1 0 16 0.00 0.0 0 4.8 10 200 M M 0 16 160
20 95 70 83 3 0 18 0.00 0.0 0 7.4 20 220 M M 0 29 240
21 85 63 74 -6 0 9 0.74 0.0 0 6.6 39 320 M M 4 138 56 310
22 83 58 71 -9 0 6 0.00 0.0 0 4.6 13 140 M M 0 18 180
23 89 60 75 -6 0 10 0.00 0.0 0 6.6 13 150 M M 4 20 160
24 94 73 84 3 0 19 0.00 0.0 0 6.3 16 170 M M 3 23 160
25 93 76 85 4 0 20 0.00 0.0 0 6.7 18 190 M M 2 25 220
26 93 77 85 4 0 20 0.00 0.0 0 8.0 18 210 M M 3 26 210
27 89 73 81 0 0 16 0.39 0.0 0 6.0 30 270 M M 5 13 40 270
28 90 73 82 1 0 17 0.05 0.0 0 6.3 16 110 M M 4 13 22 110
29 91 72 82 0 0 17 0.00 0.0 0 5.2 14 140 M M 1 19 150
30 91 74 83 1 0 18 0.01 0.0 0 4.5 20 200 M M 2 3 29 190
================================================================================
SM 2665 2078 0 429 3.05 0.0 154.4 M 93
================================================================================
AV 88.8 69.3 5.1 FASTST M M 3 MAX(MPH)
MISC ----> 39 320 56 310
================================================================================
NOTES:
# LAST OF SEVERAL OCCURRENCES
COLUMN 17 PEAK WIND IN M.P.H.
PRELIMINARY LOCAL CLIMATOLOGICAL DATA (WS FORM: F-6) , PAGE 2
STATION: FORT SMITH ARKANSAS
MONTH: JUNE
YEAR: 2021
LATITUDE: 35 19 N
LONGITUDE: 94 22 W
[TEMPERATURE DATA] [PRECIPITATION DATA] SYMBOLS USED IN COLUMN 16
AVERAGE MONTHLY: 79.1 TOTAL FOR MONTH: 3.05 1 = FOG OR MIST
DPTR FM NORMAL: 0.3 DPTR FM NORMAL: -1.51 2 = FOG REDUCING VISIBILITY
HIGHEST: 98 ON 17,12 GRTST 24HR 1.02 ON 31- 1 TO 1/4 MILE OR LESS
LOWEST: 57 ON 3 3 = THUNDER
SNOW, ICE PELLETS, HAIL 4 = ICE PELLETS
TOTAL MONTH: 0.0 INCH 5 = HAIL
GRTST 24HR 0.0 6 = FREEZING RAIN OR DRIZZLE
GRTST DEPTH: 0 7 = DUSTSTORM OR SANDSTORM:
VSBY 1/2 MILE OR LESS
8 = SMOKE OR HAZE
[NO. OF DAYS WITH] [WEATHER - DAYS WITH] 9 = BLOWING SNOW
X = TORNADO
MAX 32 OR BELOW: 0 0.01 INCH OR MORE: 8
MAX 90 OR ABOVE: 18 0.10 INCH OR MORE: 5
MIN 32 OR BELOW: 0 0.50 INCH OR MORE: 2
MIN 0 OR BELOW: 0 1.00 INCH OR MORE: 0
[HDD (BASE 65) ]
TOTAL THIS MO. 0 CLEAR (SCALE 0-3) 17
DPTR FM NORMAL 0 PTCLDY (SCALE 4-7) 10
TOTAL FM JUL 1 3160 CLOUDY (SCALE 8-10) 3
DPTR FM NORMAL 64
[CDD (BASE 65) ]
TOTAL THIS MO. 429
DPTR FM NORMAL 13 [PRESSURE DATA]
TOTAL FM JAN 1 594 HIGHEST SLP 30.13 ON 29
DPTR FM NORMAL -90 LOWEST SLP 29.69 ON 20
[REMARKS]
#FINAL-06-21#