000
CXUS54 KTSA 011100
CLMFSM
CLIMATE REPORT
NATIONAL WEATHER SERVICE TULSA OK
1000 AM CDT SAT JUL 01 2023
...................................
...THE FORT SMITH ARKANSAS CLIMATE SUMMARY FOR THE MONTH OF JUNE 2023...
CLIMATE NORMAL PERIOD 1991 TO 2020
CLIMATE RECORD PERIOD 1882 TO 2023
WEATHER OBSERVED NORMAL DEPART LAST YEAR`S
VALUE DATE(S) VALUE FROM VALUE DATE(S)
NORMAL
................................................................
TEMPERATURE (F)
RECORD
HIGH 106 06/28/2012
06/27/2012
LOW 47 06/01/1972
06/03/2009
HIGHEST 102 06/29 106 -4 100
LOWEST 64 06/13 47 17 60
AVG. MAXIMUM 91.5 89.4 2.1 90.9
AVG. MINIMUM 69.3 68.3 1.0 70.1
MEAN 80.4 78.8 1.6 80.5
DAYS MAX >= 90 23
DAYS MAX <= 32 0
DAYS MIN <= 32 0
DAYS MIN <= 0 0
PRECIPITATION (INCHES)
RECORD
MAXIMUM 15.02 1945
MINIMUM 0.38 1914
TOTALS 2.63 4.56 -1.93 11.02
DAILY AVG. 0.09 0.15 -0.06 0.37
DAYS >= .01 8 9.0 -1.0 5
DAYS >= .10 6 6.2 -0.2 4
DAYS >= .50 2 2.9 -0.9 4
DAYS >= 1.00 1 1.4 -0.4 4
GREATEST
24 HR. TOTAL 1.13 06/10 TO 06/10
DEGREE DAYS
COOLING TOTAL 472 416 56 472
SINCE 1/1 786 684 102 MM
................................................................
WIND (MPH)
AVERAGE WIND SPEED 5.1
HIGHEST WIND SPEED/DIRECTION 39/310 DATE 06/18
39/300 06/27
HIGHEST GUST SPEED/DIRECTION 52/310 DATE 06/18
52/310 06/27
SKY COVER
POSSIBLE SUNSHINE (PERCENT) MM
AVERAGE SKY COVER 0.15
NUMBER OF DAYS FAIR 27
NUMBER OF DAYS PC 3
NUMBER OF DAYS CLOUDY 0
AVERAGE RH (PERCENT) 67
WEATHER CONDITIONS. NUMBER OF DAYS WITH
THUNDERSTORM 10 MIXED PRECIP 0
HEAVY RAIN 4 RAIN 3
LIGHT RAIN 8 FREEZING RAIN 0
LT FREEZING RAIN 0 HAIL 0
HEAVY SNOW 0 SNOW 0
LIGHT SNOW 0 SLEET 0
FOG 10 FOG W/VIS <= 1/4 MILE 0
HAZE 4
- INDICATES NEGATIVE NUMBERS.
R INDICATES RECORD WAS SET OR TIED.
MM INDICATES DATA IS MISSING.
T INDICATES TRACE AMOUNT.
$$