000
CXUS54 KMAF 012209
CF6FST
PRELIMINARY LOCAL CLIMATOLOGICAL DATA (WS FORM: F-6)
STATION: FORT STOCKTON
MONTH: FEBRUARY
YEAR: 2022
LATITUDE: 30 55 N
LONGITUDE: 102 55 W
TEMPERATURE IN F: :PCPN: SNOW: WIND :SUNSHINE: SKY :PK WND
================================================================================
1 2 3 4 5 6A 6B 7 8 9 10 11 12 13 14 15 16 17 18
12Z AVG MX 2MIN
DY MAX MIN AVG DEP HDD CDD WTR SNW DPTH SPD SPD DIR MIN PSBL S-S WX SPD DR
================================================================================
1 73 45 59 9 6 0 0.00 M M 11.0 21 310 M M 0 26 290
2 53 23 38 -13 27 0 0.02 M M 10.3 20 40 M M 5 16 23 50
3 23 17 20 -31 45 0 T M M 12.5 20 320 M M 7 1 23 330
4 37 11 24 -27 41 0 T M M 6.3 15 320 M M 1 20 340
5 56 20 38 -13 27 0 0.00 M M 9.2 17 190 M M 0 22 200
6 57 27 42 -9 23 0 0.00 M M 10.1 26 290 M M 0 32 290
7 52 28 40 -12 25 0 0.00 M M 7.1 14 350 M M 0 19 360
8 66 31 49 -3 16 0 0.00 M M 9.2 17 310 M M 0 22 310
9 64 34 49 -3 16 0 0.00 M M 9.4 16 250 M M 0 20 250
10 65 32 49 -3 16 0 0.00 M M 9.4 15 300 M M 0 19 280
11 74 41 58 6 7 0 0.00 M M 14.0 24 310 M M 0 31 320
12 50 34 42 -10 23 0 0.00 M M 9.9 24 50 M M 3 28 40
13 64 30 47 -5 18 0 0.00 M M 7.8 14 220 M M 0 16 190
14 75 38 57 4 8 0 0.00 M M 10.8 20 150 M M 0 24 140
15 82 38 60 7 5 0 0.00 M M 16.2 28 160 M M 0 35 160
16 80 48 64 11 1 0 0.00 M M 16.2 35 310 M M 1 8 45 310
17 56 35 46 -7 19 0 0.00 M M 13.1 30 280 M M 2 8 41 290
18 62 25 44 -10 21 0 0.00 M M 6.2 16 150 M M 0 20 150
19 65 38 52 -2 13 0 0.00 M M 13.9 22 160 M M 0 29 140
20 80 42 61 7 4 0 0.00 M M 10.7 22 160 M M 0 27 160
21 82 51 67 13 0 2 0.01 M M 18.5 38 220 M M 3 8 50 230
22 80 44 62 8 3 0 0.00 M M 10.4 23 250 M M 0 8 28 250
23 45 24 35 -19 30 0 0.00 M M 10.4 22 70 M M 1 26 50
24 46 20 33 -22 32 0 0.00 M M 6.2 12 180 M M 3 17 350
25 56 27 42 -13 23 0 0.00 M M 13.6 24 110 M M 0 30 120
26 55 31 43 -12 22 0 0.00 M M 6.0 14 40 M M 0 20 150
27 57 27 42 -13 23 0 0.00 M M 5.6 10 70 M M 0 13 40
28 71 31 51 -5 14 0 0.00 M M 9.8 20 120 M M 0 25 80
================================================================================
SM 1726 892 508 2 0.03 M 293.8 M 26
================================================================================
AV 61.6 31.9 10.5 FASTST M M 1 MAX(MPH)
MISC ----> 38 220 50 230
================================================================================
NOTES:
# LAST OF SEVERAL OCCURRENCES
COLUMN 17 PEAK WIND IN M.P.H.
PRELIMINARY LOCAL CLIMATOLOGICAL DATA (WS FORM: F-6) , PAGE 2
STATION: FORT STOCKTON
MONTH: FEBRUARY
YEAR: 2022
LATITUDE: 30 55 N
LONGITUDE: 102 55 W
[TEMPERATURE DATA] [PRECIPITATION DATA] SYMBOLS USED IN COLUMN 16
AVERAGE MONTHLY: 46.8 TOTAL FOR MONTH: 0.03 1 = FOG OR MIST
DPTR FM NORMAL: -6.2 DPTR FM NORMAL: -0.41 2 = FOG REDUCING VISIBILITY
HIGHEST: 82 ON 21,15 GRTST 24HR 0.02 ON 2- 2 TO 1/4 MILE OR LESS
LOWEST: 11 ON 4 3 = THUNDER
SNOW, ICE PELLETS, HAIL 4 = ICE PELLETS
TOTAL MONTH: M 5 = HAIL
GRTST 24HR M ON M 6 = FREEZING RAIN OR DRIZZLE
GRTST DEPTH: M ON M 7 = DUSTSTORM OR SANDSTORM:
VSBY 1/2 MILE OR LESS
8 = SMOKE OR HAZE
[NO. OF DAYS WITH] [WEATHER - DAYS WITH] 9 = BLOWING SNOW
X = TORNADO
MAX 32 OR BELOW: 1 0.01 INCH OR MORE: 2
MAX 90 OR ABOVE: 0 0.10 INCH OR MORE: 0
MIN 32 OR BELOW: 16 0.50 INCH OR MORE: 0
MIN 0 OR BELOW: 0 1.00 INCH OR MORE: 0
[HDD (BASE 65) ]
TOTAL THIS MO. 508 CLEAR (SCALE 0-3) 25
DPTR FM NORMAL 161 PTCLDY (SCALE 4-7) 3
TOTAL FM JUL 1 1411 CLOUDY (SCALE 8-10) 0
DPTR FM NORMAL -286
[CDD (BASE 65) ]
TOTAL THIS MO. 2
DPTR FM NORMAL -6 [PRESSURE DATA]
TOTAL FM JAN 1 2 HIGHEST SLP 30.70 ON 4
DPTR FM NORMAL -3 LOWEST SLP 29.50 ON 16
[REMARKS]
#FINAL-02-22#