000
CXUS54 KMAF 012208
CF6FST
PRELIMINARY LOCAL CLIMATOLOGICAL DATA (WS FORM: F-6)
STATION: FORT STOCKTON
MONTH: FEBRUARY
YEAR: 2021
LATITUDE: 30 55 N
LONGITUDE: 102 55 W
TEMPERATURE IN F: :PCPN: SNOW: WIND :SUNSHINE: SKY :PK WND
================================================================================
1 2 3 4 5 6A 6B 7 8 9 10 11 12 13 14 15 16 17 18
12Z AVG MX 2MIN
DY MAX MIN AVG DEP HDD CDD WTR SNW DPTH SPD SPD DIR MIN PSBL S-S WX SPD DR
================================================================================
1 63 36 50 -1 15 0 0.00 M M 11.4 20 140 M M 0 23 120
2 77 41 59 8 6 0 0.00 M M 7.1 17 160 M M 0 23 160
3 85 54 70 19 0 5 0.00 M M 11.8 16 220 M M 0 20 220
4 76 48 62 11 3 0 0.00 M M 13.2 28 50 M M 0 36 320
5 72 35 54 3 11 0 0.00 M M 9.4 18 130 M M 0 22 130
6 65 44 55 4 10 0 0.00 M M 11.8 29 330 M M 0 39 340
7 79 39 59 8 6 0 0.00 M M 12.0 21 230 M M 0 25 270
8 79 48 64 12 1 0 0.00 M M 13.7 22 270 M M 0 28 270
9 79 51 65 13 0 0 0.00 M M 11.6 20 30 M M 0 24 20
10 63 31 47 -5 18 0 T M M 10.5 18 50 M M 4 12 21 40
11 35 26 31 -21 34 0 0.00 M M 7.0 13 10 M M 10 1 14 10
12 32 23 28 -24 37 0 0.00 M M 9.6 15 40 M M 10 12 17 40
13 25 21 23 -29 42 0 0.12 M M 8.9 18 100 M M 10 16 23 110
14 22 7 15 -37 50 0 T M M 11.9 22 30 M M 10 128 25 40
15 16 5 11 -42 54 0 T M M 5.4 7 60 M M 10 16 110
16 44 10 27 -26 38 0 0.00 M M 4.9 20 250 M M 9 26 240
17 44 25 35 -18 30 0 0.00 M M 9.9 17 250 M M 7 1 22 250
18 25 17 21 -32 44 0 0.02 M M 9.8 16 10 M M 8 1 19 10
19 54 16 35 -19 30 0 0.00 M M 7.3 16 230 M M 0 19 220
20 77 34 56 2 9 0 0.00 M M 11.9 23 160 M M 0 28 160
21 69 43 56 2 9 0 0.00 M M 14.2 28 330 M M 0 31 330
22 73 37 55 1 10 0 0.00 M M 9.3 16 230 M M 0 19 200
23 84 35 60 6 5 0 0.00 M M 10.6 23 200 M M 0 29 230
24 68 49 59 5 6 0 0.00 M M 9.9 21 10 M M 0 27 360
25 55 39 47 -8 18 0 0.00 M M 6.3 15 70 M M 3 17 70
26 70 31 51 -4 14 0 0.00 M M 5.0 16 170 M M 0 22 140
27 81 51 66 11 0 1 0.00 M M 6.3 15 110 M M 0 18 180
28 69 48 59 4 6 0 T M M 10.1 23 80 M M 2 29 90
================================================================================
SM 1681 944 506 6 0.14 M 270.8 M 83
================================================================================
AV 60.0 33.7 9.7 FASTST M M 3 MAX(MPH)
MISC ----> 29 330 39 340
================================================================================
NOTES:
# LAST OF SEVERAL OCCURRENCES
COLUMN 17 PEAK WIND IN M.P.H.
PRELIMINARY LOCAL CLIMATOLOGICAL DATA (WS FORM: F-6) , PAGE 2
STATION: FORT STOCKTON
MONTH: FEBRUARY
YEAR: 2021
LATITUDE: 30 55 N
LONGITUDE: 102 55 W
[TEMPERATURE DATA] [PRECIPITATION DATA] SYMBOLS USED IN COLUMN 16
AVERAGE MONTHLY: 46.9 TOTAL FOR MONTH: 0.14 1 = FOG OR MIST
DPTR FM NORMAL: -5.8 DPTR FM NORMAL: -0.50 2 = FOG REDUCING VISIBILITY
HIGHEST: 85 ON 3 GRTST 24HR 0.12 ON 13-13 TO 1/4 MILE OR LESS
LOWEST: 5 ON 15 3 = THUNDER
SNOW, ICE PELLETS, HAIL 4 = ICE PELLETS
TOTAL MONTH: M 5 = HAIL
GRTST 24HR M ON M 6 = FREEZING RAIN OR DRIZZLE
GRTST DEPTH: M ON M 7 = DUSTSTORM OR SANDSTORM:
VSBY 1/2 MILE OR LESS
8 = SMOKE OR HAZE
[NO. OF DAYS WITH] [WEATHER - DAYS WITH] 9 = BLOWING SNOW
X = TORNADO
MAX 32 OR BELOW: 5 0.01 INCH OR MORE: 2
MAX 90 OR ABOVE: 0 0.10 INCH OR MORE: 1
MIN 32 OR BELOW: 11 0.50 INCH OR MORE: 0
MIN 0 OR BELOW: 0 1.00 INCH OR MORE: 0
[HDD (BASE 65) ]
TOTAL THIS MO. 506 CLEAR (SCALE 0-3) 18
DPTR FM NORMAL 155 PTCLDY (SCALE 4-7) 4
TOTAL FM JUL 1 1846 CLOUDY (SCALE 8-10) 6
DPTR FM NORMAL 189
[CDD (BASE 65) ]
TOTAL THIS MO. 6
DPTR FM NORMAL -2 [PRESSURE DATA]
TOTAL FM JAN 1 6 HIGHEST SLP 30.55 ON 18
DPTR FM NORMAL 0 LOWEST SLP 29.63 ON 27
[REMARKS]
#FINAL-02-21#